388
CXHW51 PHFO 211250
CF6LIH
PRELIMINARY LOCAL CLIMATOLOGICAL DATA (WS FORM: F-6)

                                          STATION:   LIHUE HI
                                          MONTH:     NOVEMBER
                                          YEAR:      2017
                                          LATITUDE:   21 58 N
                                          LONGITUDE: 159 21 W

  TEMPERATURE IN F:       :PCPN:    SNOW:  WIND      :SUNSHINE: SKY     :PK WND
================================================================================
1   2   3   4   5  6A  6B    7    8   9   10  11  12  13   14  15   16   17  18
                                     12Z  AVG MX 2MIN
DY MAX MIN AVG DEP HDD CDD  WTR  SNW DPTH SPD SPD DIR MIN PSBL S-S WX    SPD DR
================================================================================

 1  80  75  78   1   0  13 0.10  0.0    M  7.3 17 160   M    M   M        22 160
 2  84  72  78   1   0  13 0.00  0.0    M  5.8  9  20   M    M   M 8      12  20
 3  84  75  80   3   0  15 0.00  0.0    M 11.9 20  40   M    M   M        23  50
 4  84  76  80   3   0  15 0.05  0.0    M 14.8 26  50   M    M   M 18     32  50
 5  83  75  79   2   0  14 0.04  0.0    M 15.7 23  70   M    M   M 18     28  60
 6  83  77  80   3   0  15 0.00  0.0    M 13.4 20  80   M    M   M        24  90
 7  82  72  77   0   0  12 0.35  0.0    M 11.4 22  80   M    M   M 1X     27  80
 8  82  76  79   3   0  14 0.00  0.0    M 12.1 16  70   M    M   M        19  70
 9  83  71  77   1   0  12 0.02  0.0    M 10.4 24  80   M    M   M 1      27  80
10  82  74  78   2   0  13 0.02  0.0    M 12.7 22  80   M    M   M 18     27  80
11  83  71  77   1   0  12 0.07  0.0    M 11.5 21  60   M    M   M 1      28  50
12  83  74  79   3   0  14 0.01  0.0    M 10.9 18  70   M    M   M        21  70
13  82  73  78   2   0  13 0.01  0.0    M 13.7 18  40   M    M   M 8      22  50
14  83  72  78   2   0  13 0.08  0.0    M 17.1 28  90   M    M   M 1      36  50
15  81  74  78   2   0  13    T  0.0    M 22.1 29  50   M    M   M        37  60
16  80  72  76   0   0  11    T  0.0    M 19.2 25  40   M    M   M        32  60
17  80  66  73  -3   0   8 0.03  0.0    M  9.2 18  50   M    M   M 1      24  50
18  78  62  70  -6   0   5 0.02  0.0    M  7.8 21  10   M    M   M 1      25 360
19  77  62  70  -6   0   5    T  0.0    M  9.9 24 360   M    M   M        31 360
20  77  61  69  -6   0   4 0.01  0.0    M 10.5 22 350   M    M   M        28 340
================================================================================
SM 1631 1430         0 234  0.81     0.0 247.4          M        M
================================================================================
AV 81.6 71.5                              12.4 FASTST   M    M -nan   MAX(MPH)
                                 MISC ---->  # 29  50               # 37   60
================================================================================
NOTES:
# LAST OF SEVERAL OCCURRENCES

COLUMN 17 PEAK WIND IN M.P.H.

PRELIMINARY LOCAL CLIMATOLOGICAL DATA (WS FORM: F-6) , PAGE 2

                                          STATION:  LIHUE HI
                                          MONTH:    NOVEMBER
                                          YEAR:     2017
                                          LATITUDE:   21 58 N
                                          LONGITUDE: 159 21 W

[TEMPERATURE DATA]      [PRECIPITATION DATA]       SYMBOLS USED IN COLUMN 16

AVERAGE MONTHLY: 76.5   TOTAL FOR MONTH:   0.81    1 = FOG OR MIST
DPTR FM NORMAL:   0.2   DPTR FM NORMAL:   -2.20    2 = FOG REDUCING VISIBILITY
HIGHEST:    84 ON  4, 3 GRTST 24HR  0.62 ON 31- 1      TO 1/4 MILE OR LESS
LOWEST:     61 ON 20                               3 = THUNDER
                        SNOW, ICE PELLETS, HAIL    4 = ICE PELLETS
                        TOTAL MONTH:   0.0 INCH    5 = HAIL
                        GRTST 24HR     0.0         6 = FREEZING RAIN OR DRIZZLE
                        GRTST DEPTH:  M  ON   M    7 = DUSTSTORM OR SANDSTORM:
                                                       VSBY 1/2 MILE OR LESS
                                                   8 = SMOKE OR HAZE
[NO. OF DAYS WITH]      [WEATHER - DAYS WITH]      9 = BLOWING SNOW
                                                   X = TORNADO
MAX 32 OR BELOW:   0    0.01 INCH OR MORE:  13
MAX 90 OR ABOVE:   0    0.10 INCH OR MORE:   2
MIN 32 OR BELOW:   0    0.50 INCH OR MORE:   0
MIN  0 OR BELOW:   0    1.00 INCH OR MORE:   0

[HDD (BASE 65) ]
TOTAL THIS MO.     0    CLEAR  (SCALE 0-3)   0
DPTR FM NORMAL     0    PTCLDY (SCALE 4-7)   0
TOTAL FM JUL 1     0    CLOUDY (SCALE 8-10)  0
DPTR FM NORMAL     0

[CDD (BASE 65) ]
TOTAL THIS MO.   234
DPTR FM NORMAL     8    [PRESSURE DATA]
TOTAL FM JAN 1  4013    HIGHEST SLP M ON M
DPTR FM NORMAL   420    LOWEST  SLP 29.85 ON 18

[REMARKS]
