000
CXHW51 PHFO 252327
CF6LIH
PRELIMINARY LOCAL CLIMATOLOGICAL DATA (WS FORM: F-6)

                                          STATION:   LIHUE HI
                                          MONTH:     JULY
                                          YEAR:      2017
                                          LATITUDE:   21 58 N
                                          LONGITUDE: 159 21 W

  TEMPERATURE IN F:       :PCPN:    SNOW:  WIND      :SUNSHINE: SKY     :PK WND
================================================================================
1   2   3   4   5  6A  6B    7    8   9   10  11  12  13   14  15   16   17  18
                                     12Z  AVG MX 2MIN
DY MAX MIN AVG DEP HDD CDD  WTR  SNW DPTH SPD SPD DIR MIN PSBL S-S WX    SPD DR
================================================================================

 1  87  75  81   2   0  16 0.01  0.0    M 17.2 23  50   M    M   M        28  30
 2  84  76  80   1   0  15 0.02  0.0    M 14.3 21  40   M    M   M 8      25  40
 3  84  73  79   0   0  14 0.04  0.0    M 16.1 23  40   M    M   M 18     27  40
 4  85  75  80   1   0  15 0.02  0.0    M 15.1 22  50   M    M   M        25  60
 5  84  76  80   1   0  15 0.00  0.0    M 13.2 18  40   M    M   M        22  40
 6  85  75  80   1   0  15    T  0.0    M 15.4 20  40   M    M   M        22  40
 7  85  74  80   1   0  15 0.05  0.0    M 12.2 21  50   M    M   M 1      27  30
 8  84  72  78  -1   0  13 0.01  0.0    M 10.6 16  50   M    M   M 1      23  10
 9  84  74  79   0   0  14 0.01  0.0    M 12.6 17  60   M    M   M        21  60
10  84  74  79   0   0  14    T  0.0    M 13.1 24  90   M    M   M        28  90
11  84  70  77  -2   0  12    T  0.0    M  9.1 20  40   M    M   M        22  40
12  86  75  81   2   0  16 0.05  0.0    M 12.9 22  40   M    M   M 1      29  30
13   M   M   M   M   M   M    M    M    M   M   M   M   M    M   M         M  M
14   M   M   M   M   M   M    M    M    M   M   M   M   M    M   M         M  M
15  88  78  83   4   0  18    T  0.0    M 15.8 21  40   M    M   M        24  50
16  88  78  83   4   0  18    T  0.0    M 17.6 23  40   M    M   M        27  40
17  87  75  81   2   0  16 0.05  0.0    M 18.0 26  60   M    M   M 18     33  40
18   M   M   M   M   M   M    M    M    M   M   M   M   M    M   M 18      M  M
19  88  75  82   3   0  17 0.10  0.0    M 15.1 28  80   M    M   M 1      34  80
20  88  79  84   5   0  19    T  0.0    M 15.3 24  80   M    M   M        28  80
21  87  75  81   2   0  16 0.12  0.0    M 15.2 26  40   M    M   M 1      32  40
22  87  78  83   4   0  18    T  0.0    M 14.3 20  90   M    M   M        22  90
23  88  79  84   5   0  19    T  0.0    M 14.6 18  40   M    M   M        22  30
24  82  76  79   0   0  14 0.36  0.0    M  9.8 25  40   M    M   M 18     32  40
================================================================================
SM 1799 1582         0 329  0.84     0.0 297.5          M        M
================================================================================
AV 85.7 75.3                              14.2 FASTST   M    M -nan   MAX(MPH)
                                 MISC ---->  # 28  80               # 34   80
================================================================================
NOTES:
# LAST OF SEVERAL OCCURRENCES

COLUMN 17 PEAK WIND IN M.P.H.

PRELIMINARY LOCAL CLIMATOLOGICAL DATA (WS FORM: F-6) , PAGE 2

                                          STATION:  LIHUE HI
                                          MONTH:    JULY
                                          YEAR:     2017
                                          LATITUDE:   21 58 N
                                          LONGITUDE: 159 21 W

[TEMPERATURE DATA]      [PRECIPITATION DATA]       SYMBOLS USED IN COLUMN 16

AVERAGE MONTHLY: 80.5   TOTAL FOR MONTH:   0.84    1 = FOG OR MIST
DPTR FM NORMAL:   1.5   DPTR FM NORMAL:   -0.55    2 = FOG REDUCING VISIBILITY
HIGHEST:    88 ON 23,20 GRTST 24HR  0.36 ON 24-24      TO 1/4 MILE OR LESS
LOWEST:     70 ON 11                               3 = THUNDER
                        SNOW, ICE PELLETS, HAIL    4 = ICE PELLETS
                        TOTAL MONTH:   0.0 INCH    5 = HAIL
                        GRTST 24HR     0.0         6 = FREEZING RAIN OR DRIZZLE
                        GRTST DEPTH:  M  ON   M    7 = DUSTSTORM OR SANDSTORM:
                                                       VSBY 1/2 MILE OR LESS
                                                   8 = SMOKE OR HAZE
[NO. OF DAYS WITH]      [WEATHER - DAYS WITH]      9 = BLOWING SNOW
                                                   X = TORNADO
MAX 32 OR BELOW:   0    0.01 INCH OR MORE:  12
MAX 90 OR ABOVE:   0    0.10 INCH OR MORE:   3
MIN 32 OR BELOW:   0    0.50 INCH OR MORE:   0
MIN  0 OR BELOW:   0    1.00 INCH OR MORE:   0

[HDD (BASE 65) ]
TOTAL THIS MO.     0    CLEAR  (SCALE 0-3)   0
DPTR FM NORMAL     0    PTCLDY (SCALE 4-7)   0
TOTAL FM JUL 1     0    CLOUDY (SCALE 8-10)  0
DPTR FM NORMAL     0

[CDD (BASE 65) ]
TOTAL THIS MO.   329
DPTR FM NORMAL    -7    [PRESSURE DATA]
TOTAL FM JAN 1  2195    HIGHEST SLP M ON M
DPTR FM NORMAL   226    LOWEST  SLP 29.93 ON M

[REMARKS]
