000
CXUS54 KLZK 301330
CF6LIT
PRELIMINARY LOCAL CLIMATOLOGICAL DATA (WS FORM: F-6)

                                          STATION:   Little Rock Adams Field
                                          MONTH:     AUGUST
                                          YEAR:      2014
                                          LATITUDE:   34 43 N
                                          LONGITUDE:  92 14 W

  TEMPERATURE IN F:       :PCPN:    SNOW:  WIND      :SUNSHINE: SKY     :PK WND
================================================================================
1   2   3   4   5  6A  6B    7    8   9   10  11  12  13   14  15   16   17  18
                                     12Z  AVG MX 2MIN
DY MAX MIN AVG DEP HDD CDD  WTR  SNW DPTH SPD SPD DIR MIN PSBL S-S WX    SPD DR
================================================================================

 1  82  69  76  -7   0  11 0.00  0.0    0  4.7 13 160   M    M  10        16  60
 2  88  70  79  -4   0  14 0.00  0.0    0  6.9 14  80   M    M   5 1      18  10
 3  89  70  80  -3   0  15 0.00  0.0    0  5.9 13  20   M    M   4        17  70
 4  90  66  78  -5   0  13 0.00  0.0    0  4.3 10  70   M    M   2        23 330
 5  94  66  80  -3   0  15 0.00  0.0    0  3.1 10 340   M    M   3 18     13 330
 6  94  72  83   0   0  18 0.00  0.0    0  5.6 12 200   M    M   4 18     15 160
 7  90  74  82  -1   0  17 0.03  0.0    0  5.8 21 310   M    M   6 1      28 320
 8  91  75  83   0   0  18 0.06  0.0    0  5.7 15 300   M    M   8 138    20 300
 9  89  72  81  -2   0  16 0.96  0.0    0  6.1 25 290   M    M   8 138    32 300
10  90  72  81  -2   0  16 0.04  0.0    0  4.7 16 300   M    M   6        22 310
11  90  77  84   1   0  19 0.16  0.0    0  7.3 16 320   M    M   5 3      21 320
12  87  70  79  -4   0  14 0.00  0.0    0  7.8 15 330   M    M   3        23 320
13  86  66  76  -7   0  11 0.00  0.0    0  4.4 10 160   M    M   2        13  80
14  87  65  76  -7   0  11 0.00  0.0    0  3.0 10 150   M    M   3        15 150
15  88  68  78  -5   0  13 0.00  0.0    0  4.3 10 170   M    M   4        15 140
16  93  67  80  -3   0  15 0.00  0.0    0  6.6 18 210   M    M   5        25 210
17  95  78  87   4   0  22 0.00  0.0    0  7.4 23 310   M    M   6 3      33 320
18  90  72  81  -2   0  16 0.58  0.0    0  8.1 32  40   M    M   6 13     44  30
19  94  69  82  -1   0  17 0.00  0.0    0  6.0 15 220   M    M   4        24 210
20  93  75  84   2   0  19 0.00  0.0    0  7.1 15 200   M    M   1        18 220
21  92  73  83   1   0  18 0.00  0.0    0  9.0 16 210   M    M   2        21 220
22  95  76  86   4   0  21 0.00  0.0    0  6.6 13 190   M    M   1        17 220
23  96  76  86   4   0  21    T  0.0    0  5.4 14 230   M    M   1        18 220
24  97  75  86   4   0  21 0.00  0.0    0  3.1 12 150   M    M   2        15 150
25  97  77  87   5   0  22 0.18  0.0    0  2.8 31  70   M    M   6 13     37  70
26  94  76  85   3   0  20 0.00  0.0    0  2.9 13 110   M    M   4 1      24 210
27  92  76  84   3   0  19 0.00  0.0    0  2.4 12 110   M    M   5 8      15 140
28  92  72  82   1   0  17 0.00  0.0    0  3.9 12 130   M    M   3        16 120
29  92  72  82   1   0  17    T  0.0    0  5.2 25 180   M    M   6        31 170
================================================================================
SM 2647 2086         0 486  2.01     0.0 156.1          M      125
================================================================================
AV 91.3 71.9                               5.4 FASTST   M    M   4    MAX(MPH)
                                 MISC ---->  # 32  40               # 44   30
================================================================================
NOTES:
# LAST OF SEVERAL OCCURRENCES

COLUMN 17 PEAK WIND IN M.P.H.

PRELIMINARY LOCAL CLIMATOLOGICAL DATA (WS FORM: F-6) , PAGE 2

                                          STATION:  Little Rock Adams Field
                                          MONTH:    AUGUST
                                          YEAR:     2014
                                          LATITUDE:   34 43 N
                                          LONGITUDE:  92 14 W

[TEMPERATURE DATA]      [PRECIPITATION DATA]       SYMBOLS USED IN COLUMN 16

AVERAGE MONTHLY: 81.6   TOTAL FOR MONTH:   2.01    1 = FOG OR MIST
DPTR FM NORMAL:  -0.9   DPTR FM NORMAL:   -0.40    2 = FOG REDUCING VISIBILITY
HIGHEST:    97 ON 25,24 GRTST 24HR  1.00 ON  9-10      TO 1/4 MILE OR LESS
LOWEST:     65 ON 14                               3 = THUNDER
                        SNOW, ICE PELLETS, HAIL    4 = ICE PELLETS
                        TOTAL MONTH:   0.0 INCH    5 = HAIL
                        GRTST 24HR     0.0         6 = FREEZING RAIN OR DRIZZLE
                        GRTST DEPTH:   0           7 = DUSTSTORM OR SANDSTORM:
                                                       VSBY 1/2 MILE OR LESS
                                                   8 = SMOKE OR HAZE
[NO. OF DAYS WITH]      [WEATHER - DAYS WITH]      9 = BLOWING SNOW
                                                   X = TORNADO
MAX 32 OR BELOW:   0    0.01 INCH OR MORE:   7
MAX 90 OR ABOVE:  21    0.10 INCH OR MORE:   4
MIN 32 OR BELOW:   0    0.50 INCH OR MORE:   2
MIN  0 OR BELOW:   0    1.00 INCH OR MORE:   0

[HDD (BASE 65) ]
TOTAL THIS MO.     0    CLEAR  (SCALE 0-3)   9
DPTR FM NORMAL     0    PTCLDY (SCALE 4-7)  18
TOTAL FM JUL 1     0    CLOUDY (SCALE 8-10)  2
DPTR FM NORMAL     0

[CDD (BASE 65) ]
TOTAL THIS MO.   486
DPTR FM NORMAL   -23    [PRESSURE DATA]
TOTAL FM JAN 1  1579    HIGHEST SLP M ON M
DPTR FM NORMAL  -189    LOWEST  SLP 29.82 ON 18

[REMARKS]
