051
CXUS54 KLZK 211130
CF6LLQ
PRELIMINARY LOCAL CLIMATOLOGICAL DATA (WS FORM: F-6)

                                          STATION:   Monticello
                                          MONTH:     AUGUST
                                          YEAR:      2017
                                          LATITUDE:   33 37 N
                                          LONGITUDE:  91 45 W

  TEMPERATURE IN F:       :PCPN:    SNOW:  WIND      :SUNSHINE: SKY     :PK WND
================================================================================
1   2   3   4   5  6A  6B    7    8   9   10  11  12  13   14  15   16   17  18
                                     12Z  AVG MX 2MIN
DY MAX MIN AVG DEP HDD CDD  WTR  SNW DPTH SPD SPD DIR MIN PSBL S-S WX    SPD DR
================================================================================

 1  88  71  80  -2   0  15    T  0.0    0  2.3  9 190   M    M   2        12 200
 2  85  72  79  -3   0  14 0.10  0.0    0  2.7 10  60   M    M   6 1      13  60
 3  90  69  80  -2   0  15 0.00  0.0    0  1.4  9 170   M    M   2 1      12 120
 4  92  72  82   0   0  17 0.00  0.0    0  3.2 14 200   M    M   1        20 200
 5  91  69  80  -2   0  15 0.00  0.0    0  4.3 10 160   M    M   1        17 170
 6  85  74  80  -2   0  15 0.03  0.0    0  5.1 16 270   M    M   5 1      23 250
 7  82  74  78  -4   0  13 2.67  0.0    0  2.9 14  80   M    M   9 13     17  80
 8  84  72  78  -4   0  13 0.12  0.0    0  4.8 13  50   M    M   7 1      17  50
 9  88  71  80  -2   0  15 0.02  0.0    0  2.7  9 110   M    M   8 1      12  40
10  87  75  81  -1   0  16 0.07  0.0    0  1.5 10 100   M    M   6 1      14 120
11  90  73  82   0   0  17 0.86  0.0    0  2.3 24 290   M    M   4 13     34 310
12  90  74  82   0   0  17 0.00  0.0    0  2.5  9  50   M    M   5 12     13  40
13  84  72  78  -4   0  13 0.71  0.0    0  3.9  9  60   M    M   8 13     10 280
14  88  73  81  -1   0  16 2.55  0.0    0  4.0 14 230   M    M   5 13     23 230
15  92  76  84   2   0  19 0.00  0.0    0  6.2 15 260   M    M   2        21 260
16  93  76  85   3   0  20 0.00  0.0    0  7.4 13 220   M    M   4        18 210
17  86  76  81  -1   0  16 0.10  0.0    0  7.5 17 230   M    M   4        27 200
18  93  74  84   2   0  19 0.14  0.0    0  3.1 21 150   M    M   4 3      26 140
19  95  73  84   2   0  19 0.00  0.0    0  3.5 10 250   M    M   1 3      18 360
20  96  76  86   5   0  21 0.00  0.0    0  3.2  9 140   M    M   1        12 240
================================================================================
SM 1779 1462         0 325  7.37     0.0  74.5          M       85
================================================================================
AV 89.0 73.1                               3.7 FASTST   M    M   4    MAX(MPH)
                                 MISC ---->  # 24 290               # 34  310
================================================================================
NOTES:
# LAST OF SEVERAL OCCURRENCES

COLUMN 17 PEAK WIND IN M.P.H.

PRELIMINARY LOCAL CLIMATOLOGICAL DATA (WS FORM: F-6) , PAGE 2

                                          STATION:  Monticello
                                          MONTH:    AUGUST
                                          YEAR:     2017
                                          LATITUDE:   33 37 N
                                          LONGITUDE:  91 45 W

[TEMPERATURE DATA]      [PRECIPITATION DATA]       SYMBOLS USED IN COLUMN 16

AVERAGE MONTHLY: 81.0   TOTAL FOR MONTH:   7.37    1 = FOG OR MIST
DPTR FM NORMAL:  -0.9   DPTR FM NORMAL:    5.42    2 = FOG REDUCING VISIBILITY
HIGHEST:    96 ON 20    GRTST 24HR  2.67 ON  7- 7      TO 1/4 MILE OR LESS
LOWEST:     69 ON  5, 3                            3 = THUNDER
                        SNOW, ICE PELLETS, HAIL    4 = ICE PELLETS
                        TOTAL MONTH:   0.0 INCH    5 = HAIL
                        GRTST 24HR     0.0         6 = FREEZING RAIN OR DRIZZLE
                        GRTST DEPTH:   0           7 = DUSTSTORM OR SANDSTORM:
                                                       VSBY 1/2 MILE OR LESS
                                                   8 = SMOKE OR HAZE
[NO. OF DAYS WITH]      [WEATHER - DAYS WITH]      9 = BLOWING SNOW
                                                   X = TORNADO
MAX 32 OR BELOW:   0    0.01 INCH OR MORE:  11
MAX 90 OR ABOVE:  10    0.10 INCH OR MORE:   8
MIN 32 OR BELOW:   0    0.50 INCH OR MORE:   4
MIN  0 OR BELOW:   0    1.00 INCH OR MORE:   2

[HDD (BASE 65) ]
TOTAL THIS MO.     0    CLEAR  (SCALE 0-3)   7
DPTR FM NORMAL     0    PTCLDY (SCALE 4-7)  12
TOTAL FM JUL 1     0    CLOUDY (SCALE 8-10)  1
DPTR FM NORMAL     0

[CDD (BASE 65) ]
TOTAL THIS MO.   325
DPTR FM NORMAL   -13    [PRESSURE DATA]
TOTAL FM JAN 1  1689    HIGHEST SLP 30.00 ON M
DPTR FM NORMAL    79    LOWEST  SLP 29.84 ON 15

[REMARKS]
ALL SNOWFALL DATA IS FROM THE UNIVERSITY OF ARKANSAS AT MONTICELLO COOPERATIVE OBSERVER SITE
