000
CXUS56 KMFR 221000
CF6LMT
PRELIMINARY LOCAL CLIMATOLOGICAL DATA (WS FORM: F-6)

                                          STATION:   KLAMATH FALLS OR
                                          MONTH:     OCTOBER
                                          YEAR:      2014
                                          LATITUDE:   42  9 N
                                          LONGITUDE: 121 44 W

  TEMPERATURE IN F:       :PCPN:    SNOW:  WIND      :SUNSHINE: SKY     :PK WND
================================================================================
1   2   3   4   5  6A  6B    7    8   9   10  11  12  13   14  15   16   17  18
                                     12Z  AVG MX 2MIN
DY MAX MIN AVG DEP HDD CDD  WTR  SNW DPTH SPD SPD DIR MIN PSBL S-S WX    SPD DR
================================================================================

 1  65  30  48  -5  17   0 0.00    M    M  2.7 10  80   M    M   0        13  90
 2  74  30  52   0  13   0 0.00    M    M  2.1  9 320   M    M   0        13  60
 3  79  36  58   6   7   0 0.00    M    M  3.0 10 330   M    M   0        16 150
 4  81  36  59   7   6   0 0.00    M    M  3.5 12 320   M    M   0        15 330
 5  82  34  58   7   7   0 0.00    M    M  1.4  7 330   M    M   0 8       8 330
 6  83  34  59   8   6   0 0.00    M    M  1.3  7 200   M    M   0         8 130
 7  82  35  59   9   6   0 0.00    M    M  2.4 14 270   M    M   0        19 250
 8  75  33  54   4  11   0 0.00    M    M  4.2 17 340   M    M   0        23 250
 9  73  33  53   3  12   0    T    M    M  2.3 10 320   M    M   0 8      14 300
10  73  31  52   3  13   0 0.00    M    M  3.5 20 320   M    M   0 1      23 320
11  69  37  53   4  12   0 0.00    M    M  5.9 22 330   M    M   2        26 330
12  65  27  46  -3  19   0 0.00    M    M  1.7  8 160   M    M   0 1      11 170
13  81  29  55   7  10   0 0.00    M    M  7.9 24 180   M    M   0        30 180
14  67  48  58  10   7   0 0.08    M    M 17.4 39 190   M    M   3        55 190
15  54  35  45  -2  20   0 0.40    M    M  8.7 24 280   M    M   6 1      30 250
16  61  36  49   2  16   0 0.00    M    M  4.8 13 170   M    M   3        15 140
17  56  46  51   4  14   0 0.00    M    M  8.5 16 180   M    M   4        20 170
18  67  39  53   7  12   0 0.00    M    M  2.4  8 150   M    M   3        10 150
19  68  34  51   5  14   0 0.00    M    M 10.5 25 180   M    M   0        30 180
20  56  38  47   1  18   0 0.19    M    M 11.7 24 260   M    M   7        29 250
21  53  33  43  -2  22   0 0.00    M    M  3.8 10 230   M    M   5 8      14 140
================================================================================
SM 1464  734       262   0  0.67    M    109.7          M       33
================================================================================
AV 69.7 35.0                               5.2 FASTST   M    M   2    MAX(MPH)
                                 MISC ---->  # 39 190               # 55  190
================================================================================
NOTES:
# LAST OF SEVERAL OCCURRENCES

COLUMN 17 PEAK WIND IN M.P.H.

PRELIMINARY LOCAL CLIMATOLOGICAL DATA (WS FORM: F-6) , PAGE 2

                                          STATION:  KLAMATH FALLS OR
                                          MONTH:    OCTOBER
                                          YEAR:     2014
                                          LATITUDE:   42  9 N
                                          LONGITUDE: 121 44 W

[TEMPERATURE DATA]      [PRECIPITATION DATA]       SYMBOLS USED IN COLUMN 16

AVERAGE MONTHLY: 52.3   TOTAL FOR MONTH:   0.67    1 = FOG OR MIST
DPTR FM NORMAL:   3.4   DPTR FM NORMAL:    0.22    2 = FOG REDUCING VISIBILITY
HIGHEST:    83 ON  6    GRTST 24HR  0.48 ON 14-15      TO 1/4 MILE OR LESS
LOWEST:     27 ON 12                               3 = THUNDER
                        SNOW, ICE PELLETS, HAIL    4 = ICE PELLETS
                        TOTAL MONTH:    M          5 = HAIL
                        GRTST 24HR    M  ON   M    6 = FREEZING RAIN OR DRIZZLE
                        GRTST DEPTH:  M  ON   M    7 = DUSTSTORM OR SANDSTORM:
                                                       VSBY 1/2 MILE OR LESS
                                                   8 = SMOKE OR HAZE
[NO. OF DAYS WITH]      [WEATHER - DAYS WITH]      9 = BLOWING SNOW
                                                   X = TORNADO
MAX 32 OR BELOW:   0    0.01 INCH OR MORE:   3
MAX 90 OR ABOVE:   0    0.10 INCH OR MORE:   2
MIN 32 OR BELOW:   5    0.50 INCH OR MORE:   0
MIN  0 OR BELOW:   0    1.00 INCH OR MORE:   0

[HDD (BASE 65) ]
TOTAL THIS MO.   262    CLEAR  (SCALE 0-3)  16
DPTR FM NORMAL   -77    PTCLDY (SCALE 4-7)   5
TOTAL FM JUL 1   438    CLOUDY (SCALE 8-10)  0
DPTR FM NORMAL  -257

[CDD (BASE 65) ]
TOTAL THIS MO.     0
DPTR FM NORMAL     0    [PRESSURE DATA]
TOTAL FM JAN 1   327    HIGHEST SLP M ON M
DPTR FM NORMAL   158    LOWEST  SLP  0.00 ON 14

[REMARKS]
