000
CXUS53 KOAX 231000
CF6LNK
PRELIMINARY LOCAL CLIMATOLOGICAL DATA (WS FORM: F-6)

                                          STATION:   LINCOLN, NEBRASKA
                                          MONTH:     APRIL
                                          YEAR:      2017
                                          LATITUDE:   40 50 N
                                          LONGITUDE:  96 45 W

  TEMPERATURE IN F:       :PCPN:    SNOW:  WIND      :SUNSHINE: SKY     :PK WND
================================================================================
1   2   3   4   5  6A  6B    7    8   9   10  11  12  13   14  15   16   17  18
                                     12Z  AVG MX 2MIN
DY MAX MIN AVG DEP HDD CDD  WTR  SNW DPTH SPD SPD DIR MIN PSBL S-S WX    SPD DR
================================================================================

 1  48  38  43  -3  22   0 0.07  0.0    0  6.1 15  70   M    M   8 1      20  80
 2  54  43  49   2  16   0 0.03  0.0    0  3.8 12 150   M    M  10 18     14 150
 3  67  47  57  10   8   0    T  0.0    0 10.8 23 320   M    M   9 18     30 320
 4  60  45  53   6  12   0    T  0.0    0 13.7 21  60   M    M   7 1      26  10
 5  63  38  51   3  14   0 0.04  0.0    0 13.9 32 350   M    M   5        40 340
 6  60  31  46  -2  19   0 0.00  0.0    0  9.9 24 340   M    M   0        30 340
 7  68  25  47  -1  18   0 0.00  0.0    0 11.4 26 180   M    M   0 8      32 180
 8  79  44  62  13   3   0 0.00  0.0    0 10.8 21 180   M    M   0 8      26 170
 9  81  52  67  18   0   2    T  0.0    0 10.0 37 310   M    M   0 13     49 320
10  56  36  46  -4  19   0    T  0.0    0 14.1 26 310   M    M   5 1      32 320
11  67  26  47  -3  18   0 0.00  0.0    0  6.0 14 170   M    M   1        18 170
12  72  44  58   8   7   0 0.03  0.0    0 10.3 28 170   M    M   5 138    33 170
13  77  45  61  10   4   0 0.00  0.0    0  5.1 15 190   M    M   2 128    18 190
14  75  58  67  16   0   2 0.39  0.0    0 16.2 30 180   M    M   6 13     36 180
15  81  59  70  19   0   5 0.02  0.0    0 11.4 25 340   M    M   7 3      30 350
16  71  44  58   6   7   0 0.00  0.0    0  8.1 18  70   M    M   0        22 360
17  75  41  58   6   7   0 0.00  0.0    0  6.0 16 170   M    M   2        22 140
18  74  58  66  14   0   1 0.09  0.0    0 10.8 21 180   M    M   6 13     26 170
19  83  50  67  14   0   2 0.94  0.0    0 13.1 28 190   M    M   9 13     38 180
20  67  45  56   3   9   0 0.01  0.0    0 13.0 26 340   M    M   2        34 320
21  57  43  50  -4  15   0 0.00  0.0    0 10.5 22  30   M    M   1        26  20
22  67  39  53  -1  12   0 0.00  0.0    0  8.1 20 360   M    M   0        25  20
================================================================================
SM 1502  951       210  12  1.62     0.0 223.1          M       85
================================================================================
AV 68.3 43.2                              10.1 FASTST   M    M   4    MAX(MPH)
                                 MISC ---->  # 37 310               # 49  320
================================================================================
NOTES:
# LAST OF SEVERAL OCCURRENCES

COLUMN 17 PEAK WIND IN M.P.H.

PRELIMINARY LOCAL CLIMATOLOGICAL DATA (WS FORM: F-6) , PAGE 2

                                          STATION:  LINCOLN, NEBRASKA
                                          MONTH:    APRIL
                                          YEAR:     2017
                                          LATITUDE:   40 50 N
                                          LONGITUDE:  96 45 W

[TEMPERATURE DATA]      [PRECIPITATION DATA]       SYMBOLS USED IN COLUMN 16

AVERAGE MONTHLY: 55.8   TOTAL FOR MONTH:   1.62    1 = FOG OR MIST
DPTR FM NORMAL:   5.7   DPTR FM NORMAL:   -0.19    2 = FOG REDUCING VISIBILITY
HIGHEST:    83 ON 19    GRTST 24HR  0.94 ON 19-19      TO 1/4 MILE OR LESS
LOWEST:     25 ON  7                               3 = THUNDER
                        SNOW, ICE PELLETS, HAIL    4 = ICE PELLETS
                        TOTAL MONTH:   0.0 INCH    5 = HAIL
                        GRTST 24HR     0.0         6 = FREEZING RAIN OR DRIZZLE
                        GRTST DEPTH:   0           7 = DUSTSTORM OR SANDSTORM:
                                                       VSBY 1/2 MILE OR LESS
                                                   8 = SMOKE OR HAZE
[NO. OF DAYS WITH]      [WEATHER - DAYS WITH]      9 = BLOWING SNOW
                                                   X = TORNADO
MAX 32 OR BELOW:   0    0.01 INCH OR MORE:   9
MAX 90 OR ABOVE:   0    0.10 INCH OR MORE:   2
MIN 32 OR BELOW:   3    0.50 INCH OR MORE:   1
MIN  0 OR BELOW:   0    1.00 INCH OR MORE:   0

[HDD (BASE 65) ]
TOTAL THIS MO.   210    CLEAR  (SCALE 0-3)  11
DPTR FM NORMAL  -125    PTCLDY (SCALE 4-7)   8
TOTAL FM JUL 1  4747    CLOUDY (SCALE 8-10)  3
DPTR FM NORMAL -1064

[CDD (BASE 65) ]
TOTAL THIS MO.    12
DPTR FM NORMAL     7    [PRESSURE DATA]
TOTAL FM JAN 1    13    HIGHEST SLP M ON M
DPTR FM NORMAL     7    LOWEST  SLP 29.44 ON  9

[REMARKS]
