000
CXUS53 KOAX 301000
CF6LNK
PRELIMINARY LOCAL CLIMATOLOGICAL DATA (WS FORM: F-6)

                                          STATION:   LINCOLN, NEBRASKA
                                          MONTH:     OCTOBER
                                          YEAR:      2014
                                          LATITUDE:   40 50 N
                                          LONGITUDE:  96 45 W

  TEMPERATURE IN F:       :PCPN:    SNOW:  WIND      :SUNSHINE: SKY     :PK WND
================================================================================
1   2   3   4   5  6A  6B    7    8   9   10  11  12  13   14  15   16   17  18
                                     12Z  AVG MX 2MIN
DY MAX MIN AVG DEP HDD CDD  WTR  SNW DPTH SPD SPD DIR MIN PSBL S-S WX    SPD DR
================================================================================

 1  77  61  69  10   0   4 1.32  0.0    0  5.4 16 110   M    M   3 13     20 340
 2  65  46  56  -3   9   0 0.11  0.0    0 11.4 25 320   M    M   7 13     35 310
 3  57  38  48 -10  17   0    T  0.0    0 17.8 35 330   M    M   4        42 320
 4  59  34  47 -11  18   0 0.00  0.0    0  8.2 21 310   M    M   2        25 310
 5  72  42  57  -1   8   0    T  0.0    0 10.2 31 340   M    M   3        46 330
 6  73  51  62   5   3   0    T  0.0    0  8.4 25 290   M    M   4        32 300
 7  76  51  64   7   1   0 0.00  0.0    0 10.1 28 330   M    M   2        32 330
 8  69  43  56   0   9   0    T  0.0    0  4.8 14 110   M    M   3 8      16 110
 9  68  50  59   3   6   0 0.00  0.0    0 11.9 18  40   M    M   8 8      24  40
10  56  36  46 -10  19   0 0.00  0.0    0  8.6 16  30   M    M   1 8      19  30
11  62  30  46  -9  19   0 0.00  0.0    0  4.5 13 160   M    M   0        19 180
12  67  39  53  -2  12   0 0.24  0.0    0  8.4 17 150   M    M   3 13     23 180
13  60  52  56   2   9   0 0.13  0.0    0 16.9 29 350   M    M   6 1      40 350
14  68  38  53  -1  12   0 0.00  0.0    0 15.5 30 340   M    M   0        38 350
15  73  34  54   0  11   0 0.00  0.0    0  3.3 10 240   M    M   0 8      12 230
16  81  43  62   9   3   0 0.00  0.0    0  7.5 28 350   M    M   0 8      33 340
17  66  42  54   1  11   0 0.00  0.0    0 13.3 28 340   M    M   1 8      34 330
18  59  35  47  -5  18   0 0.00  0.0    0  4.5 14 360   M    M   3 18     16 360
19  74  36  55   3  10   0 0.00  0.0    0  8.6 22 220   M    M   0        26 220
20  75  39  57   5   8   0 0.00  0.0    0  2.3 10 300   M    M   0 18     12 310
21  77  35  56   5   9   0 0.00  0.0    0  7.5 18 170   M    M   0 8      22 160
22  80  53  67  16   0   2 0.66  0.0    0 13.7 30 170   M    M   4 13     37 180
23  73  50  62  12   3   0 0.00  0.0    0  3.7 10 210   M    M   5 12     13 220
24  77  50  64  14   1   0 0.00  0.0    0  6.9 15 260   M    M   0 18     18 220
25  75  43  59   9   6   0 0.00  0.0    0  6.0 12  60   M    M   0        16  50
26  86  52  69  20   0   4 0.00  0.0    0  8.4 22 180   M    M   0 8      27 160
27  72  48  60  11   5   0 0.00  0.0    0 12.5 33 330   M    M   3        41 340
28  61  33  47  -1  18   0 0.00  0.0    0  9.3 23 300   M    M   0        27 290
29  59  28  44  -4  21   0 0.00  0.0    0  4.0 13 170   M    M   0        15 160
================================================================================
SM 2017 1232       266  10  2.46     0.0 253.6          M       62
================================================================================
AV 69.6 42.5                               8.7 FASTST   M    M   2    MAX(MPH)
                                 MISC ---->  # 35 330               # 46  330
================================================================================
NOTES:
# LAST OF SEVERAL OCCURRENCES

COLUMN 17 PEAK WIND IN M.P.H.

PRELIMINARY LOCAL CLIMATOLOGICAL DATA (WS FORM: F-6) , PAGE 2

                                          STATION:  LINCOLN, NEBRASKA
                                          MONTH:    OCTOBER
                                          YEAR:     2014
                                          LATITUDE:   40 50 N
                                          LONGITUDE:  96 45 W

[TEMPERATURE DATA]      [PRECIPITATION DATA]       SYMBOLS USED IN COLUMN 16

AVERAGE MONTHLY: 56.0   TOTAL FOR MONTH:   2.46    1 = FOG OR MIST
DPTR FM NORMAL:   2.4   DPTR FM NORMAL:    0.59    2 = FOG REDUCING VISIBILITY
HIGHEST:    86 ON 26    GRTST 24HR  4.62 ON 30- 1      TO 1/4 MILE OR LESS
LOWEST:     28 ON 29                               3 = THUNDER
                        SNOW, ICE PELLETS, HAIL    4 = ICE PELLETS
                        TOTAL MONTH:   0.0 INCH    5 = HAIL
                        GRTST 24HR     0.0         6 = FREEZING RAIN OR DRIZZLE
                        GRTST DEPTH:   0           7 = DUSTSTORM OR SANDSTORM:
                                                       VSBY 1/2 MILE OR LESS
                                                   8 = SMOKE OR HAZE
[NO. OF DAYS WITH]      [WEATHER - DAYS WITH]      9 = BLOWING SNOW
                                                   X = TORNADO
MAX 32 OR BELOW:   0    0.01 INCH OR MORE:   5
MAX 90 OR ABOVE:   0    0.10 INCH OR MORE:   5
MIN 32 OR BELOW:   2    0.50 INCH OR MORE:   2
MIN  0 OR BELOW:   0    1.00 INCH OR MORE:   1

[HDD (BASE 65) ]
TOTAL THIS MO.   266    CLEAR  (SCALE 0-3)  22
DPTR FM NORMAL   -78    PTCLDY (SCALE 4-7)   7
TOTAL FM JUL 1   361    CLOUDY (SCALE 8-10)  0
DPTR FM NORMAL   -81

[CDD (BASE 65) ]
TOTAL THIS MO.    10
DPTR FM NORMAL    -2    [PRESSURE DATA]
TOTAL FM JAN 1  1237    HIGHEST SLP M ON M
DPTR FM NORMAL    67    LOWEST  SLP 29.51 ON 27

[REMARKS]
