000
CXUS53 KLMK 200800
CF6LOU
PRELIMINARY LOCAL CLIMATOLOGICAL DATA (WS FORM: F-6)

                                          STATION:   LOUISVILLE BOWMAN KY
                                          MONTH:     NOVEMBER
                                          YEAR:      2017
                                          LATITUDE:   38 13 N
                                          LONGITUDE:  85 40 W

  TEMPERATURE IN F:       :PCPN:    SNOW:  WIND      :SUNSHINE: SKY     :PK WND
================================================================================
1   2   3   4   5  6A  6B    7    8   9   10  11  12  13   14  15   16   17  18
                                     12Z  AVG MX 2MIN
DY MAX MIN AVG DEP HDD CDD  WTR  SNW DPTH SPD SPD DIR MIN PSBL S-S WX    SPD DR
================================================================================

 1  62  40  51  -2  14   0 0.17    M    M  5.2 16 180   M    M  10 1      19 170
 2  72  59  66  13   0   1 0.00    M    M 11.2 23 190   M    M  10        29 190
 3  70  52  61   8   4   0 1.28    M    M  7.9 15  60   M    M  10 13     22 330
 4  69  52  61   9   4   0 0.00    M    M  5.8 12 170   M    M   8 1      16 160
 5  77  64  71  19   0   6 0.01    M    M 12.8 24 200   M    M   9 13     38 190
 6  74  50  62  10   3   0 0.35    M    M  7.9 18 250   M    M  10 1      26 350
 7  51  47  49  -2  16   0 0.28    M    M  8.9 16  30   M    M   9 1      27  40
 8  55  36  46  -5  19   0 0.00    M    M  7.2 15  50   M    M   5        23  60
 9  59  32  46  -4  19   0 0.00    M    M  3.8 13 340   M    M   0 18     21 340
10  43  30  37 -13  28   0 0.00    M    M  9.0 16  60   M    M   0        25  30
11  48  27  38 -11  27   0 0.00    M    M  4.0 10  90   M    M   0        15  90
12  54  38  46  -3  19   0 0.08    M    M  5.4 17 280   M    M   7 18     24 290
13  48  41  45  -4  20   0 0.00    M    M  5.4 12 310   M    M  10        18 300
14  53  39  46  -2  19   0 0.00    M    M  6.3 14  90   M    M   4        19 100
15  52  36  44  -4  21   0 0.37    M    M  6.5 16 190   M    M   6 1      24 200
16  49  32  41  -6  24   0 0.00    M    M  6.0 13 300   M    M   6 1      18 300
17  55  32  44  -3  21   0    T    M    M  8.0 14 130   M    M   5        19 120
18  66  41  54   8  11   0 0.26    M    M 18.6 31 230   M    M   9 1      48 230
19  43  28  36 -10  29   0 0.00    M    M  9.3 21 290   M    M   6        28 320
================================================================================
SM 1100  776       298   7  2.80    M    149.2          M      124
================================================================================
AV 57.9 40.8                               7.9 FASTST   M    M   7    MAX(MPH)
                                 MISC ---->  # 31 230               # 48  230
================================================================================
NOTES:
# LAST OF SEVERAL OCCURRENCES

COLUMN 17 PEAK WIND IN M.P.H.

PRELIMINARY LOCAL CLIMATOLOGICAL DATA (WS FORM: F-6) , PAGE 2

                                          STATION:  LOUISVILLE BOWMAN KY
                                          MONTH:    NOVEMBER
                                          YEAR:     2017
                                          LATITUDE:   38 13 N
                                          LONGITUDE:  85 40 W

[TEMPERATURE DATA]      [PRECIPITATION DATA]       SYMBOLS USED IN COLUMN 16

AVERAGE MONTHLY: 49.4   TOTAL FOR MONTH:   2.80    1 = FOG OR MIST
DPTR FM NORMAL:  -0.4   DPTR FM NORMAL:    0.55    2 = FOG REDUCING VISIBILITY
HIGHEST:    77 ON  5    GRTST 24HR  1.28 ON  3- 3      TO 1/4 MILE OR LESS
LOWEST:     27 ON 11                               3 = THUNDER
                        SNOW, ICE PELLETS, HAIL    4 = ICE PELLETS
                        TOTAL MONTH:    M          5 = HAIL
                        GRTST 24HR    M  ON   M    6 = FREEZING RAIN OR DRIZZLE
                        GRTST DEPTH:  M  ON   M    7 = DUSTSTORM OR SANDSTORM:
                                                       VSBY 1/2 MILE OR LESS
                                                   8 = SMOKE OR HAZE
[NO. OF DAYS WITH]      [WEATHER - DAYS WITH]      9 = BLOWING SNOW
                                                   X = TORNADO
MAX 32 OR BELOW:   0    0.01 INCH OR MORE:   8
MAX 90 OR ABOVE:   0    0.10 INCH OR MORE:   6
MIN 32 OR BELOW:   6    0.50 INCH OR MORE:   1
MIN  0 OR BELOW:   0    1.00 INCH OR MORE:   1

[HDD (BASE 65) ]
TOTAL THIS MO.   298    CLEAR  (SCALE 0-3)   3
DPTR FM NORMAL     7    PTCLDY (SCALE 4-7)   8
TOTAL FM JUL 1   534    CLOUDY (SCALE 8-10)  8
DPTR FM NORMAL   -33

[CDD (BASE 65) ]
TOTAL THIS MO.     7
DPTR FM NORMAL     7    [PRESSURE DATA]
TOTAL FM JAN 1  1569    HIGHEST SLP M ON M
DPTR FM NORMAL   127    LOWEST  SLP 29.29 ON 18

[REMARKS]
