000
CXUS53 KLMK 290800
CF6LOU
PRELIMINARY LOCAL CLIMATOLOGICAL DATA (WS FORM: F-6)

                                          STATION:   LOUISVILLE BOWMAN KY
                                          MONTH:     SEPTEMBER
                                          YEAR:      2016
                                          LATITUDE:   38 13 N
                                          LONGITUDE:  85 40 W

  TEMPERATURE IN F:       :PCPN:    SNOW:  WIND      :SUNSHINE: SKY     :PK WND
================================================================================
1   2   3   4   5  6A  6B    7    8   9   10  11  12  13   14  15   16   17  18
                                     12Z  AVG MX 2MIN
DY MAX MIN AVG DEP HDD CDD  WTR  SNW DPTH SPD SPD DIR MIN PSBL S-S WX    SPD DR
================================================================================

 1  82  66  74  -1   0   9    T    M    M  7.4 15  30   M    M   5        22  30
 2  82  63  73  -2   0   8 0.00    M    M  9.0 18  70   M    M   1        23  70
 3  83  61  72  -3   0   7 0.00    M    M  5.2 13  80   M    M   0        18  70
 4  87  58  73  -1   0   8 0.00    M    M  3.1  9 170   M    M   0        13 130
 5  92  67  80   6   0  15 0.00    M    M  3.7 12 250   M    M   1        15 200
 6  92  70  81   7   0  16 0.00    M    M  3.7 14 290   M    M   1        20 260
 7  92  71  82   9   0  17 0.00    M    M  4.1 15 240   M    M   1        20 240
 8  92  74  83  10   0  18 0.00    M    M  7.6 18 260   M    M   2        26 250
 9  88  76  82  10   0  17 0.00    M    M  6.5 12 210   M    M   7        16 210
10  89  67  78   6   0  13 0.67    M    M  7.1 30 280   M    M   2 138    55 260
11  80  58  69  -3   0   4 0.00    M    M  2.9 10  40   M    M   1        14  10
12  84  57  71   0   0   6 0.00    M    M  1.9 10 100   M    M   0        13 100
13  89  60  75   4   0  10 0.00    M    M  1.7  9 270   M    M   0        13 270
14  90  63  77   7   0  12 0.00    M    M  2.5 12 360   M    M   1        16 330
15  86  69  78   8   0  13 0.00    M    M  5.2 10  70   M    M   2        14  60
16  89  70  80  10   0  15 0.04    M    M  3.6 20 300   M    M   1 3      25 290
17  77  71  74   5   0   9 0.12    M    M  7.0 17 220   M    M   7 1      27 220
18  87  72  80  11   0  15    T    M    M  2.4  8 300   M    M   4        10 320
19  87  64  76   8   0  11 0.00    M    M  2.7  9 310   M    M   0 1      16 320
20  90  62  76   8   0  11 0.00    M    M  1.4  9  40   M    M   0 1      12  40
21  91  63  77  10   0  12 0.00    M    M  2.4 13  60   M    M   0        18  70
22  91  63  77  10   0  12 0.00    M    0  1.9  8 110   M    M   0        11 150
23  91  66  79  13   0  14 0.00    M    M  1.7  8 190   M    M   2        11 160
24  91  67  79  13   0  14 0.00    M    M  2.7  9  60   M    M   1 18     12  70
25  91  67  79  14   0  14 0.00    M    M  1.3  6 270   M    M   0 18     13 100
26  73  55  64  -1   1   0 0.38    M    M  4.6 20 340   M    M   3 18     26 350
27  77  50  64  -1   1   0 0.00    M    M  4.9 15 230   M    M   0        21 270
28  66  53  60  -4   5   0 0.55    M    M  5.1 15 310   M    M   4 13     19 310
================================================================================
SM 2409 1803         7 300  1.76    M    113.3          M       46
================================================================================
AV 86.0 64.4                               4.0 FASTST   M    M   2    MAX(MPH)
                                 MISC ---->  # 30 280               # 55  260
================================================================================
NOTES:
# LAST OF SEVERAL OCCURRENCES

COLUMN 17 PEAK WIND IN M.P.H.

PRELIMINARY LOCAL CLIMATOLOGICAL DATA (WS FORM: F-6) , PAGE 2

                                          STATION:  LOUISVILLE BOWMAN KY
                                          MONTH:    SEPTEMBER
                                          YEAR:     2016
                                          LATITUDE:   38 13 N
                                          LONGITUDE:  85 40 W

[TEMPERATURE DATA]      [PRECIPITATION DATA]       SYMBOLS USED IN COLUMN 16

AVERAGE MONTHLY: 75.2   TOTAL FOR MONTH:   1.76    1 = FOG OR MIST
DPTR FM NORMAL:   5.2   DPTR FM NORMAL:   -1.14    2 = FOG REDUCING VISIBILITY
HIGHEST:    92 ON  8, 7 GRTST 24HR  2.00 ON 31- 1      TO 1/4 MILE OR LESS
LOWEST:     50 ON 27                               3 = THUNDER
                        SNOW, ICE PELLETS, HAIL    4 = ICE PELLETS
                        TOTAL MONTH:    M          5 = HAIL
                        GRTST 24HR    M  ON   M    6 = FREEZING RAIN OR DRIZZLE
                        GRTST DEPTH:   0           7 = DUSTSTORM OR SANDSTORM:
                                                       VSBY 1/2 MILE OR LESS
                                                   8 = SMOKE OR HAZE
[NO. OF DAYS WITH]      [WEATHER - DAYS WITH]      9 = BLOWING SNOW
                                                   X = TORNADO
MAX 32 OR BELOW:   0    0.01 INCH OR MORE:   5
MAX 90 OR ABOVE:  11    0.10 INCH OR MORE:   4
MIN 32 OR BELOW:   0    0.50 INCH OR MORE:   2
MIN  0 OR BELOW:   0    1.00 INCH OR MORE:   0

[HDD (BASE 65) ]
TOTAL THIS MO.     7    CLEAR  (SCALE 0-3)  23
DPTR FM NORMAL   -21    PTCLDY (SCALE 4-7)   5
TOTAL FM JUL 1     7    CLOUDY (SCALE 8-10)  0
DPTR FM NORMAL   -21

[CDD (BASE 65) ]
TOTAL THIS MO.   300
DPTR FM NORMAL   131    [PRESSURE DATA]
TOTAL FM JAN 1  1774    HIGHEST SLP M ON M
DPTR FM NORMAL   366    LOWEST  SLP 29.80 ON 28

[REMARKS]
