000
CXUS53 KLMK 240800
CF6LOU
PRELIMINARY LOCAL CLIMATOLOGICAL DATA (WS FORM: F-6)

                                          STATION:   LOUISVILLE BOWMAN KY
                                          MONTH:     APRIL
                                          YEAR:      2017
                                          LATITUDE:   38 13 N
                                          LONGITUDE:  85 40 W

  TEMPERATURE IN F:       :PCPN:    SNOW:  WIND      :SUNSHINE: SKY     :PK WND
================================================================================
1   2   3   4   5  6A  6B    7    8   9   10  11  12  13   14  15   16   17  18
                                     12Z  AVG MX 2MIN
DY MAX MIN AVG DEP HDD CDD  WTR  SNW DPTH SPD SPD DIR MIN PSBL S-S WX    SPD DR
================================================================================

 1  52  45  49  -3  16   0 0.00    M    M  6.8 14 300   M    M  10        17 300
 2  68  47  58   5   7   0 0.00    M    M  6.3 12  80   M    M   4        16  70
 3  73  58  66  13   0   1 0.22    M    M  7.2 21 160   M    M   4 13     30 150
 4  73  59  66  13   0   1 0.01    M    M 10.2 20 250   M    M   7        24 280
 5  82  53  68  14   0   3 0.10    M    M  9.9 30 180   M    M   2 3      42 180
 6  58  43  51  -3  14   0 0.13    M    M 16.1 30 310   M    M  10 13     40 300
 7  59  39  49  -5  16   0 0.00    M    M 12.2 24 290   M    M   1        32 290
 8  68  35  52  -3  13   0 0.00    M    M  2.3 10 250   M    M   0        14 170
 9  79  46  63   8   2   0 0.00    M    M  7.6 20 170   M    M   0        27 170
10  82  66  74  19   0   9 0.00    M    M 11.5 23 180   M    M   1        34 240
11  72  57  65   9   0   0 0.49    M    M  4.8 13 310   M    M   7 1      17 200
12  73  49  61   5   4   0 0.00    M    M  2.8  9  50   M    M   0        14 330
13  83  47  65   9   0   0 0.00    M    M  2.2 10 250   M    M   0 8      13 180
14  85  51  68  11   0   3 0.00    M    M  2.0 15 150   M    M   1        22 150
15  83  66  75  18   0  10    T    M    M  6.4 22 210   M    M   2        29 210
16  79  62  71  14   0   6 1.76    M    M  7.0 23 300   M    M   7 13     30 310
17  75  59  67   9   0   2 0.01    M    M  5.1 12 100   M    M   9 12     15  60
18  77  63  70  12   0   5    T    M    M  7.4 15 180   M    M   7        22 200
19  83  63  73  15   0   8    T    M    M  6.0 18 220   M    M   3        23 220
20  83  66  75  16   0  10    T    M    M 10.3 22 220   M    M   2 3      32 220
21  72  52  62   3   3   0 0.30    M    M  5.5 18 310   M    M   6 1      22 310
22  56  48  52  -7  13   0 0.26    M    M  8.0 16  30   M    M   8 18     22  50
23  63  47  55  -5  10   0 0.00    M    M  8.5 18  50   M    M   6        27  60
================================================================================
SM 1678 1221        98  58  3.28    M    166.1          M       97
================================================================================
AV 73.0 53.1                               7.2 FASTST   M    M   4    MAX(MPH)
                                 MISC ---->  # 30 180               # 42  180
================================================================================
NOTES:
# LAST OF SEVERAL OCCURRENCES

COLUMN 17 PEAK WIND IN M.P.H.

PRELIMINARY LOCAL CLIMATOLOGICAL DATA (WS FORM: F-6) , PAGE 2

                                          STATION:  LOUISVILLE BOWMAN KY
                                          MONTH:    APRIL
                                          YEAR:     2017
                                          LATITUDE:   38 13 N
                                          LONGITUDE:  85 40 W

[TEMPERATURE DATA]      [PRECIPITATION DATA]       SYMBOLS USED IN COLUMN 16

AVERAGE MONTHLY: 63.0   TOTAL FOR MONTH:   3.28    1 = FOG OR MIST
DPTR FM NORMAL:   7.0   DPTR FM NORMAL:    0.37    2 = FOG REDUCING VISIBILITY
HIGHEST:    85 ON 14    GRTST 24HR  1.76 ON 16-16      TO 1/4 MILE OR LESS
LOWEST:     35 ON  8                               3 = THUNDER
                        SNOW, ICE PELLETS, HAIL    4 = ICE PELLETS
                        TOTAL MONTH:    M          5 = HAIL
                        GRTST 24HR    M  ON   M    6 = FREEZING RAIN OR DRIZZLE
                        GRTST DEPTH:  M  ON   M    7 = DUSTSTORM OR SANDSTORM:
                                                       VSBY 1/2 MILE OR LESS
                                                   8 = SMOKE OR HAZE
[NO. OF DAYS WITH]      [WEATHER - DAYS WITH]      9 = BLOWING SNOW
                                                   X = TORNADO
MAX 32 OR BELOW:   0    0.01 INCH OR MORE:   9
MAX 90 OR ABOVE:   0    0.10 INCH OR MORE:   7
MIN 32 OR BELOW:   0    0.50 INCH OR MORE:   1
MIN  0 OR BELOW:   0    1.00 INCH OR MORE:   1

[HDD (BASE 65) ]
TOTAL THIS MO.    98    CLEAR  (SCALE 0-3)  10
DPTR FM NORMAL  -132    PTCLDY (SCALE 4-7)  10
TOTAL FM JUL 1  3140    CLOUDY (SCALE 8-10)  3
DPTR FM NORMAL -1013

[CDD (BASE 65) ]
TOTAL THIS MO.    58
DPTR FM NORMAL    35    [PRESSURE DATA]
TOTAL FM JAN 1    70    HIGHEST SLP M ON M
DPTR FM NORMAL    43    LOWEST  SLP 29.36 ON  5

[REMARKS]
