000
CXUS53 KLMK 280800
CF6LOU
PRELIMINARY LOCAL CLIMATOLOGICAL DATA (WS FORM: F-6)

                                          STATION:   LOUISVILLE BOWMAN KY
                                          MONTH:     JULY
                                          YEAR:      2016
                                          LATITUDE:   38 13 N
                                          LONGITUDE:  85 40 W

  TEMPERATURE IN F:       :PCPN:    SNOW:  WIND      :SUNSHINE: SKY     :PK WND
================================================================================
1   2   3   4   5  6A  6B    7    8   9   10  11  12  13   14  15   16   17  18
                                     12Z  AVG MX 2MIN
DY MAX MIN AVG DEP HDD CDD  WTR  SNW DPTH SPD SPD DIR MIN PSBL S-S WX    SPD DR
================================================================================

 1  86  69  78   0   0  13 0.00    M    M  4.9 13 360   M    M   4        17  20
 2  81  60  71  -7   0   6    T    M    M  4.1  9 360   M    M   2        13  10
 3  75  66  71  -7   0   6 0.97    M    M  5.7 15 320   M    M   7 13     18 310
 4  77  70  74  -4   0   9 0.61    M    M  4.3 13 230   M    M   8 13     17 210
 5  88  74  81   3   0  16 0.02    M    M  4.5 12 320   M    M   7 1      16 320
 6  88  74  81   3   0  16 0.22    M    M  6.1 21 310   M    M   5 13     35 320
 7  86  70  78   0   0  13 0.02    M    M  5.8 15 130   M    M   6        19 130
 8  88  72  80   2   0  15 0.08    M    M  5.8 25 250   M    M   6 13     33 250
 9  85  70  78   0   0  13 0.00    M    M  6.2 15 290   M    M   1        19 330
10  88  65  77  -1   0  12 0.00    M    M  2.7  9 310   M    M   0        13 290
11  89  66  78   0   0  13 0.00    M    M  3.0 10 130   M    M   0 8      13 200
12  81  73  77  -1   0  12 0.46    M    M  4.3 16 210   M    M   2 1      23 190
13  91  74  83   5   0  18 0.03    M    M  7.6 18 310   M    M   3 3      27 210
14  89  73  81   3   0  16 0.02    M    M  6.3 17 230   M    M   1 3      26 230
15  91  69  80   2   0  15    T    M    M  3.9 22 270   M    M   1        28 270
16  88  70  79   1   0  14 0.00    M    M  3.8 12 320   M    M   0        14 340
17  90  70  80   2   0  15 0.00    M    M  3.9 13 210   M    M   1        17 200
18  86  71  79   1   0  14 0.02    M    M  3.7 28 360   M    M   2 3      41 360
19  94  73  84   6   0  19 0.00    M    M  2.0 10  30   M    M   0        14 330
20  91  75  83   5   0  18 0.01    M    M  3.9 14  60   M    M   1 3      18  60
21  94  73  84   6   0  19 0.00    M    M  2.4 10 260   M    M   2        13 250
22  90  77  84   6   0  19 0.00    M    M  2.7  9 210   M    M   0 8      13 180
23  95  73  84   6   0  19 0.00    M    M  1.8  9 250   M    M   2        12 260
24  95  79  87   9   0  22 0.00    M    M  4.3 12 240   M    M   2        17 180
25  92  77  85   7   0  20 0.02    M    M  3.9 15 300   M    M   2 13     20 300
26  93  75  84   6   0  19    T    M    M  3.8 15 300   M    M   2 13     18 310
27  92  74  83   5   0  18 1.38  0.0    0  2.5 15  70   M    M   3 13     21  80
================================================================================
SM 2383 1932         0 409  3.86     0.0 113.9          M       70
================================================================================
AV 88.3 71.6                               4.2 FASTST   M    M   3    MAX(MPH)
                                 MISC ---->  # 28 360               # 41  360
================================================================================
NOTES:
# LAST OF SEVERAL OCCURRENCES

COLUMN 17 PEAK WIND IN M.P.H.

PRELIMINARY LOCAL CLIMATOLOGICAL DATA (WS FORM: F-6) , PAGE 2

                                          STATION:  LOUISVILLE BOWMAN KY
                                          MONTH:    JULY
                                          YEAR:     2016
                                          LATITUDE:   38 13 N
                                          LONGITUDE:  85 40 W

[TEMPERATURE DATA]      [PRECIPITATION DATA]       SYMBOLS USED IN COLUMN 16

AVERAGE MONTHLY: 79.9   TOTAL FOR MONTH:   3.86    1 = FOG OR MIST
DPTR FM NORMAL:   1.9   DPTR FM NORMAL:    0.19    2 = FOG REDUCING VISIBILITY
HIGHEST:    95 ON 24,23 GRTST 24HR  1.38 ON 27-27      TO 1/4 MILE OR LESS
LOWEST:     60 ON  2                               3 = THUNDER
                        SNOW, ICE PELLETS, HAIL    4 = ICE PELLETS
                        TOTAL MONTH:   0.0 INCH    5 = HAIL
                        GRTST 24HR     0.0         6 = FREEZING RAIN OR DRIZZLE
                        GRTST DEPTH:   0           7 = DUSTSTORM OR SANDSTORM:
                                                       VSBY 1/2 MILE OR LESS
                                                   8 = SMOKE OR HAZE
[NO. OF DAYS WITH]      [WEATHER - DAYS WITH]      9 = BLOWING SNOW
                                                   X = TORNADO
MAX 32 OR BELOW:   0    0.01 INCH OR MORE:  13
MAX 90 OR ABOVE:  12    0.10 INCH OR MORE:   5
MIN 32 OR BELOW:   0    0.50 INCH OR MORE:   3
MIN  0 OR BELOW:   0    1.00 INCH OR MORE:   1

[HDD (BASE 65) ]
TOTAL THIS MO.     0    CLEAR  (SCALE 0-3)  19
DPTR FM NORMAL     0    PTCLDY (SCALE 4-7)   8
TOTAL FM JUL 1     0    CLOUDY (SCALE 8-10)  0
DPTR FM NORMAL     0

[CDD (BASE 65) ]
TOTAL THIS MO.   409
DPTR FM NORMAL    58    [PRESSURE DATA]
TOTAL FM JAN 1   932    HIGHEST SLP M ON M
DPTR FM NORMAL   129    LOWEST  SLP 29.80 ON  7

[REMARKS]
