000
CXUS55 KJKL 291000
CF6LOZ
PRELIMINARY LOCAL CLIMATOLOGICAL DATA (WS FORM: F-6)

                                          STATION:   LONDON KY
                                          MONTH:     APRIL
                                          YEAR:      2017
                                          LATITUDE:   37  4 N
                                          LONGITUDE:  84  5 W

  TEMPERATURE IN F:       :PCPN:    SNOW:  WIND      :SUNSHINE: SKY     :PK WND
================================================================================
1   2   3   4   5  6A  6B    7    8   9   10  11  12  13   14  15   16   17  18
                                     12Z  AVG MX 2MIN
DY MAX MIN AVG DEP HDD CDD  WTR  SNW DPTH SPD SPD DIR MIN PSBL S-S WX    SPD DR
================================================================================

 1  52  45  49  -3  16   0 0.01    M    M  5.9 12 340   M    M  10 1      15 320
 2  74  42  58   6   7   0 0.00    M    M  3.5 10 100   M    M   2        14 110
 3  69  53  61   8   4   0 0.52    M    M  7.7 21 190   M    M   4 1      26 200
 4  75  53  64  11   1   0    T    M    M 11.6 25 250   M    M   5        32 280
 5  78  49  64  11   1   0 0.03    M    M  9.6 23 180   M    M   M 3      41 180
 6  57  40  49  -5  16   0 0.19    M    M 15.2 26 280   M    M  10 1      37 290
 7  56  37  47  -7  18   0    T    M    M  9.6 23 300   M    M   1        35 280
 8  66  32  49  -5  16   0 0.00    M    M  1.8 10 290   M    M   0        17 240
 9  76  36  56   1   9   0 0.00    M    M  4.9 15 180   M    M   0        21 180
10  82  50  66  11   0   1 0.00    M    M  8.0 20 240   M    M   0        26 240
11  80  59  70  15   0   5 0.01    M    M  7.6 23 340   M    M   3 3      33 340
12  76  54  65   9   0   0 0.00    M    M  5.8 15 290   M    M   2        19  40
13  82  44  63   7   2   0 0.00    M    M  2.0 10 120   M    M   0        15 110
14  85  45  65   9   0   0 0.00    M    M  1.2 10 260   M    M   0        16 300
15  83  54  69  13   0   4 0.00    M    M  6.2 18 240   M    M   2        26 240
16  79  58  69  12   0   4 0.24    M    M  6.9 17 230   M    M   7 18     26 210
17  73  59  66   9   0   1 0.54    M    M  2.1 14  10   M    M   9 1      18  20
18  71  60  66   9   0   1 0.01    M    M  5.4 15 190   M    M   8        20 180
19  77  61  69  11   0   4 0.31    M    M  4.5 15 230   M    M   7 13     23 250
20  82  58  70  12   0   5 0.05    M    M  6.1 18 250   M    M   5 1      26 260
21  77  58  68  10   0   3 1.21    M    M  5.0 21 190   M    M   8 13     26 200
22  58  48  53  -6  12   0 0.79    M    M  8.7 17  30   M    M   9 13     25  40
23  54  47  51  -8  14   0 1.18    M    M  8.4 22  60   M    M   9 13     33  60
24  67  51  59   0   6   0 0.00    M    M  6.2 12  70   M    M   9        17  30
25  75  51  63   4   2   0 0.00    M    M  2.4 10 290   M    M   5 1      13 270
26  82  51  67   7   0   2 0.00    M    M  5.6 17 180   M    M   0        21 180
27  78  54  66   6   0   1 0.22    M    M  9.8 22 260   M    M   3 1      27 270
28  82  49  66   6   0   1 0.00    M    M  5.9 16 200   M    M   2        25 210
================================================================================
SM 2046 1398       124  32  5.31    M    177.6          M      120
================================================================================
AV 73.1 49.9                               6.3 FASTST   M    M   4    MAX(MPH)
                                 MISC ---->  # 26 280               # 41  180
================================================================================
NOTES:
# LAST OF SEVERAL OCCURRENCES

COLUMN 17 PEAK WIND IN M.P.H.

PRELIMINARY LOCAL CLIMATOLOGICAL DATA (WS FORM: F-6) , PAGE 2

                                          STATION:  LONDON KY
                                          MONTH:    APRIL
                                          YEAR:     2017
                                          LATITUDE:   37  4 N
                                          LONGITUDE:  84  5 W

[TEMPERATURE DATA]      [PRECIPITATION DATA]       SYMBOLS USED IN COLUMN 16

AVERAGE MONTHLY: 61.5   TOTAL FOR MONTH:   5.31    1 = FOG OR MIST
DPTR FM NORMAL:   5.2   DPTR FM NORMAL:    1.53    2 = FOG REDUCING VISIBILITY
HIGHEST:    85 ON 14    GRTST 24HR  1.21 ON 21-21      TO 1/4 MILE OR LESS
LOWEST:     32 ON  8                               3 = THUNDER
                        SNOW, ICE PELLETS, HAIL    4 = ICE PELLETS
                        TOTAL MONTH:    M          5 = HAIL
                        GRTST 24HR    M  ON   M    6 = FREEZING RAIN OR DRIZZLE
                        GRTST DEPTH:  M  ON   M    7 = DUSTSTORM OR SANDSTORM:
                                                       VSBY 1/2 MILE OR LESS
                                                   8 = SMOKE OR HAZE
[NO. OF DAYS WITH]      [WEATHER - DAYS WITH]      9 = BLOWING SNOW
                                                   X = TORNADO
MAX 32 OR BELOW:   0    0.01 INCH OR MORE:  14
MAX 90 OR ABOVE:   0    0.10 INCH OR MORE:   9
MIN 32 OR BELOW:   1    0.50 INCH OR MORE:   5
MIN  0 OR BELOW:   0    1.00 INCH OR MORE:   2

[HDD (BASE 65) ]
TOTAL THIS MO.   124    CLEAR  (SCALE 0-3)  12
DPTR FM NORMAL  -140    PTCLDY (SCALE 4-7)   8
TOTAL FM JUL 1  3232    CLOUDY (SCALE 8-10)  7
DPTR FM NORMAL  -857

[CDD (BASE 65) ]
TOTAL THIS MO.    32
DPTR FM NORMAL    12    [PRESSURE DATA]
TOTAL FM JAN 1    35    HIGHEST SLP M ON M
DPTR FM NORMAL    12    LOWEST  SLP 29.45 ON M

[REMARKS]
