000
CXUS54 KLZK 181330
CF6LRF
PRELIMINARY LOCAL CLIMATOLOGICAL DATA (WS FORM: F-6)

                                          STATION:   Jacksonville/Little Rock AFB
                                          MONTH:     SEPTEMBER
                                          YEAR:      2014
                                          LATITUDE:   34 55 N
                                          LONGITUDE:  92  9 W

  TEMPERATURE IN F:       :PCPN:    SNOW:  WIND      :SUNSHINE: SKY     :PK WND
================================================================================
1   2   3   4   5  6A  6B    7    8   9   10  11  12  13   14  15   16   17  18
                                     12Z  AVG MX 2MIN
DY MAX MIN AVG DEP HDD CDD  WTR  SNW DPTH SPD SPD DIR MIN PSBL S-S WX    SPD DR
================================================================================

 1  92  75  84   6   0  19 0.00  0.0    0  7.3 13 210   M    M   3        16 180
 2  86  71  79   1   0  14 0.01  0.0    0  4.8 15 300   M    M   3 3      23 300
 3  92  68  80   2   0  15 0.00  0.0    0  2.7  7 160   M    M   3 1       M  M
 4  94  72  83   6   0  18 0.00  0.0    0  4.0  7 180   M    M   1         M  M
 5  96  70  83   6   0  18 0.01  0.0    0  2.4  8 230   M    M   2 3       M  M
 6  90  70  80   3   0  15 0.00  0.0    0  6.0 13  40   M    M   2         M  M
 7  87  66  77   0   0  12 0.00  0.0    0  5.5 12  50   M    M   4         M  M
 8  90  64  77   1   0  12 0.00  0.0    0  2.6 10  90   M    M   2         M  M
 9  94  67  81   5   0  16    T  0.0    0  4.7 13 210   M    M   0        21 170
10  94  76  85   9   0  20 0.00  0.0    0  8.4 14 170   M    M   1        24 180
11  82  66  74  -1   0   9 0.78  0.0    0  8.0 13  60   M    M   9 1       M  M
12   M   M   M   M   M   M 0.03    M    0  8.2 13  30   M    M  10        21  50
13  69  56  63 -12   2   0 0.03  0.0    0  7.2 14  40   M    M   6        20  30
14  78  53  66  -9   0   1 0.00  0.0    0  2.7  8  80   M    M   1         M  M
15  76  62  69  -5   0   4    T  0.0    0  1.1  5 240   M    M   4         M  M
16  79  64  72  -2   0   7 0.00  0.0    0  4.5 10  50   M    M   6         M  M
17  84  61  73  -1   0   8 0.00  0.0    0  3.6  9  60   M    M   4 8       M  M
================================================================================
SM 1383 1061         2 188  0.86     0.0  83.7          M       61
================================================================================
AV 86.4 66.3                               4.9 FASTST   M    M   4    MAX(MPH)
                                 MISC ---->  # 15 300                 24    M
================================================================================
NOTES:
# LAST OF SEVERAL OCCURRENCES

COLUMN 17 PEAK WIND IN M.P.H.

PRELIMINARY LOCAL CLIMATOLOGICAL DATA (WS FORM: F-6) , PAGE 2

                                          STATION:  Jacksonville/Little Rock AFB
                                          MONTH:    SEPTEMBER
                                          YEAR:     2014
                                          LATITUDE:   34 55 N
                                          LONGITUDE:  92  9 W

[TEMPERATURE DATA]      [PRECIPITATION DATA]       SYMBOLS USED IN COLUMN 16

AVERAGE MONTHLY: 76.4   TOTAL FOR MONTH:   0.86    1 = FOG OR MIST
DPTR FM NORMAL:   0.4   DPTR FM NORMAL:   -1.01    2 = FOG REDUCING VISIBILITY
HIGHEST:    96 ON  5    GRTST 24HR  0.78 ON 11-11      TO 1/4 MILE OR LESS
LOWEST:     53 ON 14                               3 = THUNDER
                        SNOW, ICE PELLETS, HAIL    4 = ICE PELLETS
                        TOTAL MONTH:   0.0 INCH    5 = HAIL
                        GRTST 24HR     0.0         6 = FREEZING RAIN OR DRIZZLE
                        GRTST DEPTH:   0           7 = DUSTSTORM OR SANDSTORM:
                                                       VSBY 1/2 MILE OR LESS
                                                   8 = SMOKE OR HAZE
[NO. OF DAYS WITH]      [WEATHER - DAYS WITH]      9 = BLOWING SNOW
                                                   X = TORNADO
MAX 32 OR BELOW:   0    0.01 INCH OR MORE:   5
MAX 90 OR ABOVE:   8    0.10 INCH OR MORE:   1
MIN 32 OR BELOW:   0    0.50 INCH OR MORE:   1
MIN  0 OR BELOW:   0    1.00 INCH OR MORE:   0

[HDD (BASE 65) ]
TOTAL THIS MO.     2    CLEAR  (SCALE 0-3)  10
DPTR FM NORMAL    -3    PTCLDY (SCALE 4-7)   5
TOTAL FM JUL 1     2    CLOUDY (SCALE 8-10)  2
DPTR FM NORMAL   -14

[CDD (BASE 65) ]
TOTAL THIS MO.   188
DPTR FM NORMAL     3    [PRESSURE DATA]
TOTAL FM JAN 1  1627    HIGHEST SLP M ON M
DPTR FM NORMAL  -229    LOWEST  SLP M ON M

[REMARKS]
