000
CXUS54 KLZK 271330
CF6LRF
PRELIMINARY LOCAL CLIMATOLOGICAL DATA (WS FORM: F-6)

                                          STATION:   Jacksonville/Little Rock AFB
                                          MONTH:     MAY
                                          YEAR:      2015
                                          LATITUDE:   34 55 N
                                          LONGITUDE:  92  9 W

  TEMPERATURE IN F:       :PCPN:    SNOW:  WIND      :SUNSHINE: SKY     :PK WND
================================================================================
1   2   3   4   5  6A  6B    7    8   9   10  11  12  13   14  15   16   17  18
                                     12Z  AVG MX 2MIN
DY MAX MIN AVG DEP HDD CDD  WTR  SNW DPTH SPD SPD DIR MIN PSBL S-S WX    SPD DR
================================================================================

 1  74  47  61  -5   4   0 0.00  0.0    0  4.9 14  70   M    M   0         M  M
 2  79  43  61  -5   4   0 0.00  0.0    0  1.5  5  90   M    M   0         M  M
 3  85  47  66   0   0   1 0.00  0.0    0  3.8 10 190   M    M   1 1       M  M
 4  85  55  70   3   0   5 0.00  0.0    0  4.2 10 190   M    M   1 1      16 180
 5  87  58  73   6   0   8    T  0.0    0  7.2 17 150   M    M   2        21 130
 6  85  60  73   6   0   8 0.00  0.0    0  5.4 14 130   M    M   4        20 130
 7  88  59  74   6   0   9 0.00  0.0    0  5.1 13 190   M    M   3         M  M
 8  83  70  77   9   0  12    T  0.0    0  5.1 14 230   M    M   4        21 190
 9   M   M   M   M   M   M 1.39    M    0  5.1  8 290   M    M   7 13     21 290
10   M   M   M   M   M   M 0.39    M    0  3.8  8  80   M    M   4 13      M  M
11  78  62  70   1   0   5 1.98  0.0    0  6.6 12 270   M    M   5 13     35 300
12  70  54  62  -7   3   0 0.00  0.0    0  3.3  7 350   M    M   3 8       M  M
13  71  50  61  -8   4   0    T  0.0    0  5.3 14  70   M    M   4         M  M
14  82  62  72   3   0   7 0.23  0.0    0  4.1  9  80   M    M   3 13      M  M
15  81  66  74   4   0   9 0.29  0.0    0  3.5  7 120   M    M   3 13      M  M
16  82  69  76   6   0  11 0.31  0.0    0  5.6  9 170   M    M   5 138     M  M
17  84  66  75   5   0  10 0.43  0.0    0  5.9 13 210   M    M   5 123    17 150
18  81  69  75   5   0  10 0.01  0.0    0  5.3 12 180   M    M   5 13      M  M
19  80  65  73   2   0   8 0.00  0.0    0  6.8 12  40   M    M   4         M  M
20  82  64  73   2   0   8 1.20  0.0    0  7.3 10 340   M    M   7 13      M  M
21  67  51  59 -12   6   0 0.00  0.0    0  7.5 14  10   M    M   6         M  M
22  73  47  60 -12   5   0    T  0.0    0  4.3 12  80   M    M   2         M  M
23  82  59  71  -1   0   6    T  0.0    0  5.2 13  90   M    M   5         M  M
24  84  69  77   5   0  12 0.58  0.0    0  7.3 13 150   M    M   7 13     46 180
25  84  64  74   2   0   9 1.29  0.0    0  6.0  9 160   M    M   6 13      M  M
26  81  63  72  -1   0   7 0.01  0.0    0  6.6 10 220   M    M   6        16 220
================================================================================
SM 1928 1419        26 145  8.11     0.0 136.7          M      102
================================================================================
AV 80.3 59.1                               5.3 FASTST   M    M   4    MAX(MPH)
                                 MISC ---->    17   M               # 46  180
================================================================================
NOTES:
# LAST OF SEVERAL OCCURRENCES

COLUMN 17 PEAK WIND IN M.P.H.

PRELIMINARY LOCAL CLIMATOLOGICAL DATA (WS FORM: F-6) , PAGE 2

                                          STATION:  Jacksonville/Little Rock AFB
                                          MONTH:    MAY
                                          YEAR:     2015
                                          LATITUDE:   34 55 N
                                          LONGITUDE:  92  9 W

[TEMPERATURE DATA]      [PRECIPITATION DATA]       SYMBOLS USED IN COLUMN 16

AVERAGE MONTHLY: 69.7   TOTAL FOR MONTH:   8.11    1 = FOG OR MIST
DPTR FM NORMAL:   0.5   DPTR FM NORMAL:    3.75    2 = FOG REDUCING VISIBILITY
HIGHEST:    88 ON  7    GRTST 24HR  1.98 ON 11-11      TO 1/4 MILE OR LESS
LOWEST:     43 ON  2                               3 = THUNDER
                        SNOW, ICE PELLETS, HAIL    4 = ICE PELLETS
                        TOTAL MONTH:   0.0 INCH    5 = HAIL
                        GRTST 24HR     0.0         6 = FREEZING RAIN OR DRIZZLE
                        GRTST DEPTH:   0           7 = DUSTSTORM OR SANDSTORM:
                                                       VSBY 1/2 MILE OR LESS
                                                   8 = SMOKE OR HAZE
[NO. OF DAYS WITH]      [WEATHER - DAYS WITH]      9 = BLOWING SNOW
                                                   X = TORNADO
MAX 32 OR BELOW:   0    0.01 INCH OR MORE:  12
MAX 90 OR ABOVE:   0    0.10 INCH OR MORE:  10
MIN 32 OR BELOW:   0    0.50 INCH OR MORE:   5
MIN  0 OR BELOW:   0    1.00 INCH OR MORE:   4

[HDD (BASE 65) ]
TOTAL THIS MO.    26    CLEAR  (SCALE 0-3)   7
DPTR FM NORMAL    -5    PTCLDY (SCALE 4-7)  19
TOTAL FM JUL 1  3463    CLOUDY (SCALE 8-10)  0
DPTR FM NORMAL   294

[CDD (BASE 65) ]
TOTAL THIS MO.   145
DPTR FM NORMAL     8    [PRESSURE DATA]
TOTAL FM JAN 1   203    HIGHEST SLP M ON M
DPTR FM NORMAL    -8    LOWEST  SLP M ON M

[REMARKS]
