000
CXUS54 KLZK 181330
CF6LRF
PRELIMINARY LOCAL CLIMATOLOGICAL DATA (WS FORM: F-6)

                                          STATION:   Jacksonville/Little Rock AFB
                                          MONTH:     APRIL
                                          YEAR:      2014
                                          LATITUDE:   34 55 N
                                          LONGITUDE:  92  9 W

  TEMPERATURE IN F:       :PCPN:    SNOW:  WIND      :SUNSHINE: SKY     :PK WND
================================================================================
1   2   3   4   5  6A  6B    7    8   9   10  11  12  13   14  15   16   17  18
                                     12Z  AVG MX 2MIN
DY MAX MIN AVG DEP HDD CDD  WTR  SNW DPTH SPD SPD DIR MIN PSBL S-S WX    SPD DR
================================================================================

 1  73  45  59   1   6   0 0.00  0.0    0  4.5 13 150   M    M   4        17 190
 2  74  60  67   9   0   2    T  0.0    0  5.8 12 190   M    M   6        23 180
 3  84  71  78  20   0  13 0.01  0.0    0 11.7 18 190   M    M   7 38     31 210
 4  71  42  57  -2   8   0 0.16  0.0    0  9.6 22 220   M    M   0 38     31 290
 5  55  39  47 -12  18   0 0.00  0.0    0  5.2 12  60   M    M   3        17 100
 6  54  46  50  -9  15   0 0.24  0.0    M  5.9 10  80   M    M   7 1       M  M
 7  63  45  54  -6  11   0 0.22    M    0  8.3 15 300   M    M   6 1      22 300
 8  60  43  52  -8  13   0 0.19    M    0  6.0 16 290   M    M   4 13     30 290
 9  73  35  54  -6  11   0 0.00  0.0    0  6.0 10 290   M    M   0         M  M
10  84  45  65   5   0   0 0.01    M    0  9.7 21 200   M    M   0 8      33 210
11  78  60  69   8   0   4 0.00  0.0    0  8.4 15 220   M    M   1        22 220
12  78  62  70   9   0   5 0.00  0.0    0  8.9 17 190   M    M   6        28 160
13   M   M   M   M   M   M 2.77    M    0 10.4 14 190   M    M   7 123    25 200
14  58  40  49 -12  16   0 0.39  0.0    0  8.9 18 170   M    M   8 13     31 300
15  58  31  45 -17  20   0 0.00  0.0    0  5.0  9 360   M    M   0        17 360
16  60  33  47 -15  18   0 0.00  0.0    0  4.7 13 130   M    M   0        21 130
17  70  35  53  -9  12   0 0.00  0.0    0  3.0  8 150   M    M   2 8      18  99
================================================================================
SM 1093  732       148  24  3.99     0.0 122.0          M       61
================================================================================
AV 68.3 45.8                               7.2 FASTST   M    M   4    MAX(MPH)
                                 MISC ---->    22   M                 33    M
================================================================================
NOTES:
# LAST OF SEVERAL OCCURRENCES

COLUMN 17 PEAK WIND IN M.P.H.

PRELIMINARY LOCAL CLIMATOLOGICAL DATA (WS FORM: F-6) , PAGE 2

                                          STATION:  Jacksonville/Little Rock AFB
                                          MONTH:    APRIL
                                          YEAR:     2014
                                          LATITUDE:   34 55 N
                                          LONGITUDE:  92  9 W

[TEMPERATURE DATA]      [PRECIPITATION DATA]       SYMBOLS USED IN COLUMN 16

AVERAGE MONTHLY: 57.0   TOTAL FOR MONTH:   3.99    1 = FOG OR MIST
DPTR FM NORMAL:  -3.0   DPTR FM NORMAL:    1.16    2 = FOG REDUCING VISIBILITY
HIGHEST:    84 ON 10, 3 GRTST 24HR  2.77 ON 13-13      TO 1/4 MILE OR LESS
LOWEST:     31 ON 15                               3 = THUNDER
                        SNOW, ICE PELLETS, HAIL    4 = ICE PELLETS
                        TOTAL MONTH:   0.0 INCH    5 = HAIL
                        GRTST 24HR     0.0         6 = FREEZING RAIN OR DRIZZLE
                        GRTST DEPTH:   0           7 = DUSTSTORM OR SANDSTORM:
                                                       VSBY 1/2 MILE OR LESS
                                                   8 = SMOKE OR HAZE
[NO. OF DAYS WITH]      [WEATHER - DAYS WITH]      9 = BLOWING SNOW
                                                   X = TORNADO
MAX 32 OR BELOW:   0    0.01 INCH OR MORE:   8
MAX 90 OR ABOVE:   0    0.10 INCH OR MORE:   6
MIN 32 OR BELOW:   1    0.50 INCH OR MORE:   1
MIN  0 OR BELOW:   0    1.00 INCH OR MORE:   1

[HDD (BASE 65) ]
TOTAL THIS MO.   148    CLEAR  (SCALE 0-3)   8
DPTR FM NORMAL    39    PTCLDY (SCALE 4-7)   9
TOTAL FM JUL 1  3723    CLOUDY (SCALE 8-10)  0
DPTR FM NORMAL   633

[CDD (BASE 65) ]
TOTAL THIS MO.    24
DPTR FM NORMAL    -1    [PRESSURE DATA]
TOTAL FM JAN 1    24    HIGHEST SLP M ON M
DPTR FM NORMAL   -17    LOWEST  SLP M ON M

[REMARKS]
