000
CXUS53 KARX 250930
CF6LSE
PRELIMINARY LOCAL CLIMATOLOGICAL DATA (WS FORM: F-6)

                                          STATION:   LA CROSSE WI
                                          MONTH:     AUGUST
                                          YEAR:      2016
                                          LATITUDE:   43 52 N
                                          LONGITUDE:  91 15 W

  TEMPERATURE IN F:       :PCPN:    SNOW:  WIND      :SUNSHINE: SKY     :PK WND
================================================================================
1   2   3   4   5  6A  6B    7    8   9   10  11  12  13   14  15   16   17  18
                                     12Z  AVG MX 2MIN
DY MAX MIN AVG DEP HDD CDD  WTR  SNW DPTH SPD SPD DIR MIN PSBL S-S WX    SPD DR
================================================================================

 1  87  64  76   3   0  11 0.00  0.0    0  7.1 15 160   M    M   2        18 150
 2  89  71  80   7   0  15 0.00  0.0    0  5.6 13 220   M    M   3        15 200
 3  92  71  82   9   0  17 0.00  0.0    0  6.0 13 230   M    M   2 12     18 180
 4  92  70  81   8   0  16 1.34  0.0    0  8.1 41 300   M    M   4 13     53 290
 5  82  64  73   0   0   8 0.00  0.0    0  6.8 15 310   M    M   2 1      20 330
 6  82  60  71  -2   0   6 0.00  0.0    0  4.6 15 330   M    M   1 1      19 330
 7  82  61  72   0   0   7 0.00  0.0    0  2.4  8 130   M    M   1        13 110
 8  83  60  72   0   0   7 0.00  0.0    0  5.7 14 150   M    M   1        23 130
 9  88  66  77   5   0  12 0.00  0.0    0  7.8 16 210   M    M   4        21 210
10  92  71  82  10   0  17 0.00  0.0    0  7.4 18 180   M    M   1 1      23 190
11  89  76  83  11   0  18 0.55  0.0    0  9.4 22 170   M    M   2 13     29 180
12  84  70  77   5   0  12 0.97  0.0    0  5.8 16 330   M    M   9 1      20 320
13  85  67  76   4   0  11 0.02  0.0    0  9.2 18 320   M    M   3 1      21 320
14  83  64  74   2   0   9 0.00  0.0    0  5.4 12 320   M    M   0        16 320
15  83  59  71  -1   0   6 0.00  0.0    0  3.0 10  70   M    M   2 12     19 150
16  87  66  77   5   0  12 1.03  0.0    0  6.1 30 310   M    M   4 123    40 300
17  86  65  76   4   0  11    T  0.0    0  3.5 12 210   M    M   1        14 200
18  88  68  78   7   0  13 0.02  0.0    0  7.3 24 240   M    M   5 123    30 230
19  79  66  73   2   0   8 1.41  0.0    0  4.7 24 300   M    M   5 13     30 300
20  74  62  68  -3   0   3 0.05  0.0    0 13.1 24 320   M    M   7 1      29 330
21  76  58  67  -4   0   2 0.00  0.0    0  9.0 20 300   M    M   3        24 320
22  83  56  70  -1   0   5 0.00  0.0    0 11.5 23 180   M    M   0        29 180
23  85  67  76   5   0  11 0.54  0.0    0 13.2 22 190   M    M   1 13     27 140
24  85  68  77   7   0  12 0.39  0.0    0  8.6 20 180   M    M   6 3      27 170
================================================================================
SM 2036 1570         0 249  6.32     0.0 171.3          M       69
================================================================================
AV 84.8 65.4                               7.1 FASTST   M    M   3    MAX(MPH)
                                 MISC ---->  # 41 300               # 53  290
================================================================================
NOTES:
# LAST OF SEVERAL OCCURRENCES

COLUMN 17 PEAK WIND IN M.P.H.

PRELIMINARY LOCAL CLIMATOLOGICAL DATA (WS FORM: F-6) , PAGE 2

                                          STATION:  LA CROSSE WI
                                          MONTH:    AUGUST
                                          YEAR:     2016
                                          LATITUDE:   43 52 N
                                          LONGITUDE:  91 15 W

[TEMPERATURE DATA]      [PRECIPITATION DATA]       SYMBOLS USED IN COLUMN 16

AVERAGE MONTHLY: 75.1   TOTAL FOR MONTH:   6.32    1 = FOG OR MIST
DPTR FM NORMAL:   3.2   DPTR FM NORMAL:    2.94    2 = FOG REDUCING VISIBILITY
HIGHEST:    92 ON 10, 4 GRTST 24HR  1.41 ON 19-19      TO 1/4 MILE OR LESS
LOWEST:     56 ON 22                               3 = THUNDER
                        SNOW, ICE PELLETS, HAIL    4 = ICE PELLETS
                        TOTAL MONTH:   0.0 INCH    5 = HAIL
                        GRTST 24HR     0.0         6 = FREEZING RAIN OR DRIZZLE
                        GRTST DEPTH:   0           7 = DUSTSTORM OR SANDSTORM:
                                                       VSBY 1/2 MILE OR LESS
                                                   8 = SMOKE OR HAZE
[NO. OF DAYS WITH]      [WEATHER - DAYS WITH]      9 = BLOWING SNOW
                                                   X = TORNADO
MAX 32 OR BELOW:   0    0.01 INCH OR MORE:  10
MAX 90 OR ABOVE:   3    0.10 INCH OR MORE:   7
MIN 32 OR BELOW:   0    0.50 INCH OR MORE:   6
MIN  0 OR BELOW:   0    1.00 INCH OR MORE:   3

[HDD (BASE 65) ]
TOTAL THIS MO.     0    CLEAR  (SCALE 0-3)  15
DPTR FM NORMAL    -4    PTCLDY (SCALE 4-7)   8
TOTAL FM JUL 1     0    CLOUDY (SCALE 8-10)  1
DPTR FM NORMAL    -9

[CDD (BASE 65) ]
TOTAL THIS MO.   249
DPTR FM NORMAL    73    [PRESSURE DATA]
TOTAL FM JAN 1   865    HIGHEST SLP M ON M
DPTR FM NORMAL   202    LOWEST  SLP 29.63 ON 20

[REMARKS]
