000
CXUS54 KFWD 010730
CF6LUD
PRELIMINARY LOCAL CLIMATOLOGICAL DATA (WS FORM: F-6)

                                          STATION:   DECATUR
                                          MONTH:     FEBRUARY
                                          YEAR:      2015
                                          LATITUDE:   33 15 N
                                          LONGITUDE:  97 30 W

  TEMPERATURE IN F:       :PCPN:    SNOW:  WIND      :SUNSHINE: SKY     :PK WND
================================================================================
1   2   3   4   5  6A  6B    7    8   9   10  11  12  13   14  15   16   17  18
                                     12Z  AVG MX 2MIN
DY MAX MIN AVG DEP HDD CDD  WTR  SNW DPTH SPD SPD DIR MIN PSBL S-S WX    SPD DR
================================================================================

 1  54   M   M   M   M   M 0.00  0.0    0 10.8 22 320   M    M   6 1      30 320
 2  42   M   M   M   M   M 0.00  0.0    0   M   M   M   M    M   0         M  M
 3  54   M   M   M   M   M 0.00  0.0    0   M  17 170   M    M   1        24 170
 4  50  33  42  -2  23   0 0.00  0.0    0  8.8 15 360   M    M   8 1      27 360
 5  34  27  31 -13  34   0 0.00  0.0    0  5.5 12 350   M    M   9 1      20 350
 6  59  32  46   2  19   0 0.00  0.0    0  7.9 15 170   M    M   3        20 170
 7  72  42  57  13   8   0 0.00  0.0    0 13.2 20 170   M    M   0        28 170
 8  75  50  63  19   2   0 0.00  0.0    0  6.4 15 170   M    M   0        20 180
 9  75  47  61  17   4   0 0.00  0.0    0  5.2  9  10   M    M   0         M  M
10  75  46  61  16   4   0 0.00  0.0    0 10.2 15 150   M    M   0        22 160
11  65  42  54   9  11   0 0.00  0.0    0 10.7 20  50   M    M   0        25  20
12  54  34  44  -1  21   0 0.00  0.0    0  7.8 14  50   M    M   0        20  10
13  69   M   M   M   M   M 0.00  0.0    0   M   M   M   M    M   0         M  M
14  78  44  61  16   4   0 0.00  0.0    0  6.4 13 190   M    M   0         M  M
15  71  41  56  10   9   0 0.03  0.0    0  8.3 12 360   M    M   4 1      21 170
16  41  26  34 -12  31   0 0.10    M    0  9.4 16 340   M    M   7 1      24 340
17  53  28  41  -5  24   0 0.02    M    0  5.4 15 330   M    M   1        22 300
18  56  32  44  -2  21   0 0.00  0.0    0  4.5 12  60   M    M   0         M  M
19  58  30  44  -3  21   0 0.00  0.0    0 10.7 16 150   M    M   0        22 150
20  71  46  59  12   6   0 0.00  0.0    0 14.9 22 170   M    M   4        31 180
21  64  43  54   7  11   0 0.00  0.0    0  9.9 20 190   M    M   4        28 190
22  46  26  36 -11  29   0 0.69    M    0 13.0 18 360   M    M   9 1      27 360
23  26  23  25 -23  40   0 0.12    M    M  9.2 15  20   M    M  10 1      22  20
24  34  24  29 -19  36   0 0.00  0.0    0  3.9  8  80   M    M   4         M  M
25  56  31  44  -4  21   0 0.14    M    0  3.8  9 140   M    M   3 1       M  M
26  39  29  34 -14  31   0    T    T    0 10.5 16 360   M    M   6 1      25 360
27  29  21  25 -24  40   0 0.05    M    0  9.6 15  40   M    M  10 1      23  50
28  30  22  26 -23  39   0 0.01    M    0  5.8 10  50   M    M  10 1       M  M
================================================================================
SM 1530  819       489   0  1.16    T    211.8          M       99
================================================================================
AV 54.6 34.1                               8.5 FASTST   M    M   4    MAX(MPH)
                                 MISC ---->    22   M                 31    M
================================================================================
NOTES:
# LAST OF SEVERAL OCCURRENCES

COLUMN 17 PEAK WIND IN M.P.H.

PRELIMINARY LOCAL CLIMATOLOGICAL DATA (WS FORM: F-6) , PAGE 2

                                          STATION:  DECATUR
                                          MONTH:    FEBRUARY
                                          YEAR:     2015
                                          LATITUDE:   33 15 N
                                          LONGITUDE:  97 30 W

[TEMPERATURE DATA]      [PRECIPITATION DATA]       SYMBOLS USED IN COLUMN 16

AVERAGE MONTHLY: 44.4   TOTAL FOR MONTH:   1.16    1 = FOG OR MIST
DPTR FM NORMAL:  -1.3   DPTR FM NORMAL:   -1.42    2 = FOG REDUCING VISIBILITY
HIGHEST:    78 ON 14    GRTST 24HR  0.69 ON 22-22      TO 1/4 MILE OR LESS
LOWEST:     21 ON 27                               3 = THUNDER
                        SNOW, ICE PELLETS, HAIL    4 = ICE PELLETS
                        TOTAL MONTH:    T          5 = HAIL
                        GRTST 24HR    T  ON 26-26  6 = FREEZING RAIN OR DRIZZLE
                        GRTST DEPTH:   0           7 = DUSTSTORM OR SANDSTORM:
                                                       VSBY 1/2 MILE OR LESS
                                                   8 = SMOKE OR HAZE
[NO. OF DAYS WITH]      [WEATHER - DAYS WITH]      9 = BLOWING SNOW
                                                   X = TORNADO
MAX 32 OR BELOW:   3    0.01 INCH OR MORE:   8
MAX 90 OR ABOVE:   0    0.10 INCH OR MORE:   4
MIN 32 OR BELOW:  13    0.50 INCH OR MORE:   1
MIN  0 OR BELOW:   0    1.00 INCH OR MORE:   0

[HDD (BASE 65) ]
TOTAL THIS MO.   489    CLEAR  (SCALE 0-3)  14
DPTR FM NORMAL   -53    PTCLDY (SCALE 4-7)   9
TOTAL FM JUL 1  2116    CLOUDY (SCALE 8-10)  5
DPTR FM NORMAL  -285

[CDD (BASE 65) ]
TOTAL THIS MO.     0
DPTR FM NORMAL    -2    [PRESSURE DATA]
TOTAL FM JAN 1     3    HIGHEST SLP M ON M
DPTR FM NORMAL     1    LOWEST  SLP M ON M

[REMARKS]
#FINAL-02-15#
