000
CXUS54 KHGX 301415
CF6LVJ
PRELIMINARY LOCAL CLIMATOLOGICAL DATA (WS FORM: F-6)

                                          STATION:   HOUSTON/CLOVER_FIELD
                                          MONTH:     AUGUST
                                          YEAR:      2014
                                          LATITUDE:   29 31 N
                                          LONGITUDE:  95 14 W

  TEMPERATURE IN F:       :PCPN:    SNOW:  WIND      :SUNSHINE: SKY     :PK WND
================================================================================
1   2   3   4   5  6A  6B    7    8   9   10  11  12  13   14  15   16   17  18
                                     12Z  AVG MX 2MIN
DY MAX MIN AVG DEP HDD CDD  WTR  SNW DPTH SPD SPD DIR MIN PSBL S-S WX    SPD DR
================================================================================

 1  90  75  83   0   0  18 0.10  0.0    0  7.3 14  20   M    M   7 13     18  30
 2  84  72  78  -6   0  13 0.00  0.0    0  4.7  9 340   M    M   4 18      M  M
 3  91  72  82  -2   0  17 0.00  0.0    0  3.4 12  40   M    M   5 18     19  40
 4  93  76  85   1   0  20    T  0.0    0  4.0 17  80   M    M   4 18     21  90
 5  94  77  86   2   0  21    T  0.0    0  4.3 15 140   M    M   1        18 140
 6  93  77  85   1   0  20    T  0.0    0  4.8 14 160   M    M   2        19 130
 7  94  77  86   2   0  21 0.00  0.0    0  5.5 15 170   M    M   1 138    20 170
 8  95  77  86   2   0  21 0.00  0.0    0  6.8 16 160   M    M   1        24 160
 9  93  78  86   2   0  21 0.21  0.0    0  7.0 15 340   M    M   1 3      20 180
10  93  78  86   2   0  21 0.00  0.0    0  5.8 13 160   M    M   1 3      16 180
11  96  74  85   1   0  20    T  0.0    0  5.8 21 160   M    M   2 3      24 160
12  97  74  86   2   0  21 0.00  0.0    0  7.5 20  70   M    M   2 8      24  60
13  95  76  86   2   0  21 0.00  0.0    0 10.2 22  80   M    M   3 8      26  90
14  92  77  85   1   0  20 0.00  0.0    0 11.6 24  90   M    M   3        30  90
15  94  76  85   1   0  20 0.00  0.0    0 11.0 22 150   M    M   1 8      27 160
16  97  79  88   4   0  23 0.00  0.0    0 12.2 21 170   M    M   1 3      26 170
17  96  78  87   3   0  22 0.00  0.0    0 13.4 23 180   M    M   1        30 180
18  95  78  87   3   0  22 0.05  0.0    0  7.3 25 150   M    M   1 3      35 180
19  91  77  84   0   0  19 0.00  0.0    0  6.9 20 140   M    M   0 3      26 180
20  94  77  86   3   0  21 0.03  0.0    0  7.0 18 160   M    M   1 3      28 170
21  96  80  88   5   0  23 0.00  0.0    0  8.2 21 170   M    M   1        30 160
22  96  76  86   3   0  21 0.00  0.0    0  5.5 17 170   M    M   1        26 170
23  95  75  85   2   0  20 0.00  0.0    0  4.3 18 170   M    M   1 3      26 170
24  97  75  86   3   0  21 0.00  0.0    0  3.8 16 140   M    M   1        24 120
25  98  76  87   4   0  22 0.00  0.0    0  4.5 24  80   M    M   1        29  90
26  95  77  86   3   0  21 0.00  0.0    0  8.4 25  80   M    M   2 3      31  90
27  92  79  86   3   0  21 0.10  0.0    0 13.3 25  90   M    M   2 13     32 120
28  85  76  81  -2   0  16 0.05  0.0    0 12.1 22 110   M    M   2 13     32 100
29  88  77  83   1   0  18 0.50  0.0    0 10.3 28 110   M    M   4 138    39  90
================================================================================
SM 2709 2216         0 585  1.04     0.0 216.9          M       57
================================================================================
AV 93.4 76.4                               7.5 FASTST   M    M   2    MAX(MPH)
                                 MISC ---->  # 28 110               # 39   90
================================================================================
NOTES:
# LAST OF SEVERAL OCCURRENCES

COLUMN 17 PEAK WIND IN M.P.H.

PRELIMINARY LOCAL CLIMATOLOGICAL DATA (WS FORM: F-6) , PAGE 2

                                          STATION:  HOUSTON/CLOVER_FIELD
                                          MONTH:    AUGUST
                                          YEAR:     2014
                                          LATITUDE:   29 31 N
                                          LONGITUDE:  95 14 W

[TEMPERATURE DATA]      [PRECIPITATION DATA]       SYMBOLS USED IN COLUMN 16

AVERAGE MONTHLY: 84.9   TOTAL FOR MONTH:   1.04    1 = FOG OR MIST
DPTR FM NORMAL:   1.3   DPTR FM NORMAL:   -3.04    2 = FOG REDUCING VISIBILITY
HIGHEST:    98 ON 25    GRTST 24HR  0.50 ON 29-29      TO 1/4 MILE OR LESS
LOWEST:     72 ON  3, 2                            3 = THUNDER
                        SNOW, ICE PELLETS, HAIL    4 = ICE PELLETS
                        TOTAL MONTH:   0.0 INCH    5 = HAIL
                        GRTST 24HR     0.0         6 = FREEZING RAIN OR DRIZZLE
                        GRTST DEPTH:   0           7 = DUSTSTORM OR SANDSTORM:
                                                       VSBY 1/2 MILE OR LESS
                                                   8 = SMOKE OR HAZE
[NO. OF DAYS WITH]      [WEATHER - DAYS WITH]      9 = BLOWING SNOW
                                                   X = TORNADO
MAX 32 OR BELOW:   0    0.01 INCH OR MORE:   7
MAX 90 OR ABOVE:  26    0.10 INCH OR MORE:   4
MIN 32 OR BELOW:   0    0.50 INCH OR MORE:   1
MIN  0 OR BELOW:   0    1.00 INCH OR MORE:   0

[HDD (BASE 65) ]
TOTAL THIS MO.     0    CLEAR  (SCALE 0-3)  24
DPTR FM NORMAL     0    PTCLDY (SCALE 4-7)   5
TOTAL FM JUL 1     0    CLOUDY (SCALE 8-10)  0
DPTR FM NORMAL     0

[CDD (BASE 65) ]
TOTAL THIS MO.   585
DPTR FM NORMAL    49    [PRESSURE DATA]
TOTAL FM JAN 1  2286    HIGHEST SLP M ON M
DPTR FM NORMAL   106    LOWEST  SLP 29.83 ON  7

[REMARKS]
