000
CXUS54 KHGX 301415
CF6LVJ
PRELIMINARY LOCAL CLIMATOLOGICAL DATA (WS FORM: F-6)

                                          STATION:   HOUSTON/CLOVER_FIELD
                                          MONTH:     JANUARY
                                          YEAR:      2015
                                          LATITUDE:   29 31 N
                                          LONGITUDE:  95 14 W

  TEMPERATURE IN F:       :PCPN:    SNOW:  WIND      :SUNSHINE: SKY     :PK WND
================================================================================
1   2   3   4   5  6A  6B    7    8   9   10  11  12  13   14  15   16   17  18
                                     12Z  AVG MX 2MIN
DY MAX MIN AVG DEP HDD CDD  WTR  SNW DPTH SPD SPD DIR MIN PSBL S-S WX    SPD DR
================================================================================

 1  48  43  46  -7  19   0 0.05    M    0 11.1 23  70   M    M  10 18     26  80
 2  58  47  53   0  12   0 0.35  0.0    0  9.8 15  80   M    M  10 123    21  80
 3  57  42  50  -3  15   0 0.82  0.0    0  5.8 16 320   M    M   7 13     24 290
 4  57  40  49  -4  16   0 0.00  0.0    0  6.8 17  20   M    M   0 1      27 320
 5  52  34  43 -10  22   0 0.00  0.0    0  8.9 16  30   M    M   0        24  50
 6  66  36  51  -2  14   0 0.00  0.0    0  5.0 12 150   M    M   0        15 160
 7  63  42  53   0  12   0 0.00  0.0    0 11.5 25  30   M    M   6 18     33  40
 8  43  31  37 -16  28   0 0.00  0.0    0  8.2 21  50   M    M   1        26  50
 9  44  38  41 -12  24   0 0.04  0.0    0 11.8 21  60   M    M  10 18     25  60
10  43  38  41 -12  24   0 0.31    M    0 11.4 22  70   M    M  10 1      27  70
11  50  41  46  -7  19   0 0.94    M    0  6.9 22  80   M    M  10 123    27  90
12  50  45  48  -5  17   0 0.00  0.0    0  8.8 17  20   M    M  10 1      24  50
13  47  44  46  -7  19   0 0.01  0.0    0 10.2 18  40   M    M  10        28  40
14  46  42  44  -9  21   0 0.03  0.0    0  9.7 13  40   M    M  10        19  50
15  54  40  47  -6  18   0 0.03  0.0    0  5.9 13  40   M    M   5 1      19  50
16  61  33  47  -6  18   0 0.00  0.0    0  4.7 13 150   M    M   0 1      16 150
17  68  41  55   2  10   0 0.00  0.0    0  7.9 15 190   M    M   2 18     28 180
18  68  41  55   2  10   0 0.00  0.0    0  6.2 16 160   M    M   0        19 160
19  72  36  54   1  11   0 0.00  0.0    0  5.8 15 160   M    M   1 12     26 160
20  75  49  62   9   3   0 0.00  0.0    0  5.5 13  80   M    M   4 12     18 160
21  64  57  61   8   4   0    T  0.0    0 11.0 21  80   M    M   9 128    29  80
22  63  46  55   1  10   0 2.81    M    0 16.5 30  30   M    M  10 18     43  40
23  47  41  44 -10  21   0 0.02    M    0  7.5 17  20   M    M   8 1      26 330
24  62  34  48  -6  17   0 0.00  0.0    0  5.9 14 200   M    M   0 1      18 190
25  71  44  58   4   7   0 0.00  0.0    0  6.7 15 300   M    M   0        22 280
26  68  39  54   0  11   0 0.00  0.0    0  5.8 10 170   M    M   0 8      16 330
27  79  49  64  10   1   0 0.00  0.0    0  3.7 12 290   M    M   0        16 280
28  78  46  62   8   3   0 0.00  0.0    0  5.3 15 150   M    M   1 12     22 170
29  76  50  63   9   2   0 0.00  0.0    0  3.9 13  40   M    M   5 12     16  50
================================================================================
SM 1730 1209       408   0  5.41     0.0 228.2          M      139
================================================================================
AV 59.7 41.7                               7.9 FASTST   M    M   5    MAX(MPH)
                                 MISC ---->  # 30  30               # 43   40
================================================================================
NOTES:
# LAST OF SEVERAL OCCURRENCES

COLUMN 17 PEAK WIND IN M.P.H.

PRELIMINARY LOCAL CLIMATOLOGICAL DATA (WS FORM: F-6) , PAGE 2

                                          STATION:  HOUSTON/CLOVER_FIELD
                                          MONTH:    JANUARY
                                          YEAR:     2015
                                          LATITUDE:   29 31 N
                                          LONGITUDE:  95 14 W

[TEMPERATURE DATA]      [PRECIPITATION DATA]       SYMBOLS USED IN COLUMN 16

AVERAGE MONTHLY: 50.7   TOTAL FOR MONTH:   5.41    1 = FOG OR MIST
DPTR FM NORMAL:  -2.6   DPTR FM NORMAL:    1.50    2 = FOG REDUCING VISIBILITY
HIGHEST:    79 ON 27    GRTST 24HR  2.83 ON 22-23      TO 1/4 MILE OR LESS
LOWEST:     31 ON  8                               3 = THUNDER
                        SNOW, ICE PELLETS, HAIL    4 = ICE PELLETS
                        TOTAL MONTH:   0.0 INCH    5 = HAIL
                        GRTST 24HR     0.0         6 = FREEZING RAIN OR DRIZZLE
                        GRTST DEPTH:   0           7 = DUSTSTORM OR SANDSTORM:
                                                       VSBY 1/2 MILE OR LESS
                                                   8 = SMOKE OR HAZE
[NO. OF DAYS WITH]      [WEATHER - DAYS WITH]      9 = BLOWING SNOW
                                                   X = TORNADO
MAX 32 OR BELOW:   0    0.01 INCH OR MORE:  11
MAX 90 OR ABOVE:   0    0.10 INCH OR MORE:   5
MIN 32 OR BELOW:   1    0.50 INCH OR MORE:   3
MIN  0 OR BELOW:   0    1.00 INCH OR MORE:   1

[HDD (BASE 65) ]
TOTAL THIS MO.   408    CLEAR  (SCALE 0-3)  13
DPTR FM NORMAL    58    PTCLDY (SCALE 4-7)   5
TOTAL FM JUL 1   821    CLOUDY (SCALE 8-10) 11
DPTR FM NORMAL   -27

[CDD (BASE 65) ]
TOTAL THIS MO.     0
DPTR FM NORMAL     0    [PRESSURE DATA]
TOTAL FM JAN 1     0    HIGHEST SLP M ON M
DPTR FM NORMAL     0    LOWEST  SLP 29.88 ON  3

[REMARKS]
