000
CXUS54 KHGX 011415
CF6LVJ
PRELIMINARY LOCAL CLIMATOLOGICAL DATA (WS FORM: F-6)

                                          STATION:   HOUSTON/CLOVER_FIELD
                                          MONTH:     JUNE
                                          YEAR:      2015
                                          LATITUDE:   29 31 N
                                          LONGITUDE:  95 14 W

  TEMPERATURE IN F:       :PCPN:    SNOW:  WIND      :SUNSHINE: SKY     :PK WND
================================================================================
1   2   3   4   5  6A  6B    7    8   9   10  11  12  13   14  15   16   17  18
                                     12Z  AVG MX 2MIN
DY MAX MIN AVG DEP HDD CDD  WTR  SNW DPTH SPD SPD DIR MIN PSBL S-S WX    SPD DR
================================================================================

 1  91  68  80   0   0  15 0.00  0.0    0  3.8 10 160   M    M   2        13 150
 2  91  70  81   1   0  16 0.00  0.0    0  2.7  9 160   M    M   2        12 160
 3  90  71  81   1   0  16 0.00  0.0    0  2.7 14 180   M    M   2        18 170
 4  90  70  80   0   0  15 0.00  0.0    0  3.7 13 140   M    M   2        17 130
 5  93  72  83   3   0  18 0.00  0.0    0  3.1 13  80   M    M   1 1      17 110
 6  93  73  83   2   0  18 0.00  0.0    0  3.1 10 160   M    M   1        14 170
 7  94  73  84   3   0  19 0.00  0.0    0  3.3 13 160   M    M   0        18 180
 8  93  73  83   2   0  18 0.00  0.0    0  3.0 14 150   M    M   1        18 150
 9  92  75  84   3   0  19 0.09  0.0    0  2.5 12 100   M    M   2 13     15 320
10  93  74  84   3   0  19 0.00  0.0    0  3.5 13 160   M    M   1        18 140
11  91  75  83   2   0  18 0.05  0.0    0  6.0 21 130   M    M   2        26 130
12  94  76  85   3   0  20 0.00  0.0    0  9.6 23 120   M    M   1        26 100
13  86  72  79  -3   0  14 0.94  0.0    0  9.0 21 120   M    M   3 13     30 130
14  91  76  84   2   0  19 0.03  0.0    0 10.8 23 110   M    M   2 1      28 100
15  89  78  84   2   0  19 0.17  0.0    0 11.4 30  80   M    M   5 13     62 270
16  82  76  79  -3   0  14 0.84  0.0    0 14.0 28 140   M    M   8 13     38 130
17  84  76  80  -2   0  15 2.40  0.0    0 10.0 23 170   M    M   9 18     34 140
18  89  80  85   3   0  20 0.00  0.0    0  8.0 14 160   M    M   3 8      23 120
19  91  78  85   3   0  20 0.02  0.0    0  3.6 16 140   M    M   2 13     23 120
20  92  75  84   2   0  19 0.00  0.0    0  6.2 22 110   M    M   2 13     27 140
21  92  81  87   5   0  22 0.00  0.0    0  8.2 17 150   M    M   4 1      25 120
22  91  77  84   2   0  19 0.00  0.0    0  5.5 13 150   M    M   1        21 120
23  93  77  85   3   0  20 0.00  0.0    0  4.0 14 130   M    M   1        25 120
24  94  75  85   3   0  20 0.00  0.0    0  4.1 15 130   M    M   1        24 120
25  93  75  84   2   0  19    T  0.0    0  4.3 14 140   M    M   1 3      23 120
26  93  77  85   3   0  20    T  0.0    0  4.3 13 190   M    M   1        17 180
27  93  78  86   3   0  21 0.00  0.0    0  5.6 15 160   M    M   1 3      21 200
28  91  75  83   0   0  18 0.26  0.0    0  3.0 20 170   M    M   3 13     28 150
29  91  78  85   2   0  20 0.03  0.0    0  3.8 15 260   M    M   2 3      21 240
30  91  72  82  -1   0  17 1.83  0.0    0  6.5 30 130   M    M   2 1238   36 130
================================================================================
SM 2731 2246         0 547  6.66     0.0 169.3          M       68
================================================================================
AV 91.0 74.9                               5.6 FASTST   M    M   2    MAX(MPH)
                                 MISC ---->  # 30  80               # 62  270
================================================================================
NOTES:
# LAST OF SEVERAL OCCURRENCES

COLUMN 17 PEAK WIND IN M.P.H.

PRELIMINARY LOCAL CLIMATOLOGICAL DATA (WS FORM: F-6) , PAGE 2

                                          STATION:  HOUSTON/CLOVER_FIELD
                                          MONTH:    JUNE
                                          YEAR:     2015
                                          LATITUDE:   29 31 N
                                          LONGITUDE:  95 14 W

[TEMPERATURE DATA]      [PRECIPITATION DATA]       SYMBOLS USED IN COLUMN 16

AVERAGE MONTHLY: 82.9   TOTAL FOR MONTH:   6.66    1 = FOG OR MIST
DPTR FM NORMAL:   1.3   DPTR FM NORMAL:    1.11    2 = FOG REDUCING VISIBILITY
HIGHEST:    94 ON 24,12 GRTST 24HR  2.40 ON 17-17      TO 1/4 MILE OR LESS
LOWEST:     68 ON  1                               3 = THUNDER
                        SNOW, ICE PELLETS, HAIL    4 = ICE PELLETS
                        TOTAL MONTH:   0.0 INCH    5 = HAIL
                        GRTST 24HR     0.0         6 = FREEZING RAIN OR DRIZZLE
                        GRTST DEPTH:   0           7 = DUSTSTORM OR SANDSTORM:
                                                       VSBY 1/2 MILE OR LESS
                                                   8 = SMOKE OR HAZE
[NO. OF DAYS WITH]      [WEATHER - DAYS WITH]      9 = BLOWING SNOW
                                                   X = TORNADO
MAX 32 OR BELOW:   0    0.01 INCH OR MORE:  11
MAX 90 OR ABOVE:  25    0.10 INCH OR MORE:   6
MIN 32 OR BELOW:   0    0.50 INCH OR MORE:   4
MIN  0 OR BELOW:   0    1.00 INCH OR MORE:   2

[HDD (BASE 65) ]
TOTAL THIS MO.     0    CLEAR  (SCALE 0-3)  25
DPTR FM NORMAL     0    PTCLDY (SCALE 4-7)   3
TOTAL FM JUL 1  1238    CLOUDY (SCALE 8-10)  2
DPTR FM NORMAL   -53

[CDD (BASE 65) ]
TOTAL THIS MO.   547
DPTR FM NORMAL    49    [PRESSURE DATA]
TOTAL FM JAN 1  1327    HIGHEST SLP 30.17 ON 24
DPTR FM NORMAL   239    LOWEST  SLP 29.80 ON 10

[REMARKS]
#FINAL-06-15#
