000
CXUS56 KMTR 281000
CF6LVK
PRELIMINARY LOCAL CLIMATOLOGICAL DATA (WS FORM: F-6)

                                          STATION:   LIVERMORE AIRPORT
                                          MONTH:     FEBRUARY
                                          YEAR:      2015
                                          LATITUDE:   37 42 N
                                          LONGITUDE: 121 49 W

  TEMPERATURE IN F:       :PCPN:    SNOW:  WIND      :SUNSHINE: SKY     :PK WND
================================================================================
1   2   3   4   5  6A  6B    7    8   9   10  11  12  13   14  15   16   17  18
                                     12Z  AVG MX 2MIN
DY MAX MIN AVG DEP HDD CDD  WTR  SNW DPTH SPD SPD DIR MIN PSBL S-S WX    SPD DR
================================================================================

 1  68  37  53   5  12   0 0.00  0.0    0  1.3 12  60   M    M   0        14  50
 2  67  42  55   7  10   0 0.00  0.0    0  2.3 14  70   M    M   0 18     16  80
 3  69  47  58  10   7   0 0.00  0.0    0  2.8 13  60   M    M   1 18     17  80
 4  69  43  56   8   9   0 0.00  0.0    0  1.4  9 290   M    M   3 128    12 280
 5  65  47  56   7   9   0 0.00  0.0    0  2.8 16 240   M    M   0 18     20 230
 6  68  56  62  13   3   0 0.96  0.0    0 12.5 24 190   M    M   7        35 190
 7  69  53  61  12   4   0 0.60  0.0    0  4.0 22 200   M    M   6 12     29 200
 8  67  50  59  10   6   0 0.69  0.0    0  9.3 23 190   M    M   8 12     32 200
 9  67  49  58   9   7   0 0.01    M    M  6.1 17 230   M    M   5 1      25 220
10  64  40  52   2  13   0 0.00  0.0    0  4.4 14  80   M    M   1        17  30
11  66  40  53   3  12   0 0.00  0.0    0  3.9 14  60   M    M   0        18  80
12  70  45  58   8   7   0 0.00  0.0    0  3.5 14  80   M    M   0 1      17  80
13  72  45  59   9   6   0 0.00  0.0    0  3.1 13  50   M    M   0        15  50
14  74  44  59   9   6   0 0.00  0.0    0  3.6 13  60   M    M   0 18     16  80
15  77  42  60  10   5   0 0.00  0.0    0  1.3 10  60   M    M   0        13  60
16  71  43  57   6   8   0 0.00  0.0    0  2.5 10  80   M    M   0 1      15  50
17  59  54  57   6   8   0 0.00  0.0    0  5.7 12 280   M    M  10 18     13 280
18  68  50  59   8   6   0 0.00  0.0    0  2.3  8  40   M    M   5 18     20 210
19  66  49  58   7   7   0 0.00  0.0    0  1.5  7  80   M    M   6 128     8  60
20  71  46  59   8   6   0 0.00    M    0  2.8 15  90   M    M   5 12     18  90
21  68  41  55   3  10   0 0.00  0.0    0  3.2 14  80   M    M   0 1      16  80
22  65  45  55   3  10   0 0.00  0.0    0 11.0 28 350   M    M   1        36  10
23  62  38  50  -2  15   0 0.00  0.0    0  6.6 24  10   M    M   1 8      33  10
24  69  33  51  -1  14   0 0.00  0.0    0  1.9  8 280   M    M   0        10 180
25  71  38  55   3  10   0 0.00  0.0    0  2.1 12 280   M    M   1        14 280
26  73  42  58   6   7   0 0.00  0.0    0  3.7 15 290   M    M   0        17 290
27  63  47  55   3  10   0 0.00  0.0    0 10.3 26 250   M    M   4        31 250
================================================================================
SM 1838 1206       227   0  2.26     0.0 115.9          M       64
================================================================================
AV 68.1 44.7                               4.3 FASTST   M    M   2    MAX(MPH)
                                 MISC ---->  # 28 350               # 36   10
================================================================================
NOTES:
# LAST OF SEVERAL OCCURRENCES

COLUMN 17 PEAK WIND IN M.P.H.

PRELIMINARY LOCAL CLIMATOLOGICAL DATA (WS FORM: F-6) , PAGE 2

                                          STATION:  LIVERMORE AIRPORT
                                          MONTH:    FEBRUARY
                                          YEAR:     2015
                                          LATITUDE:   37 42 N
                                          LONGITUDE: 121 49 W

[TEMPERATURE DATA]      [PRECIPITATION DATA]       SYMBOLS USED IN COLUMN 16

AVERAGE MONTHLY: 56.4   TOTAL FOR MONTH:   2.26    1 = FOG OR MIST
DPTR FM NORMAL:   6.1   DPTR FM NORMAL:   -0.66    2 = FOG REDUCING VISIBILITY
HIGHEST:    77 ON 15    GRTST 24HR  1.26 ON  6- 7      TO 1/4 MILE OR LESS
LOWEST:     33 ON 24                               3 = THUNDER
                        SNOW, ICE PELLETS, HAIL    4 = ICE PELLETS
                        TOTAL MONTH:   0.0 INCH    5 = HAIL
                        GRTST 24HR     0.0         6 = FREEZING RAIN OR DRIZZLE
                        GRTST DEPTH:   0           7 = DUSTSTORM OR SANDSTORM:
                                                       VSBY 1/2 MILE OR LESS
                                                   8 = SMOKE OR HAZE
[NO. OF DAYS WITH]      [WEATHER - DAYS WITH]      9 = BLOWING SNOW
                                                   X = TORNADO
MAX 32 OR BELOW:   0    0.01 INCH OR MORE:   4
MAX 90 OR ABOVE:   0    0.10 INCH OR MORE:   3
MIN 32 OR BELOW:   0    0.50 INCH OR MORE:   3
MIN  0 OR BELOW:   0    1.00 INCH OR MORE:   0

[HDD (BASE 65) ]
TOTAL THIS MO.   227    CLEAR  (SCALE 0-3)  17
DPTR FM NORMAL  -170    PTCLDY (SCALE 4-7)   9
TOTAL FM JUL 1  1173    CLOUDY (SCALE 8-10)  1
DPTR FM NORMAL  -822

[CDD (BASE 65) ]
TOTAL THIS MO.     0
DPTR FM NORMAL     0    [PRESSURE DATA]
TOTAL FM JAN 1     0    HIGHEST SLP M ON M
DPTR FM NORMAL     0    LOWEST  SLP 29.76 ON M

[REMARKS]
