000
CXUS56 KMTR 281000
CF6LVK
PRELIMINARY LOCAL CLIMATOLOGICAL DATA (WS FORM: F-6)

                                          STATION:   LIVERMORE AIRPORT
                                          MONTH:     JULY
                                          YEAR:      2015
                                          LATITUDE:   37 42 N
                                          LONGITUDE: 121 49 W

  TEMPERATURE IN F:       :PCPN:    SNOW:  WIND      :SUNSHINE: SKY     :PK WND
================================================================================
1   2   3   4   5  6A  6B    7    8   9   10  11  12  13   14  15   16   17  18
                                     12Z  AVG MX 2MIN
DY MAX MIN AVG DEP HDD CDD  WTR  SNW DPTH SPD SPD DIR MIN PSBL S-S WX    SPD DR
================================================================================

 1 105  71  88  17   0  23    T  0.0    0  5.7 22 310   M    M   0 3      26 300
 2  91  67  79   8   0  14    T  0.0    0  8.1 16 160   M    M   1        23 170
 3  94  63  79   8   0  14 0.00  0.0    0  8.8 22 290   M    M   0        25 290
 4  93  60  77   5   0  12 0.00  0.0    0  9.9 20 290   M    M   2 8      25 290
 5  84  62  73   1   0   8 0.00  0.0    0 12.9 24 280   M    M   2 8      28 270
 6  84  62  73   1   0   8 0.00  0.0    0 11.7 18 250   M    M   3        23 260
 7  82  62  72   0   0   7 0.00  0.0    0 12.7 24 280   M    M   4        29 280
 8  78  63  71  -1   0   6 0.00  0.0    0 13.2 23 270   M    M   7        29 270
 9  76  62  69  -3   0   4    T  0.0    0 12.1 21 270   M    M   9        26 280
10  79  62  71  -1   0   6    T  0.0    0 10.4 20 260   M    M   5        23 280
11  81  62  72   0   0   7 0.00  0.0    0 11.1 23 290   M    M   3        28 290
12  82  63  73   1   0   8 0.00  0.0    0 10.8 23 280   M    M   1        26 280
13  86  63  75   3   0  10 0.00  0.0    0  8.3 20 290   M    M   4        24 280
14  80  63  72  -1   0   7 0.00  0.0    0 10.6 20 290   M    M   6        24 290
15  92  62  77   4   0  12 0.00  0.0    0  6.2 20 300   M    M   3        24 310
16  94  61  78   5   0  13 0.00  0.0    0  7.6 21 300   M    M   0        24 300
17  94  61  78   5   0  13 0.00  0.0    0  8.5 18 280   M    M   0        22 270
18  88  61  75   2   0  10 0.00  0.0    0  9.7 22 280   M    M   2 3      24 280
19  95  65  80   7   0  15    T  0.0    0  6.2 18 270   M    M   2        21 270
20  95  66  81   8   0  16 0.00  0.0    0  7.7 21 260   M    M   0        25 260
21  87  63  75   2   0  10 0.00  0.0    0 11.9 23 300   M    M   0        26 300
22  79  60  70  -3   0   5 0.00  0.0    0 13.2 22 270   M    M   0        28 300
23  80  59  70  -3   0   5 0.00  0.0    0 10.2 20 280   M    M   2        24 280
24  89  57  73   0   0   8 0.00  0.0    0  7.5 18 290   M    M   0        23 300
25  85  59  72  -1   0   7 0.00  0.0    0  8.9 21 290   M    M   1        24 290
26  87  61  74   1   0   9 0.00  0.0    0  8.1 18 280   M    M   2        29 260
27  96  59  78   5   0  13 0.00  0.0    0  5.0 18 270   M    M   0        23 270
================================================================================
SM 2356 1679         0 270    T      0.0 257.0          M       59
================================================================================
AV 87.3 62.2                               9.5 FASTST   M    M   2    MAX(MPH)
                                 MISC ---->  # 24 280               # 29  280
================================================================================
NOTES:
# LAST OF SEVERAL OCCURRENCES

COLUMN 17 PEAK WIND IN M.P.H.

PRELIMINARY LOCAL CLIMATOLOGICAL DATA (WS FORM: F-6) , PAGE 2

                                          STATION:  LIVERMORE AIRPORT
                                          MONTH:    JULY
                                          YEAR:     2015
                                          LATITUDE:   37 42 N
                                          LONGITUDE: 121 49 W

[TEMPERATURE DATA]      [PRECIPITATION DATA]       SYMBOLS USED IN COLUMN 16

AVERAGE MONTHLY: 74.7   TOTAL FOR MONTH:      T    1 = FOG OR MIST
DPTR FM NORMAL:   2.3   DPTR FM NORMAL:   -0.00    2 = FOG REDUCING VISIBILITY
HIGHEST:   105 ON  1    GRTST 24HR    T  ON 19-19      TO 1/4 MILE OR LESS
LOWEST:     57 ON 24                               3 = THUNDER
                        SNOW, ICE PELLETS, HAIL    4 = ICE PELLETS
                        TOTAL MONTH:   0.0 INCH    5 = HAIL
                        GRTST 24HR     0.0         6 = FREEZING RAIN OR DRIZZLE
                        GRTST DEPTH:   0           7 = DUSTSTORM OR SANDSTORM:
                                                       VSBY 1/2 MILE OR LESS
                                                   8 = SMOKE OR HAZE
[NO. OF DAYS WITH]      [WEATHER - DAYS WITH]      9 = BLOWING SNOW
                                                   X = TORNADO
MAX 32 OR BELOW:   0    0.01 INCH OR MORE:   0
MAX 90 OR ABOVE:  10    0.10 INCH OR MORE:   0
MIN 32 OR BELOW:   0    0.50 INCH OR MORE:   0
MIN  0 OR BELOW:   0    1.00 INCH OR MORE:   0

[HDD (BASE 65) ]
TOTAL THIS MO.     0    CLEAR  (SCALE 0-3)  21
DPTR FM NORMAL     0    PTCLDY (SCALE 4-7)   5
TOTAL FM JUL 1     0    CLOUDY (SCALE 8-10)  1
DPTR FM NORMAL     0

[CDD (BASE 65) ]
TOTAL THIS MO.   270
DPTR FM NORMAL    68    [PRESSURE DATA]
TOTAL FM JAN 1   569    HIGHEST SLP M ON M
DPTR FM NORMAL   204    LOWEST  SLP 29.77 ON 17

[REMARKS]
