000
CXUS53 KTOP 190800
CF6LWC
PRELIMINARY LOCAL CLIMATOLOGICAL DATA (WS FORM: F-6)

                                          STATION:   Lawrence KS
                                          MONTH:     OCTOBER
                                          YEAR:      2017
                                          LATITUDE:   39  0 N
                                          LONGITUDE:  95 13 W

  TEMPERATURE IN F:       :PCPN:    SNOW:  WIND      :SUNSHINE: SKY     :PK WND
================================================================================
1   2   3   4   5  6A  6B    7    8   9   10  11  12  13   14  15   16   17  18
                                     12Z  AVG MX 2MIN
DY MAX MIN AVG DEP HDD CDD  WTR  SNW DPTH SPD SPD DIR MIN PSBL S-S WX    SPD DR
================================================================================

 1  78  60  69   7   0   4    T    M    M 10.9 22 130   M    M   4        29 130
 2  86  61  74  13   0   9 0.00    M    M 13.8 25 140   M    M   1        33 150
 3  85  66  76  15   0  11 0.00    M    M 10.6 21 170   M    M   7 8      27 140
 4  66  60  63   3   2   0 0.12    M    M  6.6 15  60   M    M  10 1      18  40
 5  76  61  69   9   0   4 0.05    M    M  6.6 13 150   M    M   9 1      18 150
 6  79  68  74  14   0   9 0.35    M    M 11.0 23 150   M    M   6 13     32 150
 7  76  50  63   4   2   0 0.40    M    M 10.7 29 260   M    M   4 1      34 250
 8  81  46  64   5   1   0 0.00    M    M  5.0 15 150   M    M   0        19 180
 9  78  46  62   3   3   0 0.01    M    M  8.1 22 340   M    M   2 18     29  10
10  53  45  49  -9  16   0 0.15    M    M 12.5 23 340   M    M  10 13     29 340
11  65  43  54  -4  11   0 0.00    M    M  4.6 10 290   M    M   4        13 280
12  73  43  58   0   7   0 0.00    M    M 10.2 21 130   M    M   3 1      26 140
13  84  56  70  13   0   5 0.00    M    M  7.0 15 200   M    M   2 8      19 210
14  81  54  68  11   0   3    M    M    M  5.1 39 190   M    M   3 13     72 160
15  62  38  50  -6  15   0 0.00    M    M 10.4 28 310   M    M   2        37 320
16  70  35  53  -3  12   0 0.00    M    M  5.3 15 170   M    M   0 1      22 200
17  73  43  58   2   7   0 0.00    M    M  9.6 22 190   M    M   0        27 200
18  76  47  62   7   3   0 0.00    M    M  8.0 20 180   M    M   0 8      25 180
================================================================================
SM 1342  922        79  45  1.08    M    156.0          M       67
================================================================================
AV 74.6 51.2                               8.7 FASTST   M    M   4    MAX(MPH)
                                 MISC ---->  # 39 190               # 72  160
================================================================================
NOTES:
# LAST OF SEVERAL OCCURRENCES

COLUMN 17 PEAK WIND IN M.P.H.

PRELIMINARY LOCAL CLIMATOLOGICAL DATA (WS FORM: F-6) , PAGE 2

                                          STATION:  Lawrence KS
                                          MONTH:    OCTOBER
                                          YEAR:     2017
                                          LATITUDE:   39  0 N
                                          LONGITUDE:  95 13 W

[TEMPERATURE DATA]      [PRECIPITATION DATA]       SYMBOLS USED IN COLUMN 16

AVERAGE MONTHLY: 62.9   TOTAL FOR MONTH:   1.08    1 = FOG OR MIST
DPTR FM NORMAL:   4.4   DPTR FM NORMAL:   -0.85    2 = FOG REDUCING VISIBILITY
HIGHEST:    86 ON  2    GRTST 24HR  0.40 ON  7- 7      TO 1/4 MILE OR LESS
LOWEST:     35 ON 16                               3 = THUNDER
                        SNOW, ICE PELLETS, HAIL    4 = ICE PELLETS
                        TOTAL MONTH:    M          5 = HAIL
                        GRTST 24HR    M  ON   M    6 = FREEZING RAIN OR DRIZZLE
                        GRTST DEPTH:  M  ON   M    7 = DUSTSTORM OR SANDSTORM:
                                                       VSBY 1/2 MILE OR LESS
                                                   8 = SMOKE OR HAZE
[NO. OF DAYS WITH]      [WEATHER - DAYS WITH]      9 = BLOWING SNOW
                                                   X = TORNADO
MAX 32 OR BELOW:   0    0.01 INCH OR MORE:   6
MAX 90 OR ABOVE:   0    0.10 INCH OR MORE:   4
MIN 32 OR BELOW:   0    0.50 INCH OR MORE:   0
MIN  0 OR BELOW:   0    1.00 INCH OR MORE:   0

[HDD (BASE 65) ]
TOTAL THIS MO.    79    CLEAR  (SCALE 0-3)  10
DPTR FM NORMAL   -60    PTCLDY (SCALE 4-7)   5
TOTAL FM JUL 1   101    CLOUDY (SCALE 8-10)  3
DPTR FM NORMAL  -101

[CDD (BASE 65) ]
TOTAL THIS MO.    45
DPTR FM NORMAL    21    [PRESSURE DATA]
TOTAL FM JAN 1  1327    HIGHEST SLP M ON M
DPTR FM NORMAL   -41    LOWEST  SLP 29.42 ON  7

[REMARKS]
