000
CXUS56 KOTX 281500
CF6LWS
PRELIMINARY LOCAL CLIMATOLOGICAL DATA (WS FORM: F-6)

                                          STATION:   LEWISTON ID AIRPORT
                                          MONTH:     JULY
                                          YEAR:      2016
                                          LATITUDE:   46 22 N
                                          LONGITUDE: 117  1 W

  TEMPERATURE IN F:       :PCPN:    SNOW:  WIND      :SUNSHINE: SKY     :PK WND
================================================================================
1   2   3   4   5  6A  6B    7    8   9   10  11  12  13   14  15   16   17  18
                                     12Z  AVG MX 2MIN
DY MAX MIN AVG DEP HDD CDD  WTR  SNW DPTH SPD SPD DIR MIN PSBL S-S WX    SPD DR
================================================================================

 1  93  59  76   6   0  11 0.00  0.0    0  5.1 18 310   M    M   0        26 330
 2  88  60  74   3   0   9 0.00  0.0    0  3.7 13 350   M    M   0        14 320
 3  90  61  76   5   0  11 0.00  0.0    0 10.2 29 290   M    M   0        38 290
 4  82  62  72   1   0   7 0.00  0.0    0 10.6 24 290   M    M   0        38 300
 5  80  54  67  -5   0   2    T  0.0    0  5.8 20 300   M    M   3        24 290
 6  81  57  69  -3   0   4 0.06  0.0    0  6.1 17 290   M    M   3        22 300
 7  86  54  70  -2   0   5 0.00  0.0    0  6.4 22 290   M    M   1        28 270
 8  67  60  64  -9   1   0 0.20  0.0    0  4.6 16 300   M    M   8        21 310
 9  79  59  69  -4   0   4 0.97  0.0    0  4.2 16 170   M    M   7 13     19 170
10  60  55  58 -15   7   0 0.29  0.0    0  6.7 14 190   M    M   9 1      17 190
11  77  51  64 -10   1   0 0.00  0.0    0  5.8 16 150   M    M   4        24 140
12  78  55  67  -7   0   2 0.03  0.0    0  4.7 12 160   M    M   3 3      15  90
13  85  56  71  -3   0   6 0.00  0.0    0  4.4 12 310   M    M   1        16 310
14  91  57  74   0   0   9 0.00  0.0    0  2.7  9  10   M    M   0        12 320
15  82  60  71  -4   0   6 0.00  0.0    0  7.2 18 300   M    M   1        24 300
16  83  57  70  -5   0   5 0.00  0.0    0  4.5 10 290   M    M   3        14 250
17  87  57  72  -3   0   7 0.01  0.0    0  4.4 26 250   M    M   1 3      33 250
18  87  59  73  -2   0   8    T  0.0    0  6.4 25 290   M    M   1        31 290
19  87  57  72  -4   0   7 0.01  0.0    0  5.2 33 260   M    M   1 8      43 250
20  90  55  73  -3   0   8 0.00  0.0    0  4.1 12  10   M    M   0        19 290
21 100  60  80   4   0  15 0.00  0.0    0  4.8 13 340   M    M   0        17 290
22  85  67  76   0   0  11 0.00  0.0    0 10.5 26 280   M    M   2        33 270
23  86  57  72  -4   0   7 0.00  0.0    0  4.3 12 330   M    M   0        16 330
24  93  56  75  -1   0  10 0.00  0.0    0  3.3 10  40   M    M   0        14  40
25 100  63  82   6   0  17 0.00  0.0    0  3.4  9  50   M    M   0        12  40
26  98  65  82   6   0  17 0.00  0.0    0  3.4 12 240   M    M   0 8      16 230
27  99  67  83   6   0  18 0.00  0.0    0  4.2 16 340   M    M   0        23 250
================================================================================
SM 2314 1580         9 206  1.57     0.0 146.7          M       48
================================================================================
AV 85.7 58.5                               5.4 FASTST   M    M   2    MAX(MPH)
                                 MISC ---->  # 33 260               # 43  250
================================================================================
NOTES:
# LAST OF SEVERAL OCCURRENCES

COLUMN 17 PEAK WIND IN M.P.H.

PRELIMINARY LOCAL CLIMATOLOGICAL DATA (WS FORM: F-6) , PAGE 2

                                          STATION:  LEWISTON ID AIRPORT
                                          MONTH:    JULY
                                          YEAR:     2016
                                          LATITUDE:   46 22 N
                                          LONGITUDE: 117  1 W

[TEMPERATURE DATA]      [PRECIPITATION DATA]       SYMBOLS USED IN COLUMN 16

AVERAGE MONTHLY: 72.1   TOTAL FOR MONTH:   1.57    1 = FOG OR MIST
DPTR FM NORMAL:  -1.9   DPTR FM NORMAL:    0.98    2 = FOG REDUCING VISIBILITY
HIGHEST:   100 ON 25,21 GRTST 24HR  1.02 ON  9-10      TO 1/4 MILE OR LESS
LOWEST:     51 ON 11                               3 = THUNDER
                        SNOW, ICE PELLETS, HAIL    4 = ICE PELLETS
                        TOTAL MONTH:   0.0 INCH    5 = HAIL
                        GRTST 24HR     0.0         6 = FREEZING RAIN OR DRIZZLE
                        GRTST DEPTH:   0           7 = DUSTSTORM OR SANDSTORM:
                                                       VSBY 1/2 MILE OR LESS
                                                   8 = SMOKE OR HAZE
[NO. OF DAYS WITH]      [WEATHER - DAYS WITH]      9 = BLOWING SNOW
                                                   X = TORNADO
MAX 32 OR BELOW:   0    0.01 INCH OR MORE:   7
MAX 90 OR ABOVE:   9    0.10 INCH OR MORE:   3
MIN 32 OR BELOW:   0    0.50 INCH OR MORE:   1
MIN  0 OR BELOW:   0    1.00 INCH OR MORE:   0

[HDD (BASE 65) ]
TOTAL THIS MO.     9    CLEAR  (SCALE 0-3)  21
DPTR FM NORMAL     5    PTCLDY (SCALE 4-7)   5
TOTAL FM JUL 1     9    CLOUDY (SCALE 8-10)  1
DPTR FM NORMAL     5

[CDD (BASE 65) ]
TOTAL THIS MO.   206
DPTR FM NORMAL   -46    [PRESSURE DATA]
TOTAL FM JAN 1   422    HIGHEST SLP M ON M
DPTR FM NORMAL    40    LOWEST  SLP  0.00 ON M

[REMARKS]
