000
CXUS55 KEAX 260736
CF6LXT
PRELIMINARY LOCAL CLIMATOLOGICAL DATA (WS FORM: F-6)

                                          STATION:   Lee`s Summit MO
                                          MONTH:     JULY
                                          YEAR:      2017
                                          LATITUDE:   38 57 N
                                          LONGITUDE:  94 22 W

  TEMPERATURE IN F:       :PCPN:    SNOW:  WIND      :SUNSHINE: SKY     :PK WND
================================================================================
1   2   3   4   5  6A  6B    7    8   9   10  11  12  13   14  15   16   17  18
                                     12Z  AVG MX 2MIN
DY MAX MIN AVG DEP HDD CDD  WTR  SNW DPTH SPD SPD DIR MIN PSBL S-S WX    SPD DR
================================================================================

 1  86  62  74  -3   0   9 0.00    M    M  4.8 12 210   M    M   0        25 210
 2  88  68  78   1   0  13 0.00    M    M  8.4 17 220   M    M   0        20 220
 3  88  70  79   2   0  14 0.00    M    M  6.0 14 220   M    M   1 38     16 220
 4  77  69  73  -5   0   8 0.65    M    M  4.7 13 160   M    M   6 13     17 130
 5  84  69  77  -1   0  12 0.01    M    M  8.2 23  70   M    M   4 1      28  80
 6  89  66  78   0   0  13 0.00    M    M  5.2 20 300   M    M   0 1       M  M
 7  90  69  80   2   0  15 0.00    M    M 10.0 20 360   M    M   1        39  10
 8  88  65  77  -1   0  12 0.00    M    M  4.2 12 150   M    M   0        19 210
 9  90  71  81   3   0  16 0.00    M    M 11.3 23 210   M    M   1         M  M
10  92  76  84   6   0  19 0.00    M    M 15.0 23 210   M    M   0        30 210
11  93  75  84   6   0  19 0.00    M    M 13.8 22 170   M    M   0        30 200
12  95  79  87   9   0  22 0.00    M    M 13.8 23 200   M    M   0        29 200
13  90  72  81   3   0  16 0.42    M    M  9.3 25 220   M    M   5 13     33 220
14  87  72  80   1   0  15    T    M    M  4.6 10  80   M    M   5        13  70
15  90  71  81   2   0  16 0.00    M    M  5.0  8 140   M    M   0        11 120
16  91  69  80   1   0  15 0.00    M    M  4.2  7 190   0    0   0         M  M
17  93   M   M   M   M   M 0.00    M    M  5.8  9 190   0    0   0         M  M
18  91  73  82   3   0  17 0.00    M    M  9.5 18 200   M    M   0        28 200
19  92  75  84   5   0  19 0.03    M    M 10.2 21 350   M    M   2 13     26 340
20  97  78  88   9   0  23 0.00    M    M 12.2 18 210   M    M   0        22 240
21  97  80  89  10   0  24 0.00    M    M 14.4 21 200   M    M   0        28 200
22  99  70  85   6   0  20 1.68    M    M 12.3 39 240   M    M   0 138    52 250
23  92  70  81   2   0  16 0.04    M    M  5.5 13 200   M    M   2 3      16 280
24  86  71  79   0   0  14 0.00    M    M  7.0 10  80   M    M   1        17  60
25  93  71  82   3   0  17 0.00    M    M  6.7 12 140   M    M   1        15 160
================================================================================
SM 2258 1711         0 384  2.83    M    212.1            0     29
================================================================================
AV 90.3 71.3                               8.5 FASTST    0   0   1    MAX(MPH)
                                 MISC ---->  # 39 240               # 52  250
================================================================================
NOTES:
# LAST OF SEVERAL OCCURRENCES

COLUMN 17 PEAK WIND IN M.P.H.

PRELIMINARY LOCAL CLIMATOLOGICAL DATA (WS FORM: F-6) , PAGE 2

                                          STATION:  Lee`s Summit MO
                                          MONTH:    JULY
                                          YEAR:     2017
                                          LATITUDE:   38 57 N
                                          LONGITUDE:  94 22 W

[TEMPERATURE DATA]      [PRECIPITATION DATA]       SYMBOLS USED IN COLUMN 16

AVERAGE MONTHLY: 80.8   TOTAL FOR MONTH:   2.83    1 = FOG OR MIST
DPTR FM NORMAL:   2.4   DPTR FM NORMAL:   -0.81    2 = FOG REDUCING VISIBILITY
HIGHEST:    99 ON 22    GRTST 24HR  1.68 ON 22-22      TO 1/4 MILE OR LESS
LOWEST:     62 ON  1                               3 = THUNDER
                        SNOW, ICE PELLETS, HAIL    4 = ICE PELLETS
                        TOTAL MONTH:    M          5 = HAIL
                        GRTST 24HR    M  ON   M    6 = FREEZING RAIN OR DRIZZLE
                        GRTST DEPTH:  M  ON   M    7 = DUSTSTORM OR SANDSTORM:
                                                       VSBY 1/2 MILE OR LESS
                                                   8 = SMOKE OR HAZE
[NO. OF DAYS WITH]      [WEATHER - DAYS WITH]      9 = BLOWING SNOW
                                                   X = TORNADO
MAX 32 OR BELOW:   0    0.01 INCH OR MORE:   6
MAX 90 OR ABOVE:  16    0.10 INCH OR MORE:   3
MIN 32 OR BELOW:   0    0.50 INCH OR MORE:   2
MIN  0 OR BELOW:   0    1.00 INCH OR MORE:   1

[HDD (BASE 65) ]
TOTAL THIS MO.     0    CLEAR  (SCALE 0-3)  21
DPTR FM NORMAL     0    PTCLDY (SCALE 4-7)   4
TOTAL FM JUL 1     0    CLOUDY (SCALE 8-10)  0
DPTR FM NORMAL     0

[CDD (BASE 65) ]
TOTAL THIS MO.   384
DPTR FM NORMAL    49    [PRESSURE DATA]
TOTAL FM JAN 1   851    HIGHEST SLP  0.00 ON M
DPTR FM NORMAL   166    LOWEST  SLP  0.00 ON M

[REMARKS]
