000
CXUS55 KPUB 281159
CF6LXV
PRELIMINARY LOCAL CLIMATOLOGICAL DATA (WS FORM: F-6)

                                          STATION:   LEADVILLE CO
                                          MONTH:     FEBRUARY
                                          YEAR:      2017
                                          LATITUDE:   39 15 N
                                          LONGITUDE: 106 18 W

  TEMPERATURE IN F:       :PCPN:    SNOW:  WIND      :SUNSHINE: SKY     :PK WND
================================================================================
1   2   3   4   5  6A  6B    7    8   9   10  11  12  13   14  15   16   17  18
                                     12Z  AVG MX 2MIN
DY MAX MIN AVG DEP HDD CDD  WTR  SNW DPTH SPD SPD DIR MIN PSBL S-S WX    SPD DR
================================================================================

 1  38  22  30  13  35   0 0.00  0.0    M 11.6 31 290   M    M   4 8      42 290
 2  31  16  24   7  41   0 0.05    M    M  6.6 17 310   M    M   7 128    25 320
 3  34   8  21   4  44   0 0.00  0.0    M  5.8 20 210   M    M   5 18     25 220
 4  34  14  24   7  41   0    T    M    M  9.7 23 260   M    M   6 1      30 250
 5  42  17  30  13  35   0 0.00  0.0    M  6.2 16  10   M    M   3        21  10
 6  32  15  24   7  41   0 0.00  0.0    M  7.8 20 290   M    M   4 8      30 270
 7  32  18  25   8  40   0 0.36    M    M  6.6 31 300   M    M   9 12     40 280
 8  35  26  31  14  34   0 0.08    M    M 16.1 44 290   M    M   8 8      59 270
 9  47  30  39  22  26   0 0.00  0.0    M  8.9 17  10   M    M   8        24  40
10  49  36  43  26  22   0 0.00  0.0    M 12.5 24 210   M    M   3        35 250
11  39  23  31  14  34   0 0.06    M    M 10.2 22 190   M    M  10 128    33 180
12  31  20  26   8  39   0 0.14    M    M  3.5 15 180   M    M   8 1      19 180
13  33  16  25   7  40   0 0.01    M    M  5.4 18 190   M    M   7 1      22 190
14  35   0  18   0  47   0 0.00  0.0    M  6.6 18 350   M    M   1 1      23 360
15  45   0  23   5  42   0 0.00  0.0    M  5.7 17 350   M    M   0        22 350
16  51   6  29  11  36   0 0.00  0.0    M  5.9 16  10   M    M   0        21  10
17  44  14  29  11  36   0 0.00  0.0    M  5.9 14 170   M    M   2        23  20
18  39  21  30  12  35   0 0.00  0.0    M  5.5 20 180   M    M   2        24 180
19  35  20  28  10  37   0 0.21    M    M  6.5 23 180   M    M   6 12     27 180
20  37   8  23   4  42   0    T    M    M  7.5 22  10   M    M   4 1      27 360
21  42  18  30  11  35   0    T    M    M  7.7 17 210   M    M   4        26 220
22  37  23  30  11  35   0 0.00  0.0    M  9.1 22 190   M    M   5        29 210
23  29   0  15  -4  50   0 0.07    M    M  9.1 24 300   M    M   8 128    31 270
24  15  -2   7 -13  58   0 0.02    M    M  6.5 22 300   M    M   8 18     27 300
25  10  -1   5 -15  60   0 0.04    M    M  9.2 25 290   M    M   6 189    35 300
26  18  -4   7 -13  58   0    T    M    M  7.7 21 300   M    M   1 8      30 300
27  27  -2  13  -7  52   0 0.13    M    M  8.9 23 200   M    M   5 18     31 150
================================================================================
SM  941  362      1095   0  1.17     0.0 212.7          M      134
================================================================================
AV 34.9 13.4                               7.9 FASTST   M    M   5    MAX(MPH)
                                 MISC ---->  # 44 290               # 59  270
================================================================================
NOTES:
# LAST OF SEVERAL OCCURRENCES

COLUMN 17 PEAK WIND IN M.P.H.

PRELIMINARY LOCAL CLIMATOLOGICAL DATA (WS FORM: F-6) , PAGE 2

                                          STATION:  LEADVILLE CO
                                          MONTH:    FEBRUARY
                                          YEAR:     2017
                                          LATITUDE:   39 15 N
                                          LONGITUDE: 106 18 W

[TEMPERATURE DATA]      [PRECIPITATION DATA]       SYMBOLS USED IN COLUMN 16

AVERAGE MONTHLY: 24.1   TOTAL FOR MONTH:   1.17    1 = FOG OR MIST
DPTR FM NORMAL:   6.1   DPTR FM NORMAL:    0.50    2 = FOG REDUCING VISIBILITY
HIGHEST:    51 ON 16    GRTST 24HR  0.43 ON  7- 8      TO 1/4 MILE OR LESS
LOWEST:     -4 ON 26                               3 = THUNDER
                        SNOW, ICE PELLETS, HAIL    4 = ICE PELLETS
                        TOTAL MONTH:   0.0 INCH    5 = HAIL
                        GRTST 24HR     0.0         6 = FREEZING RAIN OR DRIZZLE
                        GRTST DEPTH:  M  ON   M    7 = DUSTSTORM OR SANDSTORM:
                                                       VSBY 1/2 MILE OR LESS
                                                   8 = SMOKE OR HAZE
[NO. OF DAYS WITH]      [WEATHER - DAYS WITH]      9 = BLOWING SNOW
                                                   X = TORNADO
MAX 32 OR BELOW:   9    0.01 INCH OR MORE:  11
MAX 90 OR ABOVE:   0    0.10 INCH OR MORE:   4
MIN 32 OR BELOW:  26    0.50 INCH OR MORE:   0
MIN  0 OR BELOW:   7    1.00 INCH OR MORE:   0

[HDD (BASE 65) ]
TOTAL THIS MO.  1095    CLEAR  (SCALE 0-3)   8
DPTR FM NORMAL  -172    PTCLDY (SCALE 4-7)  15
TOTAL FM JUL 1  7105    CLOUDY (SCALE 8-10)  4
DPTR FM NORMAL  -559

[CDD (BASE 65) ]
TOTAL THIS MO.     0
DPTR FM NORMAL     0    [PRESSURE DATA]
TOTAL FM JAN 1     0    HIGHEST SLP M ON M
DPTR FM NORMAL     0    LOWEST  SLP 29.41 ON 23

[REMARKS]
