000
CXUS54 KLZK 211130
CF6LZK
PRELIMINARY LOCAL CLIMATOLOGICAL DATA (WS FORM: F-6)

                                          STATION:   North Little Rock
                                          MONTH:     NOVEMBER
                                          YEAR:      2017
                                          LATITUDE:   34 50 N
                                          LONGITUDE:  92 16 W

  TEMPERATURE IN F:       :PCPN:    SNOW:  WIND      :SUNSHINE: SKY     :PK WND
================================================================================
1   2   3   4   5  6A  6B    7    8   9   10  11  12  13   14  15   16   17  18
                                     12Z  AVG MX 2MIN
DY MAX MIN AVG DEP HDD CDD  WTR  SNW DPTH SPD SPD DIR MIN PSBL S-S WX    SPD DR
================================================================================

 1  66  44  55  -3  10   0 0.09  0.0    0  5.1  9 180   M    M   0 1      17 180
 2  82  66  74  16   0   9 0.00  0.0    0  8.1 13 200   M    M   0        23 200
 3  80  61  71  13   0   6 0.02  0.0    0  5.1 10  70   M    M   0 1       M  M
 4  80  60  70  13   0   5    T  0.0    0  4.5 10 200   M    M   0 1      22 200
 5  78  69  74  17   0   9    T  0.0    0  8.0 13 220   M    M   0        20 220
 6  72  54  63   6   2   0 0.01  0.0    0  6.7  9  90   M    M   0 12      M  M
 7  54  48  51  -5  14   0    T  0.0    0  4.9 10  50   M    M   0         M  M
 8  51  45  48  -8  17   0    T  0.0    0  5.0  9  50   M    M   0         M  M
 9  62  40  51  -5  14   0 0.00  0.0    0  2.9  6 340   M    M   0         M  M
10  58  40  49  -6  16   0 0.00  0.0    0  7.0 13  70   M    M   0         M  M
11  61  34  48  -7  17   0 0.00  0.0    0  5.2  7 140   M    M   0         M  M
12  71  53  62   8   3   0    T  0.0    0  2.2  8  50   M    M   0         M  M
13  62  43  53  -1  12   0 0.00  0.0    0  6.8 10  70   M    M   0         M  M
14  60  42  51  -2  14   0    T  0.0    0  4.9  9 150   M    M   0        17 150
15  60  53  57   4   8   0 0.29  0.0    0  4.0 10 200   M    M   0 12     10 340
16  62  47  55   2  10   0 0.00  0.0    0  6.4 13  60   M    M   0 1      18  60
17  71  51  61   9   4   0    T  0.0    0  7.7 12 200   M    M   0        21 200
18  78  44  61   9   4   0 0.00  0.0    0 10.1 17 340   M    M   0        36 320
19  57  40  49  -2  16   0 0.00  0.0    0  3.8  9 360   M    M   0         M  M
20  59  38  49  -2  16   0 0.00  0.0    0  5.0  9 200   M    M   0         M  M
================================================================================
SM 1324  972       177  29  0.41     0.0 113.4          M        0
================================================================================
AV 66.2 48.6                               5.7 FASTST   M    M   0    MAX(MPH)
                                 MISC ---->  # 17 340               # 36  320
================================================================================
NOTES:
# LAST OF SEVERAL OCCURRENCES

COLUMN 17 PEAK WIND IN M.P.H.

PRELIMINARY LOCAL CLIMATOLOGICAL DATA (WS FORM: F-6) , PAGE 2

                                          STATION:  North Little Rock
                                          MONTH:    NOVEMBER
                                          YEAR:     2017
                                          LATITUDE:   34 50 N
                                          LONGITUDE:  92 16 W

[TEMPERATURE DATA]      [PRECIPITATION DATA]       SYMBOLS USED IN COLUMN 16

AVERAGE MONTHLY: 57.4   TOTAL FOR MONTH:   0.41    1 = FOG OR MIST
DPTR FM NORMAL:   2.6   DPTR FM NORMAL:   -3.09    2 = FOG REDUCING VISIBILITY
HIGHEST:    82 ON  2    GRTST 24HR  0.29 ON 15-15      TO 1/4 MILE OR LESS
LOWEST:     34 ON 11                               3 = THUNDER
                        SNOW, ICE PELLETS, HAIL    4 = ICE PELLETS
                        TOTAL MONTH:   0.0 INCH    5 = HAIL
                        GRTST 24HR     0.0         6 = FREEZING RAIN OR DRIZZLE
                        GRTST DEPTH:   0           7 = DUSTSTORM OR SANDSTORM:
                                                       VSBY 1/2 MILE OR LESS
                                                   8 = SMOKE OR HAZE
[NO. OF DAYS WITH]      [WEATHER - DAYS WITH]      9 = BLOWING SNOW
                                                   X = TORNADO
MAX 32 OR BELOW:   0    0.01 INCH OR MORE:   4
MAX 90 OR ABOVE:   0    0.10 INCH OR MORE:   1
MIN 32 OR BELOW:   0    0.50 INCH OR MORE:   0
MIN  0 OR BELOW:   0    1.00 INCH OR MORE:   0

[HDD (BASE 65) ]
TOTAL THIS MO.   177    CLEAR  (SCALE 0-3)  20
DPTR FM NORMAL   -36    PTCLDY (SCALE 4-7)   0
TOTAL FM JUL 1   299    CLOUDY (SCALE 8-10)  0
DPTR FM NORMAL   -49

[CDD (BASE 65) ]
TOTAL THIS MO.    29
DPTR FM NORMAL    19    [PRESSURE DATA]
TOTAL FM JAN 1  2083    HIGHEST SLP 30.26 ON 16
DPTR FM NORMAL   -85    LOWEST  SLP 30.03 ON 15

[REMARKS]
