000
CXUS54 KLZK 291330
CF6LZK
PRELIMINARY LOCAL CLIMATOLOGICAL DATA (WS FORM: F-6)

                                          STATION:   North Little Rock
                                          MONTH:     JUNE
                                          YEAR:      2015
                                          LATITUDE:   34 50 N
                                          LONGITUDE:  92 16 W

  TEMPERATURE IN F:       :PCPN:    SNOW:  WIND      :SUNSHINE: SKY     :PK WND
================================================================================
1   2   3   4   5  6A  6B    7    8   9   10  11  12  13   14  15   16   17  18
                                     12Z  AVG MX 2MIN
DY MAX MIN AVG DEP HDD CDD  WTR  SNW DPTH SPD SPD DIR MIN PSBL S-S WX    SPD DR
================================================================================

 1  77  62  70  -5   0   5 0.00  0.0    0  6.3 13  60   M    M   4         M  M
 2  79  62  71  -5   0   6 0.00  0.0    0  5.1  8 100   M    M   4         M  M
 3  80  63  72  -4   0   7 0.00  0.0    0  4.7  8  70   M    M   5         M  M
 4  86  63  75  -1   0  10 0.00  0.0    0  4.4  8 130   M    M   2         M  M
 5  89  65  77   1   0  12 0.00  0.0    0  3.3  7 170   M    M   3         M  M
 6  87  69  78   1   0  13 0.00  0.0    0  3.6  7 100   M    M   4         M  M
 7  91  73  82   5   0  17 0.00  0.0    0  4.2  7 220   M    M   2         M  M
 8  90  74  82   5   0  17 0.00  0.0    0  5.6  9 260   M    M   4        18 260
 9  92  71  82   5   0  17 0.00  0.0    0  4.0  7  30   M    M   2         M  M
10  93  72  83   5   0  18 0.00  0.0    0  4.6  9 100   M    M   2         M  M
11  92  73  83   5   0  18 0.00  0.0    0  6.4 12 200   M    M   2        18 200
12  91  74  83   5   0  18    T  0.0    0  8.4 10 190   M    M   3        23 180
13  87  73  80   2   0  15 0.18  0.0    0  8.6 14 190   M    M   6 3      23 190
14  89  73  81   2   0  16 0.05  0.0    0  7.1 10 200   M    M   5        16 180
15  90  73  82   3   0  17 0.00  0.0    0  6.4 15 210   M    M   5        29 210
16  90  74  82   3   0  17 0.11  0.0    0  4.7  9 180   M    M   5        16 180
17  91  72  82   3   0  17 0.26  0.0    0  5.6 14 140   M    M   5 3      18 140
18  83  72  78  -2   0  13 0.51  0.0    0 10.2 17 180   M    M   6        28 180
19  86  72  79  -1   0  14 0.07  0.0    0  8.9 14 220   M    M   4        23 200
20  91  71  81   1   0  16 0.00  0.0    0  6.1  9 220   M    M   4        18 230
21  88  74  81   1   0  16    T  0.0    0  5.7  8 190   M    M   5         M  M
22  91  73  82   2   0  17 0.00  0.0    0  6.5 13 220   M    M   1        21 230
23  94  76  85   5   0  20 0.00  0.0    0  5.2  8 230   M    M   1         M  M
24  94  76  85   4   0  20 0.00  0.0    0  4.7  9 200   M    M   1        16 200
25  96  76  86   5   0  21 0.00  0.0    0  5.9  8 220   M    M   2         M  M
26  93  69  81   0   0  16 1.23  0.0    0  5.8  9 240   M    M   5         M  M
27  83  71  77  -4   0  12 0.00  0.0    0  6.0  9  20   M    M   4        16 360
28  86  67  77  -4   0  12 0.00  0.0    0  5.0  9 220   M    M   2         M  M
================================================================================
SM 2479 1983         0 417  2.41     0.0 163.0          M       98
================================================================================
AV 88.5 70.8                               5.8 FASTST   M    M   4    MAX(MPH)
                                 MISC ---->    17   M                 29    M
================================================================================
NOTES:
# LAST OF SEVERAL OCCURRENCES

COLUMN 17 PEAK WIND IN M.P.H.

PRELIMINARY LOCAL CLIMATOLOGICAL DATA (WS FORM: F-6) , PAGE 2

                                          STATION:  North Little Rock
                                          MONTH:    JUNE
                                          YEAR:     2015
                                          LATITUDE:   34 50 N
                                          LONGITUDE:  92 16 W

[TEMPERATURE DATA]      [PRECIPITATION DATA]       SYMBOLS USED IN COLUMN 16

AVERAGE MONTHLY: 79.7   TOTAL FOR MONTH:   2.41    1 = FOG OR MIST
DPTR FM NORMAL:   1.1   DPTR FM NORMAL:   -0.68    2 = FOG REDUCING VISIBILITY
HIGHEST:    96 ON 25    GRTST 24HR  1.23 ON 26-26      TO 1/4 MILE OR LESS
LOWEST:     62 ON  2, 1                            3 = THUNDER
                        SNOW, ICE PELLETS, HAIL    4 = ICE PELLETS
                        TOTAL MONTH:   0.0 INCH    5 = HAIL
                        GRTST 24HR     0.0         6 = FREEZING RAIN OR DRIZZLE
                        GRTST DEPTH:   0           7 = DUSTSTORM OR SANDSTORM:
                                                       VSBY 1/2 MILE OR LESS
                                                   8 = SMOKE OR HAZE
[NO. OF DAYS WITH]      [WEATHER - DAYS WITH]      9 = BLOWING SNOW
                                                   X = TORNADO
MAX 32 OR BELOW:   0    0.01 INCH OR MORE:   7
MAX 90 OR ABOVE:  15    0.10 INCH OR MORE:   5
MIN 32 OR BELOW:   0    0.50 INCH OR MORE:   2
MIN  0 OR BELOW:   0    1.00 INCH OR MORE:   1

[HDD (BASE 65) ]
TOTAL THIS MO.     0    CLEAR  (SCALE 0-3)  11
DPTR FM NORMAL     0    PTCLDY (SCALE 4-7)  17
TOTAL FM JUL 1  3312    CLOUDY (SCALE 8-10)  0
DPTR FM NORMAL   307

[CDD (BASE 65) ]
TOTAL THIS MO.   417
DPTR FM NORMAL    37    [PRESSURE DATA]
TOTAL FM JAN 1   700    HIGHEST SLP M ON M
DPTR FM NORMAL    24    LOWEST  SLP M ON M

[REMARKS]
