000
CXUS54 KLZK 231130
CF6M19
PRELIMINARY LOCAL CLIMATOLOGICAL DATA (WS FORM: F-6)

                                          STATION:   Newport Airport
                                          MONTH:     JUNE
                                          YEAR:      2017
                                          LATITUDE:   35 35 N
                                          LONGITUDE:  91 16 W

  TEMPERATURE IN F:       :PCPN:    SNOW:  WIND      :SUNSHINE: SKY     :PK WND
================================================================================
1   2   3   4   5  6A  6B    7    8   9   10  11  12  13   14  15   16   17  18
                                     12Z  AVG MX 2MIN
DY MAX MIN AVG DEP HDD CDD  WTR  SNW DPTH SPD SPD DIR MIN PSBL S-S WX    SPD DR
================================================================================

 1  86  66  76   2   0  11 0.00  0.0    0  3.0 10 180   M    M   1         M  M
 2  85  63  74   0   0   9 0.02  0.0    0  5.3 20 120   M    M   2 13      M  M
 3  88  67  78   3   0  13    T  0.0    0  6.3 12 360   M    M   5 138     M  M
 4  83  71  77   2   0  12 0.17  0.0    0  6.4 14 180   M    M   6 1       M  M
 5  78  70  74  -1   0   9 0.03  0.0    0  7.8 14 360   M    M   2 1       M  M
 6  86  66  76   0   0  11 0.00  0.0    0 12.2 22  40   M    M   1 12     28  40
 7  83  61  72  -4   0   7 0.00  0.0    0 10.7 17  10   M    M   0        22 360
 8  79  67  73  -3   0   8 0.01  0.0    0  7.9 14  20   M    M   1        18  40
 9  83  58  71  -5   0   6 0.00  0.0    0  4.4  9 260   M    M   0         M  M
10  86  62  74  -3   0   9 0.00  0.0    0  9.3 16 160   M    M   0        22 200
11  90  65  78   1   0  13 0.00  0.0    0 10.1 17 160   M    M   1        25 190
12  91  73  82   5   0  17 0.00  0.0    0 10.5 14 170   M    M   1 1      17 180
13  91  72  82   5   0  17 0.00  0.0    0  9.8 14 190   M    M   0         M  M
14  91  73  82   4   0  17    T  0.0    0 11.3 17 230   M    M   0        24 210
15  91  71  81   3   0  16 0.10  0.0    0  7.6 13 210   M    M   0 38      M  M
16  90  72  81   3   0  16 0.00  0.0    0  7.5 15 140   M    M   0         M  M
17  91  70  81   3   0  16    T  0.0    0 11.3 18 220   M    M   0         M  M
18   M   M   M   M   M   M 0.77    M    0  8.2 13 250   M    M   0 13      M  M
19  78  70  74  -5   0   9    T  0.0    0  5.4  7 240   M    M   1         M  M
20   M   M   M   M   M   M    M    M    M   M   M   M   M    M   M         M  M
21   M   M   M   M   M   M    M    M    M   M   M   M   M    M   M         M  M
22   M   M   M   M   M   M    M    M    M   M   M   M   M    M   M         M  M
================================================================================
SM 1550 1217         0 216  1.10     0.0 155.0          M       21
================================================================================
AV 86.1 67.6                               8.2 FASTST   M    M   1    MAX(MPH)
                                 MISC ---->  # 22  40               # 28   40
================================================================================
NOTES:
# LAST OF SEVERAL OCCURRENCES

COLUMN 17 PEAK WIND IN M.P.H.

PRELIMINARY LOCAL CLIMATOLOGICAL DATA (WS FORM: F-6) , PAGE 2

                                          STATION:  Newport Airport
                                          MONTH:    JUNE
                                          YEAR:     2017
                                          LATITUDE:   35 35 N
                                          LONGITUDE:  91 16 W

[TEMPERATURE DATA]      [PRECIPITATION DATA]       SYMBOLS USED IN COLUMN 16

AVERAGE MONTHLY: 76.9   TOTAL FOR MONTH:   1.10    1 = FOG OR MIST
DPTR FM NORMAL:  -0.0   DPTR FM NORMAL:   -1.53    2 = FOG REDUCING VISIBILITY
HIGHEST:    91 ON 17,15 GRTST 24HR  0.77 ON 18-18      TO 1/4 MILE OR LESS
LOWEST:     58 ON  9                               3 = THUNDER
                        SNOW, ICE PELLETS, HAIL    4 = ICE PELLETS
                        TOTAL MONTH:   0.0 INCH    5 = HAIL
                        GRTST 24HR     0.0         6 = FREEZING RAIN OR DRIZZLE
                        GRTST DEPTH:   0           7 = DUSTSTORM OR SANDSTORM:
                                                       VSBY 1/2 MILE OR LESS
                                                   8 = SMOKE OR HAZE
[NO. OF DAYS WITH]      [WEATHER - DAYS WITH]      9 = BLOWING SNOW
                                                   X = TORNADO
MAX 32 OR BELOW:   0    0.01 INCH OR MORE:   6
MAX 90 OR ABOVE:   7    0.10 INCH OR MORE:   3
MIN 32 OR BELOW:   0    0.50 INCH OR MORE:   1
MIN  0 OR BELOW:   0    1.00 INCH OR MORE:   0

[HDD (BASE 65) ]
TOTAL THIS MO.     0    CLEAR  (SCALE 0-3)  17
DPTR FM NORMAL     0    PTCLDY (SCALE 4-7)   2
TOTAL FM JUL 1  2465    CLOUDY (SCALE 8-10)  0
DPTR FM NORMAL -1154

[CDD (BASE 65) ]
TOTAL THIS MO.   216
DPTR FM NORMAL   -47    [PRESSURE DATA]
TOTAL FM JAN 1   451    HIGHEST SLP M ON M
DPTR FM NORMAL   -37    LOWEST  SLP M ON M

[REMARKS]
