000
CXUS55 KEAX 220736
CF6MCI
PRELIMINARY LOCAL CLIMATOLOGICAL DATA (WS FORM: F-6)

                                          STATION:   Kansas City International MO
                                          MONTH:     OCTOBER
                                          YEAR:      2017
                                          LATITUDE:   39 19 N
                                          LONGITUDE:  94 43 W

  TEMPERATURE IN F:       :PCPN:    SNOW:  WIND      :SUNSHINE: SKY     :PK WND
================================================================================
1   2   3   4   5  6A  6B    7    8   9   10  11  12  13   14  15   16   17  18
                                     12Z  AVG MX 2MIN
DY MAX MIN AVG DEP HDD CDD  WTR  SNW DPTH SPD SPD DIR MIN PSBL S-S WX    SPD DR
================================================================================

 1  76  60  68   6   0   3    T  0.0    0 13.8 21 160   M    M   7        27 170
 2  84  66  75  14   0  10 0.00  0.0    0 17.2 24 170   M    M   2 8      32 170
 3  83  66  75  14   0  10 0.00  0.0    0 13.6 26 190   M    M   7 8      34 160
 4  66  60  63   3   2   0 0.04  0.0    0  9.3 20  30   M    M  10 1      23  30
 5  75  60  68   8   0   3 0.03  0.0    0  8.5 14 200   M    M   9 1      18 200
 6  78  67  73  13   0   8 0.31  0.0    0 14.1 25 170   M    M   8 13     32 200
 7  74  55  65   6   0   0 0.26  0.0    0 12.2 28 250   M    M   5 1      36 240
 8  79  50  65   6   0   0 0.00  0.0    0  8.2 16 190   M    M   0        20 220
 9  77  53  65   6   0   0    T  0.0    0 12.4 24  30   M    M   3        28  30
10  53  44  49  -9  16   0 0.07    M    0 12.4 22 350   M    M  10 13     29  10
11  62  45  54  -4  11   0 0.00  0.0    0  5.2 12 110   M    M   5        19 130
12  69  46  58   0   7   0 0.00  0.0    0 11.2 20 140   M    M   3 12     24 140
13  83  59  71  14   0   6 0.00  0.0    0  9.2 15 190   M    M   4 8      22 180
14  79  54  67  10   0   2 1.23  0.0    0  8.8 25 190   M    M   9 13     38 170
15  61  43  52  -5  13   0 0.00  0.0    0 10.6 23 330   M    M   4        35 330
16  68  37  53  -3  12   0 0.00  0.0    0  8.6 16 220   M    M   1        23 210
17  72  44  58   2   7   0 0.00  0.0    0 12.5 21 180   M    M   2 8      26 190
18  74  52  63   7   2   0 0.00  0.0    0 12.4 23 200   M    M   3 8      30 200
19  79  47  63   8   2   0 0.00  0.0    0  9.6 16 190   M    M   1 18     21 190
20  74  55  65  10   0   0 0.00  0.0    0 16.8 26 170   M    M   3 18     38 180
21  75  51  63   8   2   0 2.65  0.0    0 19.8 30 190   M    M   8 13     42 190
================================================================================
SM 1541 1114        74  42  4.59     0.0 246.4          M      104
================================================================================
AV 73.4 53.1                              11.7 FASTST   M    M   5    MAX(MPH)
                                 MISC ---->  # 30 190               # 42  190
================================================================================
NOTES:
# LAST OF SEVERAL OCCURRENCES

COLUMN 17 PEAK WIND IN M.P.H.

PRELIMINARY LOCAL CLIMATOLOGICAL DATA (WS FORM: F-6) , PAGE 2

                                          STATION:  Kansas City International MO
                                          MONTH:    OCTOBER
                                          YEAR:     2017
                                          LATITUDE:   39 19 N
                                          LONGITUDE:  94 43 W

[TEMPERATURE DATA]      [PRECIPITATION DATA]       SYMBOLS USED IN COLUMN 16

AVERAGE MONTHLY: 63.2   TOTAL FOR MONTH:   4.59    1 = FOG OR MIST
DPTR FM NORMAL:   5.2   DPTR FM NORMAL:    2.31    2 = FOG REDUCING VISIBILITY
HIGHEST:    84 ON  2    GRTST 24HR  2.65 ON 21-21      TO 1/4 MILE OR LESS
LOWEST:     37 ON 16                               3 = THUNDER
                        SNOW, ICE PELLETS, HAIL    4 = ICE PELLETS
                        TOTAL MONTH:   0.0 INCH    5 = HAIL
                        GRTST 24HR     0.0         6 = FREEZING RAIN OR DRIZZLE
                        GRTST DEPTH:   0           7 = DUSTSTORM OR SANDSTORM:
                                                       VSBY 1/2 MILE OR LESS
                                                   8 = SMOKE OR HAZE
[NO. OF DAYS WITH]      [WEATHER - DAYS WITH]      9 = BLOWING SNOW
                                                   X = TORNADO
MAX 32 OR BELOW:   0    0.01 INCH OR MORE:   7
MAX 90 OR ABOVE:   0    0.10 INCH OR MORE:   4
MIN 32 OR BELOW:   0    0.50 INCH OR MORE:   2
MIN  0 OR BELOW:   0    1.00 INCH OR MORE:   2

[HDD (BASE 65) ]
TOTAL THIS MO.    74    CLEAR  (SCALE 0-3)   7
DPTR FM NORMAL   -93    PTCLDY (SCALE 4-7)   9
TOTAL FM JUL 1    94    CLOUDY (SCALE 8-10)  5
DPTR FM NORMAL  -140

[CDD (BASE 65) ]
TOTAL THIS MO.    42
DPTR FM NORMAL    18    [PRESSURE DATA]
TOTAL FM JAN 1  1325    HIGHEST SLP  0.00 ON M
DPTR FM NORMAL   -31    LOWEST  SLP  0.00 ON M

[REMARKS]
