000
CXUS55 KEAX 260736
CF6MCI
PRELIMINARY LOCAL CLIMATOLOGICAL DATA (WS FORM: F-6)

                                          STATION:   Kansas City International MO
                                          MONTH:     JUNE
                                          YEAR:      2017
                                          LATITUDE:   39 19 N
                                          LONGITUDE:  94 43 W

  TEMPERATURE IN F:       :PCPN:    SNOW:  WIND      :SUNSHINE: SKY     :PK WND
================================================================================
1   2   3   4   5  6A  6B    7    8   9   10  11  12  13   14  15   16   17  18
                                     12Z  AVG MX 2MIN
DY MAX MIN AVG DEP HDD CDD  WTR  SNW DPTH SPD SPD DIR MIN PSBL S-S WX    SPD DR
================================================================================

 1  80  63  72   3   0   7 0.03  0.0    0  6.8 15 180   M    M   8 1      19 180
 2  86  65  76   6   0  11 0.00  0.0    0  6.6 14 150   M    M   5        18 180
 3  85  67  76   6   0  11 0.00  0.0    0  6.0 14 130   M    M   6 8      18 140
 4  83  68  76   6   0  11 0.00  0.0    0  2.8 17 190   M    M   8 13     19 190
 5  93  64  79   8   0  14 0.00  0.0    0  6.8 17  40   M    M   2 1      21  40
 6  82  65  74   3   0   9 0.00  0.0    0 10.3 13  70   M    M   4        20  80
 7  81  59  70  -1   0   5 0.00  0.0    0  4.4 14  60   M    M   6 8      17  70
 8  81  58  70  -2   0   5 0.00  0.0    0  6.5 13 200   M    M   4 8      17 210
 9  85  56  71  -1   0   6 0.00  0.0    0 10.0 18 160   M    M   2 8      25 140
10  89  67  78   6   0  13 0.00  0.0    0 18.4 28 180   M    M   3        36 180
11  91  72  82  10   0  17 0.00  0.0    0 19.3 30 170   M    M   1        40 180
12  92  70  81   8   0  16 0.00  0.0    0 14.2 22 160   M    M   2 8      30 190
13  90  74  82   9   0  17 0.00  0.0    0 17.6 28 170   M    M   4 8      35 180
14  89  68  79   6   0  14 0.09  0.0    0 10.8 36 220   M    M   7 3      47 210
15  93  64  79   5   0  14 0.34  0.0    0 10.3 41 240   M    M   5 1358   53 250
16  91  66  79   5   0  14 0.76  0.0    0 11.2 53  30   M    M   7 13     65 350
17  89  67  78   4   0  13 1.62  0.0    0  9.2 40 290   M    M   8 13     51 290
18  81  64  73  -1   0   8 0.08  0.0    0  9.1 21 310   M    M   3 3      31 300
19  85  62  74  -1   0   9 0.00  0.0    0  6.7 18 240   M    M   4        23 220
20  90  62  76   1   0  11 0.00  0.0    0  8.5 15 250   M    M   3 8      20 240
21  91  71  81   6   0  16 0.00  0.0    0 13.6 22 220   M    M   4        26 210
22  87  68  78   2   0  13 0.00  0.0    0 11.6 21 180   M    M   4        27 180
23  81  62  72  -4   0   7    T  0.0    0 11.8 22  10   M    M   5 3      31 320
24  79  57  68  -8   0   3 0.00  0.0    0  6.0 16 290   M    M   3 8      19 300
25  76  54  65 -11   0   0    T  0.0    0  7.5 15 360   M    M   3        19  10
================================================================================
SM 2150 1613         0 264  2.92     0.0 246.0          M      111
================================================================================
AV 86.0 64.5                               9.8 FASTST   M    M   4    MAX(MPH)
                                 MISC ---->  # 53  30               # 65  350
================================================================================
NOTES:
# LAST OF SEVERAL OCCURRENCES

COLUMN 17 PEAK WIND IN M.P.H.

PRELIMINARY LOCAL CLIMATOLOGICAL DATA (WS FORM: F-6) , PAGE 2

                                          STATION:  Kansas City International MO
                                          MONTH:    JUNE
                                          YEAR:     2017
                                          LATITUDE:   39 19 N
                                          LONGITUDE:  94 43 W

[TEMPERATURE DATA]      [PRECIPITATION DATA]       SYMBOLS USED IN COLUMN 16

AVERAGE MONTHLY: 75.3   TOTAL FOR MONTH:   2.92    1 = FOG OR MIST
DPTR FM NORMAL:   2.3   DPTR FM NORMAL:   -1.48    2 = FOG REDUCING VISIBILITY
HIGHEST:    93 ON 15, 5 GRTST 24HR  1.62 ON 17-17      TO 1/4 MILE OR LESS
LOWEST:     54 ON 25                               3 = THUNDER
                        SNOW, ICE PELLETS, HAIL    4 = ICE PELLETS
                        TOTAL MONTH:   0.0 INCH    5 = HAIL
                        GRTST 24HR     0.0         6 = FREEZING RAIN OR DRIZZLE
                        GRTST DEPTH:   0           7 = DUSTSTORM OR SANDSTORM:
                                                       VSBY 1/2 MILE OR LESS
                                                   8 = SMOKE OR HAZE
[NO. OF DAYS WITH]      [WEATHER - DAYS WITH]      9 = BLOWING SNOW
                                                   X = TORNADO
MAX 32 OR BELOW:   0    0.01 INCH OR MORE:   6
MAX 90 OR ABOVE:   8    0.10 INCH OR MORE:   3
MIN 32 OR BELOW:   0    0.50 INCH OR MORE:   2
MIN  0 OR BELOW:   0    1.00 INCH OR MORE:   1

[HDD (BASE 65) ]
TOTAL THIS MO.     0    CLEAR  (SCALE 0-3)   8
DPTR FM NORMAL    -7    PTCLDY (SCALE 4-7)  15
TOTAL FM JUL 1  4146    CLOUDY (SCALE 8-10)  2
DPTR FM NORMAL  -985

[CDD (BASE 65) ]
TOTAL THIS MO.   264
DPTR FM NORMAL    56    [PRESSURE DATA]
TOTAL FM JAN 1   375    HIGHEST SLP  0.00 ON M
DPTR FM NORMAL    51    LOWEST  SLP  0.00 ON M

[REMARKS]
