000
CXUS52 KMLB 240626
CF6MCO
PRELIMINARY LOCAL CLIMATOLOGICAL DATA (WS FORM: F-6)

                                          STATION:   ORLANDO INTL
                                          MONTH:     JUNE
                                          YEAR:      2017
                                          LATITUDE:   28 25 N
                                          LONGITUDE:  81 19 W

  TEMPERATURE IN F:       :PCPN:    SNOW:  WIND      :SUNSHINE: SKY     :PK WND
================================================================================
1   2   3   4   5  6A  6B    7    8   9   10  11  12  13   14  15   16   17  18
                                     12Z  AVG MX 2MIN
DY MAX MIN AVG DEP HDD CDD  WTR  SNW DPTH SPD SPD DIR MIN PSBL S-S WX    SPD DR
================================================================================

 1  92  71  82   2   0  17 0.24  0.0    0  5.7 24  80   M    M   7 138    30  80
 2  87  71  79  -1   0  14 0.21  0.0    0  4.6 21  80   M    M   9 13     25  80
 3  88  70  79  -1   0  14 0.01  0.0    0  4.8 22  50   M    M   9 3      25  50
 4  84  72  78  -2   0  13 0.05  0.0    0  4.6 21 130   M    M  10 13     25 140
 5  84  73  79  -2   0  14 0.02  0.0    0  7.6 16 220   M    M   9 3      21 220
 6  86  72  79  -2   0  14 0.88  0.0    0  8.4 20 330   M    M   9 13     24 330
 7  82  70  76  -5   0  11 0.55  0.0    0 10.2 23 250   M    M  10 13     31 200
 8  82  70  76  -5   0  11 1.04  0.0    0  8.7 21 210   M    M   8 13     31 220
 9  90  68  79  -2   0  14 0.00  0.0    0  7.8 21  70   M    M   4        26  70
10  88  72  80  -1   0  15 0.10  0.0    0  5.3 29 220   M    M   7 13     39 220
11  90  72  81   0   0  16 0.61  0.0    0  5.4 24 100   M    M   9 13     30  80
12  85  73  79  -2   0  14 0.02  0.0    0  5.8 25  80   M    M  10 13     30  70
13  85  72  79  -2   0  14 0.20  0.0    0  4.4 22  80   M    M   9 13     26  80
14  85  70  78  -3   0  13 0.18  0.0    0  3.0 25 190   M    M   8 123    32 190
15  87  69  78  -3   0  13 0.10  0.0    0  4.6 25 110   M    M   8 13     30 100
16  85  69  77  -5   0  12 0.40  0.0    0  5.0 22 250   M    M   6 13     28 250
17  90  69  80  -2   0  15 0.02  0.0    0  4.7 23 140   M    M   5 13     28 140
18  90  72  81  -1   0  16 0.03  0.0    0  5.9 24 140   M    M   5 13     31 150
19  87  72  80  -2   0  15 0.10  0.0    0  6.9 30 140   M    M   9 13     37 140
20  90  73  82   0   0  17 0.01  0.0    0 10.3 20 120   M    M   8        23 130
21  91  75  83   1   0  18 0.38  0.0    0  8.3 23 100   M    M   8 13     29 150
22  90  73  82   0   0  17 0.00  0.0    0  7.8 17 100   M    M   5 1      21 100
23  91  71  81  -1   0  16    T  0.0    0  7.0 17 110   M    M   5        23 110
================================================================================
SM 2009 1639         0 333  5.15     0.0 146.8          M      177
================================================================================
AV 87.4 71.3                               6.4 FASTST   M    M   8    MAX(MPH)
                                 MISC ---->  # 30 140               # 39  220
================================================================================
NOTES:
# LAST OF SEVERAL OCCURRENCES

COLUMN 17 PEAK WIND IN M.P.H.

PRELIMINARY LOCAL CLIMATOLOGICAL DATA (WS FORM: F-6) , PAGE 2

                                          STATION:  ORLANDO INTL
                                          MONTH:    JUNE
                                          YEAR:     2017
                                          LATITUDE:   28 25 N
                                          LONGITUDE:  81 19 W

[TEMPERATURE DATA]      [PRECIPITATION DATA]       SYMBOLS USED IN COLUMN 16

AVERAGE MONTHLY: 79.3   TOTAL FOR MONTH:   5.15    1 = FOG OR MIST
DPTR FM NORMAL:  -1.9   DPTR FM NORMAL:   -0.70    2 = FOG REDUCING VISIBILITY
HIGHEST:    92 ON  1    GRTST 24HR  1.20 ON 31- 1      TO 1/4 MILE OR LESS
LOWEST:     68 ON  9                               3 = THUNDER
                        SNOW, ICE PELLETS, HAIL    4 = ICE PELLETS
                        TOTAL MONTH:   0.0 INCH    5 = HAIL
                        GRTST 24HR     0.0         6 = FREEZING RAIN OR DRIZZLE
                        GRTST DEPTH:   0           7 = DUSTSTORM OR SANDSTORM:
                                                       VSBY 1/2 MILE OR LESS
                                                   8 = SMOKE OR HAZE
[NO. OF DAYS WITH]      [WEATHER - DAYS WITH]      9 = BLOWING SNOW
                                                   X = TORNADO
MAX 32 OR BELOW:   0    0.01 INCH OR MORE:  20
MAX 90 OR ABOVE:   9    0.10 INCH OR MORE:  13
MIN 32 OR BELOW:   0    0.50 INCH OR MORE:   4
MIN  0 OR BELOW:   0    1.00 INCH OR MORE:   1

[HDD (BASE 65) ]
TOTAL THIS MO.     0    CLEAR  (SCALE 0-3)   0
DPTR FM NORMAL     0    PTCLDY (SCALE 4-7)  12
TOTAL FM JUL 1   209    CLOUDY (SCALE 8-10) 11
DPTR FM NORMAL  -362

[CDD (BASE 65) ]
TOTAL THIS MO.   333
DPTR FM NORMAL   -38    [PRESSURE DATA]
TOTAL FM JAN 1  1369    HIGHEST SLP M ON M
DPTR FM NORMAL   197    LOWEST  SLP 29.69 ON M

[REMARKS]
