000
CXUS53 KDMX 300920
CF6MCW
PRELIMINARY LOCAL CLIMATOLOGICAL DATA (WS FORM: F-6)

                                          STATION:   MASON CITY IA
                                          MONTH:     JANUARY
                                          YEAR:      2015
                                          LATITUDE:   43  9 N
                                          LONGITUDE:  93 20 W

  TEMPERATURE IN F:       :PCPN:    SNOW:  WIND      :SUNSHINE: SKY     :PK WND
================================================================================
1   2   3   4   5  6A  6B    7    8   9   10  11  12  13   14  15   16   17  18
                                     12Z  AVG MX 2MIN
DY MAX MIN AVG DEP HDD CDD  WTR  SNW DPTH SPD SPD DIR MIN PSBL S-S WX    SPD DR
================================================================================

 1  29  10  20   4  45   0 0.00  0.0    4 13.8 22 280   M    M   5        28 240
 2  27   6  17   1  48   0 0.00  0.0    3  7.4 15 160   M    M   5        19 160
 3  32  14  23   7  42   0    T    T    3 11.1 30 340   M    M   5 18     37 330
 4  14  -5   5 -11  60   0 0.21  1.9    5 22.8 36 330   M    M   4 189    44 330
 5   5 -14  -4 -20  69   0 0.26  5.0    5  9.2 18 310   M    M   5 128    22 310
 6   7 -16  -4 -20  69   0 0.00  0.0    9 17.7 32 320   M    M   3 189    41 320
 7   0  -9  -4 -20  69   0 0.00  0.0    8 19.6 35 330   M    M   6 89     43 320
 8  20  -8   6 -10  59   0 0.10  0.7    8 25.3 41 320   M    M   7 1289   52 310
 9   5  -3   1 -15  64   0    T    T    8 19.0 36 320   M    M   4 89     43 320
10  25  -8   9  -7  56   0 0.00  0.0    8  9.4 22 190   M    M   3        29 180
11  19   2  11  -5  54   0 0.00  0.0    8  8.3 22 340   M    M   2        25 340
12  15 -12   2 -14  63   0 0.00  0.0    8 11.4 22 340   M    M   1        24 350
13  16 -16   0 -16  65   0 0.00  0.0    8  7.1 16 190   M    M   2        20 180
14  24  16  20   4  45   0    T    T    8  8.0 16 200   M    M   9        20 200
15  34  19  27  11  38   0 0.00  0.0    7 11.3 22 300   M    M   1        27 310
16  38  15  27  11  38   0 0.00  0.0    6  9.2 16 130   M    M   0 1      20 140
17  39  26  33  17  32   0 0.00  0.0    5 15.1 28 300   M    M   4 1      37 300
18  39  22  31  15  34   0 0.00  0.0    3  9.2 17 280   M    M   0 12     22 280
19  40  19  30  14  35   0 0.01  0.0    3  8.7 18 170   M    M   3 12     22 150
20  36  32  34  18  31   0 0.02    T    2  7.1 15 320   M    M   8 1      19 300
21  33  25  29  13  36   0 0.10  0.5    1 13.1 20 340   M    M  10 1      23 320
22  28  23  26  10  39   0    T    T    1 10.8 17 200   M    M   9 1      22 200
23  35  22  29  13  36   0 0.00  0.0    1 12.9 21 210   M    M   2        26 210
24  42  26  34  18  31   0 0.00  0.0    1  7.6 15 260   M    M   3        18 250
25  34  24  29  13  36   0 0.02  0.1    1 10.7 23  20   M    M  10 1      27  20
26  46  25  36  20  29   0 0.00  0.0    1 14.8 25 310   M    M   6        34 310
27  35  26  31  15  34   0 0.00  0.0    T  9.4 18 140   M    M   8 1      24 150
28  35  27  31  15  34   0 0.00  0.0    T 15.5 26 150   M    M   9 1268   33 150
29  33  17  25   9  40   0    T  0.0    T 24.1 36 330   M    M   9 16     44 330
================================================================================
SM  785  305      1331   0  0.72     8.2 369.6          M      143
================================================================================
AV 27.1 10.5                              12.7 FASTST   M    M   5    MAX(MPH)
                                 MISC ---->  # 41 320               # 52  310
================================================================================
NOTES:
# LAST OF SEVERAL OCCURRENCES

COLUMN 17 PEAK WIND IN M.P.H.

PRELIMINARY LOCAL CLIMATOLOGICAL DATA (WS FORM: F-6) , PAGE 2

                                          STATION:  MASON CITY IA
                                          MONTH:    JANUARY
                                          YEAR:     2015
                                          LATITUDE:   43  9 N
                                          LONGITUDE:  93 20 W

[TEMPERATURE DATA]      [PRECIPITATION DATA]       SYMBOLS USED IN COLUMN 16

AVERAGE MONTHLY: 18.8   TOTAL FOR MONTH:   0.72    1 = FOG OR MIST
DPTR FM NORMAL:   2.8   DPTR FM NORMAL:   -0.04    2 = FOG REDUCING VISIBILITY
HIGHEST:    46 ON 26    GRTST 24HR  0.26 ON  5- 5      TO 1/4 MILE OR LESS
LOWEST:    -16 ON 13, 6                            3 = THUNDER
                        SNOW, ICE PELLETS, HAIL    4 = ICE PELLETS
                        TOTAL MONTH:   8.2 INCHES  5 = HAIL
                        GRTST 24HR   5.0 ON  5- 5  6 = FREEZING RAIN OR DRIZZLE
                        GRTST DEPTH:   9 ON  6     7 = DUSTSTORM OR SANDSTORM:
                                                       VSBY 1/2 MILE OR LESS
                                                   8 = SMOKE OR HAZE
[NO. OF DAYS WITH]      [WEATHER - DAYS WITH]      9 = BLOWING SNOW
                                                   X = TORNADO
MAX 32 OR BELOW:  15    0.01 INCH OR MORE:   7
MAX 90 OR ABOVE:   0    0.10 INCH OR MORE:   4
MIN 32 OR BELOW:  29    0.50 INCH OR MORE:   0
MIN  0 OR BELOW:   9    1.00 INCH OR MORE:   0

[HDD (BASE 65) ]
TOTAL THIS MO.  1331    CLEAR  (SCALE 0-3)  10
DPTR FM NORMAL   -90    PTCLDY (SCALE 4-7)  12
TOTAL FM JUL 1  4456    CLOUDY (SCALE 8-10)  7
DPTR FM NORMAL   -54

[CDD (BASE 65) ]
TOTAL THIS MO.     0
DPTR FM NORMAL     0    [PRESSURE DATA]
TOTAL FM JAN 1     0    HIGHEST SLP M ON M
DPTR FM NORMAL     0    LOWEST  SLP 29.55 ON 25

[REMARKS]
