000
CXUS54 KMAF 231100
CF6MDD
PRELIMINARY LOCAL CLIMATOLOGICAL DATA (WS FORM: F-6)

                                          STATION:   Midland Airpark
                                          MONTH:     OCTOBER
                                          YEAR:      2014
                                          LATITUDE:   32  2 N
                                          LONGITUDE: 102  6 W

  TEMPERATURE IN F:       :PCPN:    SNOW:  WIND      :SUNSHINE: SKY     :PK WND
================================================================================
1   2   3   4   5  6A  6B    7    8   9   10  11  12  13   14  15   16   17  18
                                     12Z  AVG MX 2MIN
DY MAX MIN AVG DEP HDD CDD  WTR  SNW DPTH SPD SPD DIR MIN PSBL S-S WX    SPD DR
================================================================================

 1  91  70  81   M   0  16 0.00  0.0    M  8.9 13 180   M    M   0 8      17 250
 2  82  62  72   M   0   7 0.00  0.0    0  9.8 15 330   M    M   0        21 340
 3  82  55  69   M   0   4 0.00  0.0    0  4.6 16  60   M    M   0        18  70
 4  86  53  70   M   0   5 0.00  0.0    0  8.9 20 190   M    M   0        22 220
 5  89  57  73   M   0   8 0.00  0.0    0  7.7 14 280   M    M   0        21 260
 6  90  57  74   M   0   9 0.00  0.0    0  3.9  8 240   M    M   0         M  M
 7  92  63  78   M   0  13 0.00  0.0    0  7.7 13 240   M    M   0        18 240
 8  92  65  79   M   0  14 0.00  0.0    0  9.9 15 170   M    M   0        20 160
 9  91  70  81   M   0  16 0.00  0.0    M 12.7 18 170   M    M   0        24 170
10  83  60  72   M   0   7 0.00  0.0    0  7.4 18 350   M    M   4        22  10
11  67  52  60   M   5   0 0.00  0.0    M  5.9 12 350   M    M   5        17  20
12  88  52  70   M   0   5 0.00  0.0    0 10.8 20 230   M    M   1        25 240
13  71  54  63   M   2   0 0.00  0.0    0 15.9 27 330   M    M   1        35 350
14  76  46  61   M   4   0 0.00  0.0    0  2.7  7 190   M    M   0         M  M
15  84  50  67   M   0   2 0.00  0.0    0  2.7  9 190   M    M   0         M  M
16  92  57  75   M   0  10 0.00  0.0    0  6.2 12 230   M    M   0        16 190
17  85  54  70   M   0   5 0.00  0.0    0  6.7 13  50   M    M   0         M  M
18  78  56  67   M   0   2 0.00  0.0    0 10.2 15  70   M    M   1        21  70
19  80  56  68   M   0   3 0.00  0.0    0  6.2 14 140   M    M   1        24 140
20  79  57  68   M   0   3 0.00  0.0    0  5.6 13 140   M    M   2        17 140
21  74  58  66   M   0   1 0.00  0.0    0  5.7 10 140   M    M   3        13 160
22  73  58  66   M   0   1 0.00  0.0    0  8.1 13 160   M    M   6         M  M
================================================================================
SM 1825 1262        11 131  0.00     0.0 168.2          M       24
================================================================================
AV 83.0 57.4                               7.6 FASTST   M    M   1    MAX(MPH)
                                 MISC ---->  # 27 330               # 35  350
================================================================================
NOTES:
# LAST OF SEVERAL OCCURRENCES

COLUMN 17 PEAK WIND IN M.P.H.

PRELIMINARY LOCAL CLIMATOLOGICAL DATA (WS FORM: F-6) , PAGE 2

                                          STATION:  Midland Airpark
                                          MONTH:    OCTOBER
                                          YEAR:     2014
                                          LATITUDE:   32  2 N
                                          LONGITUDE: 102  6 W

[TEMPERATURE DATA]      [PRECIPITATION DATA]       SYMBOLS USED IN COLUMN 16

AVERAGE MONTHLY: 70.2   TOTAL FOR MONTH:   0.00    1 = FOG OR MIST
DPTR FM NORMAL:     M   DPTR FM NORMAL:       M    2 = FOG REDUCING VISIBILITY
HIGHEST:    92 ON 16, 8 GRTST 24HR  0.00 ON 22-22      TO 1/4 MILE OR LESS
LOWEST:     46 ON 14                               3 = THUNDER
                        SNOW, ICE PELLETS, HAIL    4 = ICE PELLETS
                        TOTAL MONTH:   0.0 INCH    5 = HAIL
                        GRTST 24HR     0.0         6 = FREEZING RAIN OR DRIZZLE
                        GRTST DEPTH:   0           7 = DUSTSTORM OR SANDSTORM:
                                                       VSBY 1/2 MILE OR LESS
                                                   8 = SMOKE OR HAZE
[NO. OF DAYS WITH]      [WEATHER - DAYS WITH]      9 = BLOWING SNOW
                                                   X = TORNADO
MAX 32 OR BELOW:   0    0.01 INCH OR MORE:   0
MAX 90 OR ABOVE:   6    0.10 INCH OR MORE:   0
MIN 32 OR BELOW:   0    0.50 INCH OR MORE:   0
MIN  0 OR BELOW:   0    1.00 INCH OR MORE:   0

[HDD (BASE 65) ]
TOTAL THIS MO.    11    CLEAR  (SCALE 0-3)  19
DPTR FM NORMAL     M    PTCLDY (SCALE 4-7)   3
TOTAL FM JUL 1    26    CLOUDY (SCALE 8-10)  0
DPTR FM NORMAL     M

[CDD (BASE 65) ]
TOTAL THIS MO.   131
DPTR FM NORMAL     M    [PRESSURE DATA]
TOTAL FM JAN 1  2741    HIGHEST SLP M ON M
DPTR FM NORMAL     M    LOWEST  SLP M ON M

[REMARKS]
