000
CXUS53 KPAH 160649
CF6MDH
PRELIMINARY LOCAL CLIMATOLOGICAL DATA (WS FORM: F-6)

                                          STATION:   CARBONDALE IL
                                          MONTH:     AUGUST
                                          YEAR:      2017
                                          LATITUDE:   37 46 N
                                          LONGITUDE:  89 15 W

  TEMPERATURE IN F:       :PCPN:    SNOW:  WIND      :SUNSHINE: SKY     :PK WND
================================================================================
1   2   3   4   5  6A  6B    7    8   9   10  11  12  13   14  15   16   17  18
                                     12Z  AVG MX 2MIN
DY MAX MIN AVG DEP HDD CDD  WTR  SNW DPTH SPD SPD DIR MIN PSBL S-S WX    SPD DR
================================================================================

 1  90  67  79   1   0  14 0.06  0.0    0  3.1 17 310   M    M   1 13     25 310
 2  86  65  76  -2   0  11    T  0.0    0  3.0 20 170   M    M   3 13     26 170
 3  87  66  77  -1   0  12 0.03  0.0    0  6.2 21 210   M    M   2 3      30 220
 4  79  55  67 -11   0   2 0.00  0.0    0  7.5 17 300   M    M   2        21 300
 5  79  50  65 -13   0   0    T  0.0    0  4.7 14 160   M    M   2 1      18 160
 6  68  63  66 -12   0   1 1.23  0.0    0  5.0 13 110   M    M   8 13     16 100
 7  81  66  74  -4   0   9 0.12  0.0    0  3.6 10 340   M    M   9 1      12  10
 8  82  60  71  -7   0   6 0.00  0.0    0  4.1 13 100   M    M   2 1      17  90
 9  84  57  71  -7   0   6 0.00  0.0    0  1.5  8  80   M    M   1 1      11  80
10  85  62  74  -3   0   9 0.00  0.0    0  1.5  7 190   M    M   0 1      11 170
11  81  66  74  -3   0   9 0.97  0.0    0  3.3 16 350   M    M   6 13     21 340
12  80  61  71  -6   0   6 0.00  0.0    0  5.2 12  10   M    M   1        16  10
13  82  56  69  -8   0   4    T  0.0    0  1.2  7  90   M    M   1 1       9  40
14  79  68  74  -3   0   9 0.01  0.0    0  1.6  7 190   M    M   8 1      23 150
15  86  66  76  -1   0  11 0.00  0.0    0  2.7 10 180   M    M   5 12     14 140
================================================================================
SM 1229  928         0 109  2.42     0.0  54.2          M       51
================================================================================
AV 81.9 61.9                               3.6 FASTST   M    M   3    MAX(MPH)
                                 MISC ---->  # 21 210               # 30  220
================================================================================
NOTES:
# LAST OF SEVERAL OCCURRENCES

COLUMN 17 PEAK WIND IN M.P.H.

PRELIMINARY LOCAL CLIMATOLOGICAL DATA (WS FORM: F-6) , PAGE 2

                                          STATION:  CARBONDALE IL
                                          MONTH:    AUGUST
                                          YEAR:     2017
                                          LATITUDE:   37 46 N
                                          LONGITUDE:  89 15 W

[TEMPERATURE DATA]      [PRECIPITATION DATA]       SYMBOLS USED IN COLUMN 16

AVERAGE MONTHLY: 71.9   TOTAL FOR MONTH:   2.42    1 = FOG OR MIST
DPTR FM NORMAL:  -5.7   DPTR FM NORMAL:    1.07    2 = FOG REDUCING VISIBILITY
HIGHEST:    90 ON  1    GRTST 24HR  1.23 ON  6- 6      TO 1/4 MILE OR LESS
LOWEST:     50 ON  5                               3 = THUNDER
                        SNOW, ICE PELLETS, HAIL    4 = ICE PELLETS
                        TOTAL MONTH:   0.0 INCH    5 = HAIL
                        GRTST 24HR     0.0         6 = FREEZING RAIN OR DRIZZLE
                        GRTST DEPTH:   0           7 = DUSTSTORM OR SANDSTORM:
                                                       VSBY 1/2 MILE OR LESS
                                                   8 = SMOKE OR HAZE
[NO. OF DAYS WITH]      [WEATHER - DAYS WITH]      9 = BLOWING SNOW
                                                   X = TORNADO
MAX 32 OR BELOW:   0    0.01 INCH OR MORE:   6
MAX 90 OR ABOVE:   1    0.10 INCH OR MORE:   3
MIN 32 OR BELOW:   0    0.50 INCH OR MORE:   2
MIN  0 OR BELOW:   0    1.00 INCH OR MORE:   1

[HDD (BASE 65) ]
TOTAL THIS MO.     0    CLEAR  (SCALE 0-3)  10
DPTR FM NORMAL     0    PTCLDY (SCALE 4-7)   3
TOTAL FM JUL 1     0    CLOUDY (SCALE 8-10)  2
DPTR FM NORMAL     0

[CDD (BASE 65) ]
TOTAL THIS MO.   109
DPTR FM NORMAL   -79    [PRESSURE DATA]
TOTAL FM JAN 1   981    HIGHEST SLP M ON M
DPTR FM NORMAL   -47    LOWEST  SLP 29.81 ON 14

[REMARKS]
