000
CXUS55 KCTP 251131
CF6MDT
PRELIMINARY LOCAL CLIMATOLOGICAL DATA (WS FORM: F-6)

                                          STATION:   HARRISBURG PA
                                          MONTH:     OCTOBER
                                          YEAR:      2014
                                          LATITUDE:   40 11 N
                                          LONGITUDE:  76 46 W

  TEMPERATURE IN F:       :PCPN:    SNOW:  WIND      :SUNSHINE: SKY     :PK WND
================================================================================
1   2   3   4   5  6A  6B    7    8   9   10  11  12  13   14  15   16   17  18
                                     12Z  AVG MX 2MIN
DY MAX MIN AVG DEP HDD CDD  WTR  SNW DPTH SPD SPD DIR MIN PSBL S-S WX    SPD DR
================================================================================

 1  73  59  66   6   0   1    T  0.0    0  2.4  7  90   M    M   7 18     11  40
 2  71  56  64   5   1   0 0.00  0.0    0  2.8  8 100   M    M   6 18     12  70
 3  70  57  64   5   1   0 0.29  0.0    0 10.1 18 140   M    M  10 18     25 130
 4  63  42  53  -5  12   0 0.15  0.0    0 10.7 25 310   M    M   8 1      32 280
 5  59  39  49  -9  16   0 0.00  0.0    0  4.7 16 290   M    M   5        23 290
 6  71  40  56  -2   9   0 0.00  0.0    0  8.2 22 170   M    M   5        31 190
 7  71  58  65   8   0   0 0.24  0.0    0  7.2 17 180   M    M   8 1      31 190
 8  72  55  64   7   1   0 0.00  0.0    0 10.9 23 270   M    M   4        29 280
 9  70  44  57   1   8   0 0.00  0.0    0  6.4 21 280   M    M   3        28 280
10  60  45  53  -3  12   0 0.09  0.0    0  1.5  8 180   M    M   8 1      12 180
11  58  48  53  -3  12   0 0.31  0.0    0  2.3 10 350   M    M   9 1      12 350
12  63  41  52  -4  13   0 0.00  0.0    0  4.1  9 150   M    M   5 1      13 130
13  62  56  59   4   6   0 0.01  0.0    0  5.3  9 120   M    M  10 1      13 150
14  76  61  69  14   0   4    T  0.0    0 10.1 21 150   M    M  10 12     27 140
15  71  64  68  14   0   3 0.93  0.0    0  6.9 25 260   M    M  10 1      31 260
16  66  56  61   7   4   0 0.10  0.0    0  3.5 17 270   M    M   8 1      21 280
17  70  51  61   7   4   0 0.00  0.0    0  5.7 17 290   M    M   4 1      22 290
18  66  52  59   5   6   0    T  0.0    0 11.1 24 310   M    M   6        32 280
19  55  42  49  -4  16   0    T  0.0    0 12.0 26 320   M    M   6        32 310
20  63  36  50  -3  15   0 0.08  0.0    0  4.5 17 190   M    M   8 1      24 200
21  63  49  56   3   9   0 0.06  0.0    0  4.4 16 300   M    M   8 18     20 300
22  56  52  54   2  11   0 0.08  0.0    0 12.0 24 330   M    M  10 1      34 340
23  61  52  57   5   8   0    T  0.0    0 13.9 25 340   M    M  10        37 330
24  66  50  58   6   7   0 0.00  0.0    0 12.7 21 310   M    M   6        27 320
================================================================================
SM 1576 1205       171   8  2.34     0.0 173.4          M      174
================================================================================
AV 65.7 50.2                               7.2 FASTST   M    M   7    MAX(MPH)
                                 MISC ---->  # 26 320               # 37  330
================================================================================
NOTES:
# LAST OF SEVERAL OCCURRENCES

COLUMN 17 PEAK WIND IN M.P.H.

PRELIMINARY LOCAL CLIMATOLOGICAL DATA (WS FORM: F-6) , PAGE 2

                                          STATION:  HARRISBURG PA
                                          MONTH:    OCTOBER
                                          YEAR:     2014
                                          LATITUDE:   40 11 N
                                          LONGITUDE:  76 46 W

[TEMPERATURE DATA]      [PRECIPITATION DATA]       SYMBOLS USED IN COLUMN 16

AVERAGE MONTHLY: 57.9   TOTAL FOR MONTH:   2.34    1 = FOG OR MIST
DPTR FM NORMAL:   2.5   DPTR FM NORMAL:   -0.29    2 = FOG REDUCING VISIBILITY
HIGHEST:    76 ON 14    GRTST 24HR  0.93 ON 15-15      TO 1/4 MILE OR LESS
LOWEST:     36 ON 20                               3 = THUNDER
                        SNOW, ICE PELLETS, HAIL    4 = ICE PELLETS
                        TOTAL MONTH:   0.0 INCH    5 = HAIL
                        GRTST 24HR     0.0         6 = FREEZING RAIN OR DRIZZLE
                        GRTST DEPTH:   0           7 = DUSTSTORM OR SANDSTORM:
                                                       VSBY 1/2 MILE OR LESS
                                                   8 = SMOKE OR HAZE
[NO. OF DAYS WITH]      [WEATHER - DAYS WITH]      9 = BLOWING SNOW
                                                   X = TORNADO
MAX 32 OR BELOW:   0    0.01 INCH OR MORE:  11
MAX 90 OR ABOVE:   0    0.10 INCH OR MORE:   6
MIN 32 OR BELOW:   0    0.50 INCH OR MORE:   1
MIN  0 OR BELOW:   0    1.00 INCH OR MORE:   0

[HDD (BASE 65) ]
TOTAL THIS MO.   171    CLEAR  (SCALE 0-3)   0
DPTR FM NORMAL   -66    PTCLDY (SCALE 4-7)  15
TOTAL FM JUL 1   205    CLOUDY (SCALE 8-10)  9
DPTR FM NORMAL  -104

[CDD (BASE 65) ]
TOTAL THIS MO.     8
DPTR FM NORMAL    -2    [PRESSURE DATA]
TOTAL FM JAN 1  1050    HIGHEST SLP M ON M
DPTR FM NORMAL    47    LOWEST  SLP 29.54 ON 18

[REMARKS]
