000
CXUS55 KCTP 011131
CF6MDT
PRELIMINARY LOCAL CLIMATOLOGICAL DATA (WS FORM: F-6)

                                          STATION:   HARRISBURG PA
                                          MONTH:     FEBRUARY
                                          YEAR:      2015
                                          LATITUDE:   40 11 N
                                          LONGITUDE:  76 46 W

  TEMPERATURE IN F:       :PCPN:    SNOW:  WIND      :SUNSHINE: SKY     :PK WND
================================================================================
1   2   3   4   5  6A  6B    7    8   9   10  11  12  13   14  15   16   17  18
                                     12Z  AVG MX 2MIN
DY MAX MIN AVG DEP HDD CDD  WTR  SNW DPTH SPD SPD DIR MIN PSBL S-S WX    SPD DR
================================================================================

 1  38  10  24  -6  41   0 0.12  1.0    2  4.0 16 160   M    M   9 148    19 170
 2  39  19  29  -1  36   0 0.26  0.6    3 14.3 36 300   M    M   8 1468   43 300
 3  28  15  22  -8  43   0 0.00  0.0    3  9.3 22 310   M    M   3        27 320
 4  40  15  28  -3  37   0 0.00  0.0    2  2.9 10 120   M    M   7 8      12 130
 5  37  14  26  -5  39   0    T    T    1 15.1 32 320   M    M   6        38 320
 6  33   7  20 -11  45   0 0.00  0.0    1  5.0 22 270   M    M   3        27 270
 7  42  14  28  -3  37   0 0.00  0.0    T  2.3 12 180   M    M   9        15 260
 8  37  28  33   2  32   0 0.00  0.0    T  1.0  6  10   M    M   9 8      11  30
 9  37  27  32   1  33   0 0.05  0.2    0  7.6 14 110   M    M  10 14568  17  90
10  36  25  31  -1  34   0 0.00  0.0    T  7.7 16 340   M    M   6        21 340
11  36  19  28  -4  37   0    T    T    0  6.0 12 310   M    M   5        15 320
12  38  12  25  -7  40   0 0.01    T    T 15.0 33 310   M    M   8 18     42 300
13  23   9  16 -16  49   0 0.00  0.0    T 12.3 30 320   M    M   5        40 320
14  32  10  21 -11  44   0 0.04  0.7    T  9.2 38 310   M    M  10 129    49 310
15  13   3   8 -25  57   0 0.00  0.0    T 23.8 37 310   M    M   3 9      46 310
16  14   0   7 -26  58   0 0.05  1.7    T  8.5 26 320   M    M   6 1      32 330
17  25   2  14 -19  51   0 0.06  1.2    3  2.8 10 290   M    M   5 18     13 280
18  30  -1  15 -19  50   0 0.03  1.0    2  6.7 30 270   M    M   5 189    38 260
19  15   2   9 -25  56   0    T    T    1 18.4 33 310   M    M   4        43 320
20  16   0   8 -26  57   0 0.00  0.0    1 12.4 26 320   M    M   0        33 300
21  26   4  15 -19  50   0 0.45  4.7    T  6.6 18 180   M    M   9 1      30 180
22  41  24  33  -2  32   0 0.02  0.1    4  6.8 20 310   M    M   8 168    24 320
23  33   6  20 -15  45   0 0.00  0.0    2 15.1 26 310   M    M   5        32 330
24  24  -4  10 -25  55   0 0.00  0.0    1  6.1 15 180   M    M   4        20 160
25  37   4  21 -15  44   0 0.00  0.0    T  4.1 20 290   M    M   5 1      24 270
26  30  22  26 -10  39   0    T    T    T  6.5 17  80   M    M   9        13  70
27  27  18  23 -13  42   0    T    T    0  9.8 18 320   M    M   5        24 320
28  28   9  19 -17  46   0 0.00  0.0    0  4.1 13 300   M    M   1        14 310
================================================================================
SM  855  313      1229   0  1.09    11.2 243.4          M      167
================================================================================
AV 30.5 11.2                               8.7 FASTST   M    M   6    MAX(MPH)
                                 MISC ---->  # 38 310               # 49  310
================================================================================
NOTES:
# LAST OF SEVERAL OCCURRENCES

COLUMN 17 PEAK WIND IN M.P.H.

PRELIMINARY LOCAL CLIMATOLOGICAL DATA (WS FORM: F-6) , PAGE 2

                                          STATION:  HARRISBURG PA
                                          MONTH:    FEBRUARY
                                          YEAR:     2015
                                          LATITUDE:   40 11 N
                                          LONGITUDE:  76 46 W

[TEMPERATURE DATA]      [PRECIPITATION DATA]       SYMBOLS USED IN COLUMN 16

AVERAGE MONTHLY: 20.9   TOTAL FOR MONTH:   1.09    1 = FOG OR MIST
DPTR FM NORMAL: -12.0   DPTR FM NORMAL:   -1.30    2 = FOG REDUCING VISIBILITY
HIGHEST:    42 ON  7    GRTST 24HR  0.47 ON 21-22      TO 1/4 MILE OR LESS
LOWEST:     -4 ON 24                               3 = THUNDER
                        SNOW, ICE PELLETS, HAIL    4 = ICE PELLETS
                        TOTAL MONTH:  11.2 INCHES  5 = HAIL
                        GRTST 24HR   4.7 ON   M    6 = FREEZING RAIN OR DRIZZLE
                        GRTST DEPTH:   4 ON 22     7 = DUSTSTORM OR SANDSTORM:
                                                       VSBY 1/2 MILE OR LESS
                                                   8 = SMOKE OR HAZE
[NO. OF DAYS WITH]      [WEATHER - DAYS WITH]      9 = BLOWING SNOW
                                                   X = TORNADO
MAX 32 OR BELOW:  14    0.01 INCH OR MORE:  10
MAX 90 OR ABOVE:   0    0.10 INCH OR MORE:   3
MIN 32 OR BELOW:  28    0.50 INCH OR MORE:   0
MIN  0 OR BELOW:   4    1.00 INCH OR MORE:   0

[HDD (BASE 65) ]
TOTAL THIS MO.  1229    CLEAR  (SCALE 0-3)   3
DPTR FM NORMAL   330    PTCLDY (SCALE 4-7)  17
TOTAL FM JUL 1  4303    CLOUDY (SCALE 8-10)  8
DPTR FM NORMAL   315

[CDD (BASE 65) ]
TOTAL THIS MO.     0
DPTR FM NORMAL     0    [PRESSURE DATA]
TOTAL FM JAN 1     0    HIGHEST SLP 30.86 ON 28
DPTR FM NORMAL     0    LOWEST  SLP 29.38 ON  2

[REMARKS]
#FINAL-02-15#
