000
CXUS54 KMEG 300644
CF6MEG
PRELIMINARY LOCAL CLIMATOLOGICAL DATA (WS FORM: F-6)

                                          STATION:   MEMPHIS/GERMANTOWN WFO
                                          MONTH:     OCTOBER
                                          YEAR:      2014
                                          LATITUDE:   35  7 N
                                          LONGITUDE:  89 48 W

  TEMPERATURE IN F:       :PCPN:    SNOW:  WIND      :SUNSHINE: SKY     :PK WND
================================================================================
1   2   3   4   5  6A  6B    7    8   9   10  11  12  13   14  15   16   17  18
                                     12Z  AVG MX 2MIN
DY MAX MIN AVG DEP HDD CDD  WTR  SNW DPTH SPD SPD DIR MIN PSBL S-S WX    SPD DR
================================================================================

 1  90  63  77  10   0  12 0.00  0.0    0   M   M   M   M    M   0         M  M
 2  87  64  76  10   0  11 0.88  0.0    0   M   M   M   M    M   0 3       M  M
 3  77  51  64  -2   1   0 0.06  0.0    0   M   M   M   M    M   0         M  M
 4  66  43  55 -11  10   0 0.00  0.0    0   M   M   M   M    M   0         M  M
 5  78  46  62  -3   3   0 0.00  0.0    0   M   M   M   M    M   0         M  M
 6  77  60  69   4   0   4 0.27  0.0    0   M   M   M   M    M   0         M  M
 7  83  64  74   9   0   9 0.41  0.0    0   M   M   M   M    M   0         M  M
 8  80  67  74  10   0   9 0.00  0.0    0   M   M   M   M    M   0         M  M
 9  87  65  76  12   0  11 0.00  0.0    0   M   M   M   M    M   0         M  M
10  85  64  75  11   0  10 0.11  0.0    0   M   M   M   M    M   0 3       M  M
11  65  59  62  -1   3   0 0.15  0.0    0   M   M   M   M    M   0         M  M
12  77  60  69   6   0   4 0.13  0.0    0   M   M   M   M    M   0 3       M  M
13  79  62  71   8   0   6 1.48  0.0    0   M   M   M   M    M   0 3       M  M
14  62  56  59  -3   6   0 0.24  0.0    0   M   M   M   M    M   0         M  M
15  68  54  61  -1   4   0 0.00  0.0    0   M   M   M   M    M   0         M  M
16  76  46  61  -1   4   0 0.00  0.0    0   M   M   M   M    M   0         M  M
17  81  54  68   7   0   3 0.00  0.0    0   M   M   M   M    M   0         M  M
18  70  51  61   0   4   0 0.00  0.0    0   M   M   M   M    M   0         M  M
19  68  44  56  -5   9   0 0.00  0.0    0   M   M   M   M    M   0         M  M
20  72  45  59  -1   6   0 0.00  0.0    0   M   M   M   M    M   0         M  M
21  76  50  63   3   2   0 0.00  0.0    0   M   M   M   M    M   0         M  M
22  67  49  58  -2   7   0 0.00  0.0    0   M   M   M   M    M   0         M  M
23  64  42  53  -7  12   0 0.00  0.0    0   M   M   M   M    M   0         M  M
24  75  43  59   0   6   0 0.00  0.0    0   M   M   M   M    M   0         M  M
25  83  52  68   9   0   3 0.00  0.0    0   M   M   M   M    M   0         M  M
26  86  58  72  13   0   7 0.00  0.0    0   M   M   M   M    M   0         M  M
27  83  62  73  15   0   8 0.00  0.0    0   M   M   M   M    M   0         M  M
28  70  53  62   4   3   0 0.57  0.0    0   M   M   M   M    M   0         M  M
29  70  45  58   0   7   0 0.10  0.0    0   M   M   M   M    M   0         M  M
================================================================================
SM 2202 1572        87  97  4.40     0.0     M          M        0
================================================================================
AV 75.9 54.2                                 M FASTST   M    M   0    MAX(MPH)
                                 MISC ---->     M   M                  M    M
================================================================================
NOTES:
# LAST OF SEVERAL OCCURRENCES

COLUMN 17 PEAK WIND IN M.P.H.

PRELIMINARY LOCAL CLIMATOLOGICAL DATA (WS FORM: F-6) , PAGE 2

                                          STATION:  MEMPHIS/GERMANTOWN WFO
                                          MONTH:    OCTOBER
                                          YEAR:     2014
                                          LATITUDE:   35  7 N
                                          LONGITUDE:  89 48 W

[TEMPERATURE DATA]      [PRECIPITATION DATA]       SYMBOLS USED IN COLUMN 16

AVERAGE MONTHLY: 65.1   TOTAL FOR MONTH:   4.40    1 = FOG OR MIST
DPTR FM NORMAL:   3.0   DPTR FM NORMAL:    0.38    2 = FOG REDUCING VISIBILITY
HIGHEST:    90 ON  1    GRTST 24HR  1.48 ON 13-13      TO 1/4 MILE OR LESS
LOWEST:     42 ON 23                               3 = THUNDER
                        SNOW, ICE PELLETS, HAIL    4 = ICE PELLETS
                        TOTAL MONTH:   0.0 INCH    5 = HAIL
                        GRTST 24HR     0.0         6 = FREEZING RAIN OR DRIZZLE
                        GRTST DEPTH:   0           7 = DUSTSTORM OR SANDSTORM:
                                                       VSBY 1/2 MILE OR LESS
                                                   8 = SMOKE OR HAZE
[NO. OF DAYS WITH]      [WEATHER - DAYS WITH]      9 = BLOWING SNOW
                                                   X = TORNADO
MAX 32 OR BELOW:   0    0.01 INCH OR MORE:  11
MAX 90 OR ABOVE:   1    0.10 INCH OR MORE:  10
MIN 32 OR BELOW:   0    0.50 INCH OR MORE:   3
MIN  0 OR BELOW:   0    1.00 INCH OR MORE:   1

[HDD (BASE 65) ]
TOTAL THIS MO.    87    CLEAR  (SCALE 0-3)  29
DPTR FM NORMAL   -61    PTCLDY (SCALE 4-7)   0
TOTAL FM JUL 1    92    CLOUDY (SCALE 8-10)  0
DPTR FM NORMAL   -74

[CDD (BASE 65) ]
TOTAL THIS MO.    97
DPTR FM NORMAL    36    [PRESSURE DATA]
TOTAL FM JAN 1  1965    HIGHEST SLP M ON M
DPTR FM NORMAL    52    LOWEST  SLP M ON M

[REMARKS]
