000
CXUS54 KLZK 251130
CF6MEZ
PRELIMINARY LOCAL CLIMATOLOGICAL DATA (WS FORM: F-6)

                                          STATION:   Mena Airport
                                          MONTH:     APRIL
                                          YEAR:      2017
                                          LATITUDE:   34  9 N
                                          LONGITUDE:  94 15 W

  TEMPERATURE IN F:       :PCPN:    SNOW:  WIND      :SUNSHINE: SKY     :PK WND
================================================================================
1   2   3   4   5  6A  6B    7    8   9   10  11  12  13   14  15   16   17  18
                                     12Z  AVG MX 2MIN
DY MAX MIN AVG DEP HDD CDD  WTR  SNW DPTH SPD SPD DIR MIN PSBL S-S WX    SPD DR
================================================================================

 1  82  48  65  11   0   0 0.00    M    M  6.1 13  80   M    M   2        16 100
 2  68  55  62   7   3   0 0.62    M    M  4.2 15  90   M    M   6 3      22  90
 3  73  54  64   9   1   0 0.12    M    M  6.6 15 270   M    M   5        24 260
 4  84  46  65  10   0   0 0.83    M    M  4.6 21 270   M    M   1 3      35 270
 5  61  50  56   0   9   0 0.02    M    M 14.0 23 280   M    M   5        32 280
 6  68  37  53  -3  12   0 0.00    M    M  7.8 17 300   M    M   0        27 320
 7  73  36  55  -1  10   0 0.00    M    M  1.8  8 250   M    M   0         M  M
 8  79  48  64   8   1   0 0.00    M    M  4.8 12 220   M    M   0        24 220
 9  81  61  71  14   0   6 0.00    M    M  6.6 12 200   M    M   6        20 200
10  70  64  67  10   0   2 0.38    M    M  3.8 12 200   M    M  10 3      20 190
11  73  59  66   9   0   1 0.13    M    M  1.0  6 360   M    M   9 3       M  M
12  79  57  68  10   0   3 0.00    M    M  2.8  9  90   M    M   6        17 120
13  82  55  69  11   0   4 0.00    M    M  1.8  6 190   M    M   6         M  M
14  81  61  71  13   0   6 0.00    M    M  2.2  9 200   M    M   1         M  M
15  81  66  74  16   0   9 0.00    M    M  3.2  6 190   M    M   4         M  M
16  81  63  72  13   0   7 0.00  0.0    0  3.5  9 230   M    M   3         M  M
17  72  59  66   7   0   1 1.64  0.0    0  1.4  8 320   M    M   7 3       M  M
18  82  59  71  12   0   6 0.00  0.0    0  0.5  5 250   M    M   5         M  M
19  82  66  74  15   0   9 0.00  0.0    0  3.7  8 150   M    M   4         M  M
20  79  63  71  11   0   6 0.00  0.0    0  3.5  7 250   M    M   4         M  M
21  81  61  71  11   0   6 0.77  0.0    0  2.3  7  60   M    M   8 3       M  M
22  64  50  57  -3   8   0 0.39  0.0    0  7.6 16 300   M    M  10 3      20 300
23  72  45  59  -1   6   0 0.00  0.0    0  4.0 10  40   M    M   1        17  40
24  79  41  60  -1   5   0 0.00  0.0    0  2.3  7 210   M    M   0         M  M
================================================================================
SM 1827 1304        55  66  4.90     0.0 100.1          M      103
================================================================================
AV 76.1 54.3                               4.2 FASTST   M    M   4    MAX(MPH)
                                 MISC ---->  # 23 280               # 35  270
================================================================================
NOTES:
# LAST OF SEVERAL OCCURRENCES

COLUMN 17 PEAK WIND IN M.P.H.

PRELIMINARY LOCAL CLIMATOLOGICAL DATA (WS FORM: F-6) , PAGE 2

                                          STATION:  Mena Airport
                                          MONTH:    APRIL
                                          YEAR:     2017
                                          LATITUDE:   34  9 N
                                          LONGITUDE:  94 15 W

[TEMPERATURE DATA]      [PRECIPITATION DATA]       SYMBOLS USED IN COLUMN 16

AVERAGE MONTHLY: 65.2   TOTAL FOR MONTH:   4.90    1 = FOG OR MIST
DPTR FM NORMAL:   7.6   DPTR FM NORMAL:    0.69    2 = FOG REDUCING VISIBILITY
HIGHEST:    84 ON  4    GRTST 24HR  1.64 ON 17-17      TO 1/4 MILE OR LESS
LOWEST:     36 ON  7                               3 = THUNDER
                        SNOW, ICE PELLETS, HAIL    4 = ICE PELLETS
                        TOTAL MONTH:   0.0 INCH    5 = HAIL
                        GRTST 24HR     0.0         6 = FREEZING RAIN OR DRIZZLE
                        GRTST DEPTH:   0           7 = DUSTSTORM OR SANDSTORM:
                                                       VSBY 1/2 MILE OR LESS
                                                   8 = SMOKE OR HAZE
[NO. OF DAYS WITH]      [WEATHER - DAYS WITH]      9 = BLOWING SNOW
                                                   X = TORNADO
MAX 32 OR BELOW:   0    0.01 INCH OR MORE:   9
MAX 90 OR ABOVE:   0    0.10 INCH OR MORE:   8
MIN 32 OR BELOW:   0    0.50 INCH OR MORE:   4
MIN  0 OR BELOW:   0    1.00 INCH OR MORE:   1

[HDD (BASE 65) ]
TOTAL THIS MO.    55    CLEAR  (SCALE 0-3)   8
DPTR FM NORMAL  -139    PTCLDY (SCALE 4-7)  12
TOTAL FM JUL 1  1862    CLOUDY (SCALE 8-10)  4
DPTR FM NORMAL -1683

[CDD (BASE 65) ]
TOTAL THIS MO.    66
DPTR FM NORMAL    48    [PRESSURE DATA]
TOTAL FM JAN 1   118    HIGHEST SLP M ON M
DPTR FM NORMAL    94    LOWEST  SLP M ON M

[REMARKS]
