000
CXUS53 KGRB 160659
CF6MFI
PRELIMINARY LOCAL CLIMATOLOGICAL DATA (WS FORM: F-6)

                                          STATION:   MARSHFIELD WI
                                          MONTH:     JANUARY
                                          YEAR:      2017
                                          LATITUDE:   44 37 N
                                          LONGITUDE:  90 11 W

  TEMPERATURE IN F:       :PCPN:    SNOW:  WIND      :SUNSHINE: SKY     :PK WND
================================================================================
1   2   3   4   5  6A  6B    7    8   9   10  11  12  13   14  15   16   17  18
                                     12Z  AVG MX 2MIN
DY MAX MIN AVG DEP HDD CDD  WTR  SNW DPTH SPD SPD DIR MIN PSBL S-S WX    SPD DR
================================================================================

 1  28  13  21   6  44   0 0.00  0.0    4  7.3 17 210   M    M   3        22 220
 2  32  25  29  14  36   0 0.24  2.3    6 11.5 16  90   M    M  10 168    22  90
 3  31   3  17   2  48   0    M    M    6 13.0 26 300   M    M   9 1268   36 310
 4   3  -9  -3 -18  68   0    M    M    M 15.6 24 290   M    M   3 8      33 280
 5  -4 -17 -10 -25  75   0 0.00  0.0    M  9.5 21 320   M    M   3        25 320
 6  -1 -19 -10 -25  75   0 0.00  0.0    M  7.2 14 280   M    M   0        17 290
 7   4 -14  -5 -19  70   0 0.00  0.0    M  9.2 20 300   M    M   1 18     26 290
 8  12 -16  -2 -16  67   0    M    M    M  6.6 18 170   M    M   3        25 160
 9  24   9  17   3  48   0    M    M    M  8.5 21 160   M    M   8 18     27 160
10  32   5  19   5  46   0    M    M    M 14.7 32 270   M    M   9 12689  40 270
11  10   4   7  -7  58   0    M    M    M  8.0 15 260   M    M   8 18     20 270
12  14  -2   6  -8  59   0 0.00  0.0    M 10.0 18 300   M    M   6        24 300
13   7 -11  -2 -16  67   0 0.00  0.0    M  4.6 10 300   M    M   4        15 300
14  17   0   9  -5  56   0 0.00  0.0    M  4.2 10 280   M    M   3        12 280
15  24  -5  10  -4  55   0 0.00  0.0    M  3.5  9 220   M    M   0 18     11 220
================================================================================
SM  233  -34       872   0  0.24     2.3 133.4          M       70
================================================================================
AV 15.5 -2.3                               8.9 FASTST   M    M   5    MAX(MPH)
                                 MISC ---->  # 32 270               # 40  270
================================================================================
NOTES:
# LAST OF SEVERAL OCCURRENCES

COLUMN 17 PEAK WIND IN M.P.H.

PRELIMINARY LOCAL CLIMATOLOGICAL DATA (WS FORM: F-6) , PAGE 2

                                          STATION:  MARSHFIELD WI
                                          MONTH:    JANUARY
                                          YEAR:     2017
                                          LATITUDE:   44 37 N
                                          LONGITUDE:  90 11 W

[TEMPERATURE DATA]      [PRECIPITATION DATA]       SYMBOLS USED IN COLUMN 16

AVERAGE MONTHLY:  6.6   TOTAL FOR MONTH:   0.24    1 = FOG OR MIST
DPTR FM NORMAL:  -7.8   DPTR FM NORMAL:   -0.04    2 = FOG REDUCING VISIBILITY
HIGHEST:    32 ON 10, 2 GRTST 24HR  0.24 ON  2- 2      TO 1/4 MILE OR LESS
LOWEST:    -19 ON  6                               3 = THUNDER
                        SNOW, ICE PELLETS, HAIL    4 = ICE PELLETS
                        TOTAL MONTH:   2.3 INCHES  5 = HAIL
                        GRTST 24HR   2.3 ON   M    6 = FREEZING RAIN OR DRIZZLE
                        GRTST DEPTH:   6 ON  3, 2  7 = DUSTSTORM OR SANDSTORM:
                                                       VSBY 1/2 MILE OR LESS
                                                   8 = SMOKE OR HAZE
[NO. OF DAYS WITH]      [WEATHER - DAYS WITH]      9 = BLOWING SNOW
                                                   X = TORNADO
MAX 32 OR BELOW:  15    0.01 INCH OR MORE:   1
MAX 90 OR ABOVE:   0    0.10 INCH OR MORE:   1
MIN 32 OR BELOW:  15    0.50 INCH OR MORE:   0
MIN  0 OR BELOW:   9    1.00 INCH OR MORE:   0

[HDD (BASE 65) ]
TOTAL THIS MO.   872    CLEAR  (SCALE 0-3)   6
DPTR FM NORMAL   114    PTCLDY (SCALE 4-7)   6
TOTAL FM JUL 1  3445    CLOUDY (SCALE 8-10)  3
DPTR FM NORMAL  -579

[CDD (BASE 65) ]
TOTAL THIS MO.     0
DPTR FM NORMAL     0    [PRESSURE DATA]
TOTAL FM JAN 1     0    HIGHEST SLP M ON M
DPTR FM NORMAL     0    LOWEST  SLP 29.08 ON 10

[REMARKS]
