000
CXUS51 KPBZ 220804
CF6MGW
PRELIMINARY LOCAL CLIMATOLOGICAL DATA (WS FORM: F-6)

                                          STATION:   MORGANTOWN WV
                                          MONTH:     MAY
                                          YEAR:      2017
                                          LATITUDE:   39 39 N
                                          LONGITUDE:  79 55 W

  TEMPERATURE IN F:       :PCPN:    SNOW:  WIND      :SUNSHINE: SKY     :PK WND
================================================================================
1   2   3   4   5  6A  6B    7    8   9   10  11  12  13   14  15   16   17  18
                                     12Z  AVG MX 2MIN
DY MAX MIN AVG DEP HDD CDD  WTR  SNW DPTH SPD SPD DIR MIN PSBL S-S WX    SPD DR
================================================================================

 1  83  61  72  15   0   7 0.50  0.0    0  8.8 32 160   M    M   4 13     44 160
 2  65  51  58   0   7   0    T  0.0    0  9.2 24 240   M    M  10        43 220
 3  58  47  53  -5  12   0 0.00  0.0    0  4.6 15 290   M    M   8        25 270
 4  70  49  60   2   5   0 0.17    M    0  9.6 23 140   M    M   7        31 120
 5  79  50  65   7   0   0 0.96    M    M  5.9 15  30   M    M   7 138    22 130
 6  51  43  47 -12  18   0 0.74    M    0  6.4 16 290   M    M   9 1      25 300
 7  58  40  49 -10  16   0 0.07    M    0  5.0 14 290   M    M   9 8      21 330
 8  60  37  49 -10  16   0 0.00  0.0    0  3.8 16 290   M    M   4        27 260
 9  67  32  50  -9  15   0 0.00    M    M  2.3  8 140   M    M   0        13 280
10  74  44  59  -1   6   0 0.00    M    M  2.4  8 270   M    M   4        12 220
11  67  52  60   0   5   0 0.54  0.0    0  4.4 12 350   M    M   7 138    15 100
12  55  49  52  -8  13   0 0.14    M    0  5.2 12  90   M    M  10 18     17  60
13  64  48  56  -4   9   0 0.07    M    M  3.0  9  30   M    M   8 1      11  40
14  75  47  61   0   4   0 0.00  0.0    0  7.3 17 350   M    M   5 1      27 340
15  71  41  56  -5   9   0 0.00    M    M  2.4 10 280   M    M   0        16 340
16  83  44  64   3   1   0 0.00  0.0    0  2.3 10 220   M    M   0 8      16 230
17  88  61  75  14   0  10 0.00    M    0  4.6 14 220   M    M   1        23 240
18  86  61  74  12   0   9 0.00    M    0  6.5 17 220   M    M   2        25 230
19  86  66  76  14   0  11    T  0.0    0  3.9 10 230   M    M   4 3      18 230
20  79  63  71   9   0   6 0.00  0.0    0  5.1 14 120   M    M   4        17 110
21  81  61  71   9   0   6 0.02  0.0    0  6.9 14 220   M    M   6 8      20 240
================================================================================
SM 1500 1047       136  49  3.21     0.0 109.6          M      109
================================================================================
AV 71.4 49.9                               5.2 FASTST   M    M   5    MAX(MPH)
                                 MISC ---->  # 32 160               # 44  160
================================================================================
NOTES:
# LAST OF SEVERAL OCCURRENCES

COLUMN 17 PEAK WIND IN M.P.H.

PRELIMINARY LOCAL CLIMATOLOGICAL DATA (WS FORM: F-6) , PAGE 2

                                          STATION:  MORGANTOWN WV
                                          MONTH:    MAY
                                          YEAR:     2017
                                          LATITUDE:   39 39 N
                                          LONGITUDE:  79 55 W

[TEMPERATURE DATA]      [PRECIPITATION DATA]       SYMBOLS USED IN COLUMN 16

AVERAGE MONTHLY: 60.6   TOTAL FOR MONTH:   3.21    1 = FOG OR MIST
DPTR FM NORMAL:   0.8   DPTR FM NORMAL:    0.16    2 = FOG REDUCING VISIBILITY
HIGHEST:    88 ON 17    GRTST 24HR  0.96 ON  5- 5      TO 1/4 MILE OR LESS
LOWEST:     32 ON  9                               3 = THUNDER
                        SNOW, ICE PELLETS, HAIL    4 = ICE PELLETS
                        TOTAL MONTH:   0.0 INCH    5 = HAIL
                        GRTST 24HR     0.0         6 = FREEZING RAIN OR DRIZZLE
                        GRTST DEPTH:   0           7 = DUSTSTORM OR SANDSTORM:
                                                       VSBY 1/2 MILE OR LESS
                                                   8 = SMOKE OR HAZE
[NO. OF DAYS WITH]      [WEATHER - DAYS WITH]      9 = BLOWING SNOW
                                                   X = TORNADO
MAX 32 OR BELOW:   0    0.01 INCH OR MORE:   9
MAX 90 OR ABOVE:   0    0.10 INCH OR MORE:   6
MIN 32 OR BELOW:   1    0.50 INCH OR MORE:   4
MIN  0 OR BELOW:   0    1.00 INCH OR MORE:   0

[HDD (BASE 65) ]
TOTAL THIS MO.   136    CLEAR  (SCALE 0-3)   5
DPTR FM NORMAL     2    PTCLDY (SCALE 4-7)  12
TOTAL FM JUL 1  4004    CLOUDY (SCALE 8-10)  4
DPTR FM NORMAL -1113

[CDD (BASE 65) ]
TOTAL THIS MO.    49
DPTR FM NORMAL    21    [PRESSURE DATA]
TOTAL FM JAN 1    89    HIGHEST SLP M ON M
DPTR FM NORMAL    45    LOWEST  SLP 29.34 ON  5

[REMARKS]
