118
CXUS52 KMFL 271000
CF6MIA
PRELIMINARY LOCAL CLIMATOLOGICAL DATA (WS FORM: F-6)

                                          STATION:   MIAMI
                                          MONTH:     AUGUST
                                          YEAR:      2016
                                          LATITUDE:   25 49 N
                                          LONGITUDE:  80 17 W

  TEMPERATURE IN F:       :PCPN:    SNOW:  WIND      :SUNSHINE: SKY     :PK WND
================================================================================
1   2   3   4   5  6A  6B    7    8   9   10  11  12  13   14  15   16   17  18
                                     12Z  AVG MX 2MIN
DY MAX MIN AVG DEP HDD CDD  WTR  SNW DPTH SPD SPD DIR MIN PSBL S-S WX    SPD DR
================================================================================

 1  92  73  83  -2   0  18 1.72  0.0    0 11.7 23 130   M    M   6 13     31 100
 2  91  73  82  -3   0  17 3.79  0.0    0  9.0 21 310   M    M   9 123    29 310
 3  90  75  83  -2   0  18    T  0.0    0  5.6 15  50 443   56   9        25 130
 4  92  80  86   1   0  21 0.00  0.0    0  6.5 15 120   M    M   6 8      22 140
 5  91  81  86   1   0  21 0.00  0.0    0  7.7 16 140 705   89   5        23 100
 6  91  73  82  -2   0  17 2.06  0.0    0  7.1 26 200 378   48   7 13     35 180
 7  90  74  82  -2   0  17 0.12  0.0    0  4.4 15 120   M    M   8 13     28 110
 8  85  74  80  -4   0  15 0.32  0.0    0  5.0 15 310  46    6   8 1      22 310
 9  90  74  82  -2   0  17 1.35  0.0    0  6.0 17 250 524   66   8 13     23 240
10  92  76  84   0   0  19 0.04  0.0    0  3.3 20 280 633   80   6 3      26 270
11  88  78  83  -1   0  18    T  0.0    0  6.8 14 120 630   80   7        19 140
12  90  77  84   0   0  19 0.08  0.0    0  8.8 20 100 700   89   5 3      26 130
13  90  75  83  -1   0  18 0.09  0.0    0  9.2 29  70 739   94   6 13     42  80
14  91  75  83  -1   0  18 0.05  0.0    0 11.8 22  90 591   75   7 3      30  60
15  92  80  86   2   0  21 0.05  0.0    0 10.4 20  90   M    M   7        31  60
16  90  78  84   0   0  19 0.29  0.0    0 10.1 26 100   M    M   6 138    39 100
17  89  76  83  -1   0  18 0.52  0.0    0  6.9 18  90 500   64   6 13     23  80
18  91  79  85   1   0  20 0.15  0.0    0  7.8 16  80 608   78   5 1      26  50
19  90  79  85   1   0  20 0.09  0.0    0  4.2 15 120 531   68   6 3      26 220
20  93  77  85   1   0  20 0.00  0.0    0  4.9 14 120 724   93   3        19 130
21  94  79  87   3   0  22 0.00  0.0    0  4.9 14 110 623   80   5        20 130
22  93  80  87   3   0  22 0.00  0.0    0  5.0 14  90 695   90   2        18 140
23  94  83  89   5   0  24 0.00  0.0    0  8.2 18  60 645   84   5        27 190
24  90  80  85   1   0  20    T  0.0    0  6.9 17  80 414   54   7 3      21 110
25  94  80  87   3   0  22 0.02  0.0    0  7.4 17  80   M    M   8 3      23  80
26  92  78  85   1   0  20 0.21  0.0    0  6.9 18  80 507   66   9 13     27 340
================================================================================
SM 2365 2007         0 501 10.95     0.0 186.5        10636    166
================================================================================
AV 91.0 77.2                               7.2 FASTST  560  72   6    MAX(MPH)
                                 MISC ---->  # 29  70               # 42   80
================================================================================
NOTES:
# LAST OF SEVERAL OCCURRENCES

COLUMN 17 PEAK WIND IN M.P.H.

PRELIMINARY LOCAL CLIMATOLOGICAL DATA (WS FORM: F-6) , PAGE 2

                                          STATION:  MIAMI
                                          MONTH:    AUGUST
                                          YEAR:     2016
                                          LATITUDE:   25 49 N
                                          LONGITUDE:  80 17 W

[TEMPERATURE DATA]      [PRECIPITATION DATA]       SYMBOLS USED IN COLUMN 16

AVERAGE MONTHLY: 84.1   TOTAL FOR MONTH:  10.95    1 = FOG OR MIST
DPTR FM NORMAL:  -0.1   DPTR FM NORMAL:    3.65    2 = FOG REDUCING VISIBILITY
HIGHEST:    94 ON 25,23 GRTST 24HR  5.34 ON  1- 2      TO 1/4 MILE OR LESS
LOWEST:     73 ON  6, 2                            3 = THUNDER
                        SNOW, ICE PELLETS, HAIL    4 = ICE PELLETS
                        TOTAL MONTH:   0.0 INCH    5 = HAIL
                        GRTST 24HR     0.0         6 = FREEZING RAIN OR DRIZZLE
                        GRTST DEPTH:   0           7 = DUSTSTORM OR SANDSTORM:
                                                       VSBY 1/2 MILE OR LESS
                                                   8 = SMOKE OR HAZE
[NO. OF DAYS WITH]      [WEATHER - DAYS WITH]      9 = BLOWING SNOW
                                                   X = TORNADO
MAX 32 OR BELOW:   0    0.01 INCH OR MORE:  17
MAX 90 OR ABOVE:  23    0.10 INCH OR MORE:  10
MIN 32 OR BELOW:   0    0.50 INCH OR MORE:   5
MIN  0 OR BELOW:   0    1.00 INCH OR MORE:   4

[HDD (BASE 65) ]
TOTAL THIS MO.     0    CLEAR  (SCALE 0-3)   1
DPTR FM NORMAL     0    PTCLDY (SCALE 4-7)  22
TOTAL FM JUL 1     0    CLOUDY (SCALE 8-10)  3
DPTR FM NORMAL     0

[CDD (BASE 65) ]
TOTAL THIS MO.   501
DPTR FM NORMAL    -1    [PRESSURE DATA]
TOTAL FM JAN 1  3144    HIGHEST SLP M ON M
DPTR FM NORMAL   162    LOWEST  SLP 29.88 ON 26

[REMARKS]
