000
CXUS55 KEAX 240736
CF6MKC
PRELIMINARY LOCAL CLIMATOLOGICAL DATA (WS FORM: F-6)

                                          STATION:   Downtown Kansas City MO
                                          MONTH:     JUNE
                                          YEAR:      2017
                                          LATITUDE:   39  7 N
                                          LONGITUDE:  94 36 W

  TEMPERATURE IN F:       :PCPN:    SNOW:  WIND      :SUNSHINE: SKY     :PK WND
================================================================================
1   2   3   4   5  6A  6B    7    8   9   10  11  12  13   14  15   16   17  18
                                     12Z  AVG MX 2MIN
DY MAX MIN AVG DEP HDD CDD  WTR  SNW DPTH SPD SPD DIR MIN PSBL S-S WX    SPD DR
================================================================================

 1  81  64  73   1   0   8 0.18    M    M  6.8 20 200   M    M   5 1      23 230
 2  87  69  78   6   0  13 0.00    M    M  4.8 14 170   M    M   3        18 170
 3  87  68  78   6   0  13 0.00    M    M  4.2 13 140   M    M   1        18 120
 4  82  70  76   4   0  11 1.88    M    M  1.7 23 120   M    M   3 138    37  80
 5  93  66  80   7   0  15 0.00    M    M  5.3 16  40   M    M   2 12     19  60
 6  83  66  75   2   0  10 0.00    M    M  9.7 14  60   M    M   0        20  40
 7  83  59  71  -2   0   6 0.00    M    M  3.7 14  80   M    M   0        17  90
 8  84   M   M   M   M   M 0.00    M    M  4.5 13 270   M    M   0        19 230
 9  87  62  75   1   0  10 0.00    M    M 10.0 17 170   M    M   0        23 180
10  90  69  80   6   0  15 0.00    M    M 15.9 29 190   M    M   1        35 180
11  92  73  83   8   0  18 0.00    M    M 16.1 28 190   M    M   0        39 200
12  92  73  83   8   0  18 0.00    M    M 12.7 23 180   M    M   1        28 180
13  91  77  84   9   0  19 0.00    M    M 16.6 28 190   M    M   2        34 180
14  91  70  81   5   0  16 0.15    M    M 13.3 33 230   M    M   3 3      45 240
15  94  69  82   6   0  17 0.13    M    M 10.2 33 210   M    M   1 3      44 220
16  92  69  81   5   0  16 1.16    M    M  9.3 29 340   M    M   1 13     42 340
17  92  69  81   5   0  16 0.31    M    M  7.6 31 320   M    M   2 13     46 310
18  83  67  75  -2   0  10 0.16    M    M  7.3 18 300   M    M   1 13     25 320
19  87  66  77   0   0  12 0.00    M    M  6.5 21 240   M    M   3        26 250
20  91  69  80   3   0  15 0.00    M    M  8.3 15 250   M    M   1        24 220
21  94  77  86   8   0  21 0.00    M    M 12.7 24 200   M    M   0        31 200
22  88  73  81   3   0  16 0.00    M    M 10.8 18 170   M    M   2        30 190
23  85  67  76  -2   0  11 0.00    M    M  9.9 21 360   M    M   3        30 310
================================================================================
SM 2029 1512         0 306  3.97    M    207.9          M       35
================================================================================
AV 88.2 68.7                               9.0 FASTST   M    M   2    MAX(MPH)
                                 MISC ---->  # 33 230               # 46  310
================================================================================
NOTES:
# LAST OF SEVERAL OCCURRENCES

COLUMN 17 PEAK WIND IN M.P.H.

PRELIMINARY LOCAL CLIMATOLOGICAL DATA (WS FORM: F-6) , PAGE 2

                                          STATION:  Downtown Kansas City MO
                                          MONTH:    JUNE
                                          YEAR:     2017
                                          LATITUDE:   39  7 N
                                          LONGITUDE:  94 36 W

[TEMPERATURE DATA]      [PRECIPITATION DATA]       SYMBOLS USED IN COLUMN 16

AVERAGE MONTHLY: 78.5   TOTAL FOR MONTH:   3.97    1 = FOG OR MIST
DPTR FM NORMAL:   3.6   DPTR FM NORMAL:   -0.35    2 = FOG REDUCING VISIBILITY
HIGHEST:    94 ON 21,15 GRTST 24HR  1.88 ON  4- 4      TO 1/4 MILE OR LESS
LOWEST:     59 ON  7                               3 = THUNDER
                        SNOW, ICE PELLETS, HAIL    4 = ICE PELLETS
                        TOTAL MONTH:    M          5 = HAIL
                        GRTST 24HR    M  ON   M    6 = FREEZING RAIN OR DRIZZLE
                        GRTST DEPTH:  M  ON   M    7 = DUSTSTORM OR SANDSTORM:
                                                       VSBY 1/2 MILE OR LESS
                                                   8 = SMOKE OR HAZE
[NO. OF DAYS WITH]      [WEATHER - DAYS WITH]      9 = BLOWING SNOW
                                                   X = TORNADO
MAX 32 OR BELOW:   0    0.01 INCH OR MORE:   7
MAX 90 OR ABOVE:  11    0.10 INCH OR MORE:   7
MIN 32 OR BELOW:   0    0.50 INCH OR MORE:   2
MIN  0 OR BELOW:   0    1.00 INCH OR MORE:   2

[HDD (BASE 65) ]
TOTAL THIS MO.     0    CLEAR  (SCALE 0-3)  21
DPTR FM NORMAL    -3    PTCLDY (SCALE 4-7)   2
TOTAL FM JUL 1  3552    CLOUDY (SCALE 8-10)  0
DPTR FM NORMAL -1132

[CDD (BASE 65) ]
TOTAL THIS MO.   306
DPTR FM NORMAL    73    [PRESSURE DATA]
TOTAL FM JAN 1   481    HIGHEST SLP  0.00 ON M
DPTR FM NORMAL    90    LOWEST  SLP  0.00 ON M

[REMARKS]
