000
CXUS53 KGRR 291017
CF6MKG
PRELIMINARY LOCAL CLIMATOLOGICAL DATA (WS FORM: F-6)

                                          STATION:   MUSKEGON MI
                                          MONTH:     JUNE
                                          YEAR:      2015
                                          LATITUDE:   43 10 N
                                          LONGITUDE:  86 14 W

  TEMPERATURE IN F:       :PCPN:    SNOW:  WIND      :SUNSHINE: SKY     :PK WND
================================================================================
1   2   3   4   5  6A  6B    7    8   9   10  11  12  13   14  15   16   17  18
                                     12Z  AVG MX 2MIN
DY MAX MIN AVG DEP HDD CDD  WTR  SNW DPTH SPD SPD DIR MIN PSBL S-S WX    SPD DR
================================================================================

 1  70  42  56  -6   9   0 0.00  0.0    0  6.8 17  60   M    M   3        23  30
 2  67  41  54  -8  11   0 0.00  0.0    0  5.3 12 240   M    M   3        18 360
 3  71  49  60  -2   5   0 0.00  0.0    0  6.3 14 230   M    M   6        18 130
 4  77  54  66   3   0   1 0.00  0.0    0  8.7 20 180   M    M   5 1      25 200
 5  76  57  67   4   0   2 0.00  0.0    0  9.1 16  10   M    M   6 18     23  30
 6  75  54  65   1   0   0 0.00  0.0    0  8.0 15  90   M    M   4        24  80
 7  72  58  65   1   0   0    T  0.0    0 16.5 31 200   M    M   7        45 200
 8  76  55  66   2   0   1 0.05  0.0    0  6.9 21 300   M    M   6 12     27 300
 9  76  51  64   0   1   0 0.00  0.0    0  5.7 20 180   M    M   7 128    26 190
10  81  63  72   7   0   7    T  0.0    0 11.3 28 210   M    M   4 3      35 210
11  73  58  66   1   0   1 0.20  0.0    0  9.5 16  60   M    M   7 1      21  60
12  69  59  64  -1   1   0 1.30  0.0    0  9.4 17 100   M    M  10 13     24 100
13  77  61  69   3   0   4    T  0.0    0  9.5 16 100   M    M   9 18     23 110
14  77  63  70   4   0   5 0.19  0.0    0  4.9 14 230   M    M   9 128    18 190
15  81  62  72   6   0   7 0.07  0.0    0  5.0 16 320   M    M  10 12     20 320
16  76  60  68   1   0   3 0.00  0.0    0  8.7 14 300   M    M   4         M  M
17  81  44  63  -4   2   0    T  0.0    0  5.1 14 260   M    M   9        19 240
18  77  60  69   2   0   4    T  0.0    0  7.3 18 360   M    M   9 128    25 360
19  77  52  65  -3   0   0 0.00  0.0    0  8.5 16  80   M    M   2        27  60
20  79  53  66  -2   0   1 0.00  0.0    0  7.1 15 220   M    M   5        22 170
21  77  62  70   2   0   5    T  0.0    0  5.1 16 210   M    M   5 18     18 210
22  80  62  71   3   0   6 1.16  0.0    0 10.6 32 190   M    M   6 138    41 190
23  74  55  65  -3   0   0 0.00  0.0    0 10.7 24 320   M    M   2        30 330
24  77  52  65  -4   0   0 0.00  0.0    0  4.6 13 210   M    M   3        17 210
25  77  63  70   1   0   5 0.01  0.0    0  3.6  9 260   M    M   8 18     14 270
26  79  61  70   1   0   5 0.00  0.0    0  8.6 16  80   M    M   6        21  90
27  80  60  70   1   0   5 0.00  0.0    0 10.1 20  50   M    M   5        27  70
28  75  49  62  -8   3   0 0.00    M    0  3.7 14 220   M    M   4        18 220
================================================================================
SM 2127 1560        32  62  2.98     0.0 216.6          M      164
================================================================================
AV 76.0 55.7                               7.7 FASTST   M    M   6    MAX(MPH)
                                 MISC ---->  # 32 190               # 45  200
================================================================================
NOTES:
# LAST OF SEVERAL OCCURRENCES

COLUMN 17 PEAK WIND IN M.P.H.

PRELIMINARY LOCAL CLIMATOLOGICAL DATA (WS FORM: F-6) , PAGE 2

                                          STATION:  MUSKEGON MI
                                          MONTH:    JUNE
                                          YEAR:     2015
                                          LATITUDE:   43 10 N
                                          LONGITUDE:  86 14 W

[TEMPERATURE DATA]      [PRECIPITATION DATA]       SYMBOLS USED IN COLUMN 16

AVERAGE MONTHLY: 65.8   TOTAL FOR MONTH:   2.98    1 = FOG OR MIST
DPTR FM NORMAL:  -0.2   DPTR FM NORMAL:    0.59    2 = FOG REDUCING VISIBILITY
HIGHEST:    81 ON 17,15 GRTST 24HR  1.50 ON 11-12      TO 1/4 MILE OR LESS
LOWEST:     41 ON  2                               3 = THUNDER
                        SNOW, ICE PELLETS, HAIL    4 = ICE PELLETS
                        TOTAL MONTH:   0.0 INCH    5 = HAIL
                        GRTST 24HR     0.0         6 = FREEZING RAIN OR DRIZZLE
                        GRTST DEPTH:   0           7 = DUSTSTORM OR SANDSTORM:
                                                       VSBY 1/2 MILE OR LESS
                                                   8 = SMOKE OR HAZE
[NO. OF DAYS WITH]      [WEATHER - DAYS WITH]      9 = BLOWING SNOW
                                                   X = TORNADO
MAX 32 OR BELOW:   0    0.01 INCH OR MORE:   7
MAX 90 OR ABOVE:   0    0.10 INCH OR MORE:   4
MIN 32 OR BELOW:   0    0.50 INCH OR MORE:   2
MIN  0 OR BELOW:   0    1.00 INCH OR MORE:   2

[HDD (BASE 65) ]
TOTAL THIS MO.    32    CLEAR  (SCALE 0-3)   5
DPTR FM NORMAL   -32    PTCLDY (SCALE 4-7)  17
TOTAL FM JUL 1  6910    CLOUDY (SCALE 8-10)  6
DPTR FM NORMAL   352

[CDD (BASE 65) ]
TOTAL THIS MO.    62
DPTR FM NORMAL   -32    [PRESSURE DATA]
TOTAL FM JAN 1   101    HIGHEST SLP  0.00 ON 20
DPTR FM NORMAL   -22    LOWEST  SLP  0.00 ON 20

[REMARKS]
