000
CXUS53 KGRR 231017
CF6MKG
PRELIMINARY LOCAL CLIMATOLOGICAL DATA (WS FORM: F-6)

                                          STATION:   MUSKEGON
                                          MONTH:     JANUARY
                                          YEAR:      2018
                                          LATITUDE:   43 10 N
                                          LONGITUDE:  86 14 W

  TEMPERATURE IN F:       :PCPN:    SNOW:  WIND      :SUNSHINE: SKY     :PK WND
================================================================================
1   2   3   4   5  6A  6B    7    8   9   10  11  12  13   14  15   16   17  18
                                     12Z  AVG MX 2MIN
DY MAX MIN AVG DEP HDD CDD  WTR  SNW DPTH SPD SPD DIR MIN PSBL S-S WX    SPD DR
================================================================================

 1  16   9  13 -14  52   0 0.15  3.2   16  9.1 16 330   M    M  10 8      21 340
 2  21  16  19  -8  46   0    T    T   17 18.1 32 230   M    M   8 89     42 230
 3  20  14  17  -9  48   0 0.23  5.6   15 11.7 25 240   M    M  10 128    35 260
 4  16   4  10 -16  55   0 0.03  0.9   17  8.5 18 340   M    M   8 8      23 360
 5  13  -3   5 -21  60   0 0.01  0.3   16  4.8 16 350   M    M   8 18     20 350
 6  15   7  11 -15  54   0 0.01  0.3   15  7.0 13 140   M    M   9 8      18 150
 7  40  13  27   1  38   0 0.13    T   15 18.8 31 210   M    M   9 1689   40 210
 8  41  32  37  11  28   0 0.17  1.2   15 13.7 26 220   M    M   7 18     39 220
 9  42  27  35   9  30   0 0.00  0.0   12  4.0 12 140   M    M   6 128    17 300
10  50  28  39  13  26   0 0.12  0.0   12 16.3 28 180   M    M   7 168    38 180
11  56  33  45  19  20   0 0.70  0.0    5 17.2 29 190   M    M  10 1      42 180
12  33  18  26   0  39   0    T    T    T 17.5 26 360   M    M   9 1      35 340
13  19  15  17  -8  48   0    T    T    0  9.9 21 350   M    M  10        27 340
14  19  15  17  -8  48   0 0.11  4.3    0 10.2 24 180   M    M  10 189    33 180
15  20  14  17  -8  48   0 0.12  1.4    4 10.1 18 120   M    M  10 8      24 140
16  25   7  16  -9  49   0    T    T    4  5.5 15 340   M    M   7 18     22 340
17  33  13  23  -2  42   0 0.01  0.3    4 15.0 29 230   M    M   8        39 230
18  35  25  30   5  35   0 0.00  0.0    3 18.1 25 240   M    M   4        33 240
19  38  33  36  11  29   0 0.00  0.0    2 18.9 29 210   M    M   6        40 210
20  42  32  37  12  28   0 0.00  0.0    2 10.3 26 220   M    M   6 18     30 220
21  39  34  37  12  28   0 0.04  0.0    T  5.3 12 190   M    M   9 18     15 200
22  50  38  44  19  21   0 1.03  0.0    0 10.4 22 220   M    M   9 12     28 210
================================================================================
SM  683  424       872   0  2.86    17.5 260.4          M      180
================================================================================
AV 31.1 19.3                              11.8 FASTST   M    M   8    MAX(MPH)
                                 MISC ---->  # 32 230               # 42  230
================================================================================
NOTES:
# LAST OF SEVERAL OCCURRENCES

COLUMN 17 PEAK WIND IN M.P.H.

PRELIMINARY LOCAL CLIMATOLOGICAL DATA (WS FORM: F-6) , PAGE 2

                                          STATION:  MUSKEGON
                                          MONTH:    JANUARY
                                          YEAR:     2018
                                          LATITUDE:   43 10 N
                                          LONGITUDE:  86 14 W

[TEMPERATURE DATA]      [PRECIPITATION DATA]       SYMBOLS USED IN COLUMN 16

AVERAGE MONTHLY: 25.2   TOTAL FOR MONTH:   2.86    1 = FOG OR MIST
DPTR FM NORMAL:  -0.5   DPTR FM NORMAL:    1.37    2 = FOG REDUCING VISIBILITY
HIGHEST:    56 ON 11    GRTST 24HR  1.03 ON 22-22      TO 1/4 MILE OR LESS
LOWEST:     -3 ON  5                               3 = THUNDER
                        SNOW, ICE PELLETS, HAIL    4 = ICE PELLETS
                        TOTAL MONTH:  17.5 INCHES  5 = HAIL
                        GRTST 24HR   5.6 ON  3- 3  6 = FREEZING RAIN OR DRIZZLE
                        GRTST DEPTH:  17 ON  4, 2  7 = DUSTSTORM OR SANDSTORM:
                                                       VSBY 1/2 MILE OR LESS
                                                   8 = SMOKE OR HAZE
[NO. OF DAYS WITH]      [WEATHER - DAYS WITH]      9 = BLOWING SNOW
                                                   X = TORNADO
MAX 32 OR BELOW:  10    0.01 INCH OR MORE:  14
MAX 90 OR ABOVE:   0    0.10 INCH OR MORE:   9
MIN 32 OR BELOW:  18    0.50 INCH OR MORE:   2
MIN  0 OR BELOW:   1    1.00 INCH OR MORE:   1

[HDD (BASE 65) ]
TOTAL THIS MO.   872    CLEAR  (SCALE 0-3)   0
DPTR FM NORMAL     5    PTCLDY (SCALE 4-7)  10
TOTAL FM JUL 1  3225    CLOUDY (SCALE 8-10) 12
DPTR FM NORMAL   -88

[CDD (BASE 65) ]
TOTAL THIS MO.     0
DPTR FM NORMAL     0    [PRESSURE DATA]
TOTAL FM JAN 1     0    HIGHEST SLP M ON M
DPTR FM NORMAL     0    LOWEST  SLP 29.45 ON 22

[REMARKS]
