000
CXUS54 KMEG 290640
CF6MKL
PRELIMINARY LOCAL CLIMATOLOGICAL DATA (WS FORM: F-6)

                                          STATION:   JACKSON
                                          MONTH:     APRIL
                                          YEAR:      2017
                                          LATITUDE:   35 35 N
                                          LONGITUDE:  88 55 W

  TEMPERATURE IN F:       :PCPN:    SNOW:  WIND      :SUNSHINE: SKY     :PK WND
================================================================================
1   2   3   4   5  6A  6B    7    8   9   10  11  12  13   14  15   16   17  18
                                     12Z  AVG MX 2MIN
DY MAX MIN AVG DEP HDD CDD  WTR  SNW DPTH SPD SPD DIR MIN PSBL S-S WX    SPD DR
================================================================================

 1  67  46  57   1   8   0 0.00  0.0    0  6.9 14  70   M    M   1        19  60
 2  80  46  63   7   2   0 0.20  0.0    0  8.2 29 170   M    M   1 3      43 160
 3  71  59  65   9   0   0 0.25  0.0    0 13.5 26 190   M    M   7 138    36 200
 4  81  53  67  10   0   2 0.00  0.0    0  4.6 12 270   M    M   0        16 230
 5  78  47  63   6   2   0 0.04  0.0    0 14.6 32 260   M    M   5 1      42 230
 6  64  46  55  -2  10   0 0.04  0.0    0 14.0 29 320   M    M   5        37 320
 7  64  38  51  -7  14   0 0.00  0.0    0  7.3 17 350   M    M   0        26 350
 8  75  34  55  -3  10   0 0.00  0.0    0  4.8 14 190   M    M   0        17 200
 9  81  58  70  12   0   5 0.00  0.0    0 11.1 23 200   M    M   0        35 210
10  79  60  70  12   0   5 0.00  0.0    0 11.1 20 200   M    M   1        27 200
11  70  57  64   5   1   0 0.64  0.0    0  5.9 13  60   M    M   7 13     17 200
12  79  51  65   6   0   0 0.00  0.0    0  3.5 12  50   M    M   0 12     20  40
13  86  51  69  10   0   4 0.00  0.0    0  1.2  8 340   M    M   2        10 110
14  85  57  71  11   0   6 0.00  0.0    0  3.1 13 200   M    M   5        15 210
15  83  59  71  11   0   6 0.00  0.0    0  8.7 23 200   M    M   2        31 160
16  80  63  72  12   0   7 0.00  0.0    0  8.9 18 210   M    M   6        25 240
17  79  62  71  11   0   6 0.05  0.0    0  4.9 18 270   M    M   6 13     23 270
18  77  62  70   9   0   5 0.17  0.0    0  4.3 12 200   M    M   7 1      17 230
19  85  59  72  11   0   7 0.00  0.0    0  6.1 20 200   M    M   2 1      25 190
20  83  65  74  13   0   9 0.24  0.0    0  6.5 21 260   M    M   3 1      24 270
21  73  57  65   3   0   0 0.71  0.0    0  6.6 22 330   M    M   8 123    31 320
22  58  53  56  -6   9   0 1.60  0.0    0  9.4 20 300   M    M   9 13     27 320
23  56  48  52 -10  13   0 0.63  0.0    0  9.6 17  30   M    M   9 13     23  30
24  72  49  61  -1   4   0 0.00  0.0    0  5.1 12  10   M    M   5        16  20
25  80  49  65   2   0   0 0.00  0.0    0  6.0 15 160   M    M   0 1      20 190
26  81  61  71   8   0   6 0.98  0.0    0 10.5 25 250   M    M   2 13     33 250
27  68  50  59  -4   6   0 0.03  0.0    0  6.2 16 300   M    M   5 1      22 300
28  83  53  68   4   0   3 0.00  0.0    0  8.4 22 190   M    M   4        31 200
================================================================================
SM 2118 1493        79  71  5.58     0.0 211.0          M      102
================================================================================
AV 75.6 53.3                               7.5 FASTST   M    M   4    MAX(MPH)
                                 MISC ---->  # 32 260               # 43  160
================================================================================
NOTES:
# LAST OF SEVERAL OCCURRENCES

COLUMN 17 PEAK WIND IN M.P.H.

PRELIMINARY LOCAL CLIMATOLOGICAL DATA (WS FORM: F-6) , PAGE 2

                                          STATION:  JACKSON
                                          MONTH:    APRIL
                                          YEAR:     2017
                                          LATITUDE:   35 35 N
                                          LONGITUDE:  88 55 W

[TEMPERATURE DATA]      [PRECIPITATION DATA]       SYMBOLS USED IN COLUMN 16

AVERAGE MONTHLY: 64.5   TOTAL FOR MONTH:   5.58    1 = FOG OR MIST
DPTR FM NORMAL:   4.8   DPTR FM NORMAL:    1.06    2 = FOG REDUCING VISIBILITY
HIGHEST:    86 ON 13    GRTST 24HR  1.60 ON 22-22      TO 1/4 MILE OR LESS
LOWEST:     34 ON  8                               3 = THUNDER
                        SNOW, ICE PELLETS, HAIL    4 = ICE PELLETS
                        TOTAL MONTH:   0.0 INCH    5 = HAIL
                        GRTST 24HR     0.0         6 = FREEZING RAIN OR DRIZZLE
                        GRTST DEPTH:   0           7 = DUSTSTORM OR SANDSTORM:
                                                       VSBY 1/2 MILE OR LESS
                                                   8 = SMOKE OR HAZE
[NO. OF DAYS WITH]      [WEATHER - DAYS WITH]      9 = BLOWING SNOW
                                                   X = TORNADO
MAX 32 OR BELOW:   0    0.01 INCH OR MORE:  13
MAX 90 OR ABOVE:   0    0.10 INCH OR MORE:   9
MIN 32 OR BELOW:   0    0.50 INCH OR MORE:   5
MIN  0 OR BELOW:   0    1.00 INCH OR MORE:   1

[HDD (BASE 65) ]
TOTAL THIS MO.    79    CLEAR  (SCALE 0-3)  13
DPTR FM NORMAL  -112    PTCLDY (SCALE 4-7)  13
TOTAL FM JUL 1  2478    CLOUDY (SCALE 8-10)  2
DPTR FM NORMAL -1041

[CDD (BASE 65) ]
TOTAL THIS MO.    71
DPTR FM NORMAL    29    [PRESSURE DATA]
TOTAL FM JAN 1    86    HIGHEST SLP M ON M
DPTR FM NORMAL    33    LOWEST  SLP 29.45 ON 26

[REMARKS]
