000
CXUS54 KTSA 270940
CF6MKO
PRELIMINARY LOCAL CLIMATOLOGICAL DATA (WS FORM: F-6)

                                          STATION:   MUSKOGEE OKLAHOMA
                                          MONTH:     DECEMBER
                                          YEAR:      2014
                                          LATITUDE:   35 40 N
                                          LONGITUDE:  95 22 W

  TEMPERATURE IN F:       :PCPN:    SNOW:  WIND      :SUNSHINE: SKY     :PK WND
================================================================================
1   2   3   4   5  6A  6B    7    8   9   10  11  12  13   14  15   16   17  18
                                     12Z  AVG MX 2MIN
DY MAX MIN AVG DEP HDD CDD  WTR  SNW DPTH SPD SPD DIR MIN PSBL S-S WX    SPD DR
================================================================================

 1  37  28  33 -11  32   0    T    M    0 13.7 26 350   M    M  10        34 360
 2  42  29  36  -7  29   0 0.00  0.0    0  6.5 14 150   M    M   8        17 150
 3  48  41  45   2  20   0 0.03  0.0    0  6.7 13  90   M    M  10 1      16 200
 4  51  44  48   5  17   0 0.06  0.0    0  7.1 13 150   M    M  10 1      15 150
 5  61  50  56  14   9   0 0.24  0.0    0  9.4 21 320   M    M  10 1      27 320
 6  50  44  47   5  18   0 0.00  0.0    0  9.4 16 360   M    M  10 18     19  20
 7  51  38  45   3  20   0 0.00  0.0    0  5.6 15 130   M    M   7 1      17 130
 8  58  35  47   6  18   0 0.00  0.0    0  4.5  9 250   M    M   5 1      11 270
 9  51  33  42   1  23   0 0.00  0.0    0  6.7 13 360   M    M   1 12     16 350
10  52  32  42   1  23   0 0.00  0.0    0  8.6 17 140   M    M   4        21 140
11  52  41  47   7  18   0 0.00  0.0    0  7.6 14 130   M    M   9        16 130
12  51  46  49   9  16   0 0.00  0.0    0  9.1 16 140   M    M  10 18     18 140
13  64  46  55  15  10   0 0.00  0.0    0 10.5 16 150   M    M   7 18     20 140
14  64  50  57  17   8   0 1.10  0.0    0 13.7 32 240   M    M   9 13     38 250
15  56  42  49   9  16   0 0.00  0.0    0 13.6 22 300   M    M   7        28 270
16  45  31  38  -1  27   0 0.00  0.0    0  9.5 28 320   M    M   5        33 310
17  36  30  33  -6  32   0 0.73    M    0  6.6 15 120   M    M   8 1      19 120
18  42  35  39   0  26   0 0.00  0.0    0  5.1 14 130   M    M  10 1      18 130
19  42  40  41   2  24   0 0.00  0.0    0  6.3 10 360   M    M  10 12     12 360
20  46  40  43   4  22   0 0.00  0.0    0  2.7  7 210   M    M  10 18      8 200
21  49  43  46   8  19   0 0.00  0.0    0 10.2 18 170   M    M  10 18     23 170
22  56  40  48  10  17   0 0.00  0.0    0  8.3 16 140   M    M   8 1      20 140
23  50  38  44   6  21   0 0.00  0.0    0  8.5 20 330   M    M   3        25 320
24  42  28  35  -3  30   0    T    M    0 11.1 20 320   M    M   8 1      25 320
25  60  27  44   6  21   0 0.00  0.0    0 13.5 29 180   M    M   0        40 200
26  58  46  52  14  13   0 0.07    M    0 10.5 20 150   M    M   7 1      26 160
================================================================================
SM 1314  997       529   0  2.23     0.0 225.0          M      196
================================================================================
AV 50.5 38.3                               8.7 FASTST   M    M   8    MAX(MPH)
                                 MISC ---->  # 32 240               # 40  200
================================================================================
NOTES:
# LAST OF SEVERAL OCCURRENCES

COLUMN 17 PEAK WIND IN M.P.H.

PRELIMINARY LOCAL CLIMATOLOGICAL DATA (WS FORM: F-6) , PAGE 2

                                          STATION:  MUSKOGEE OKLAHOMA
                                          MONTH:    DECEMBER
                                          YEAR:     2014
                                          LATITUDE:   35 40 N
                                          LONGITUDE:  95 22 W

[TEMPERATURE DATA]      [PRECIPITATION DATA]       SYMBOLS USED IN COLUMN 16

AVERAGE MONTHLY: 44.4   TOTAL FOR MONTH:   2.23    1 = FOG OR MIST
DPTR FM NORMAL:   4.2   DPTR FM NORMAL:   -0.31    2 = FOG REDUCING VISIBILITY
HIGHEST:    64 ON 14,13 GRTST 24HR  1.10 ON 14-14      TO 1/4 MILE OR LESS
LOWEST:     27 ON 25                               3 = THUNDER
                        SNOW, ICE PELLETS, HAIL    4 = ICE PELLETS
                        TOTAL MONTH:   0.0 INCH    5 = HAIL
                        GRTST 24HR     0.0         6 = FREEZING RAIN OR DRIZZLE
                        GRTST DEPTH:   0           7 = DUSTSTORM OR SANDSTORM:
                                                       VSBY 1/2 MILE OR LESS
                                                   8 = SMOKE OR HAZE
[NO. OF DAYS WITH]      [WEATHER - DAYS WITH]      9 = BLOWING SNOW
                                                   X = TORNADO
MAX 32 OR BELOW:   0    0.01 INCH OR MORE:   6
MAX 90 OR ABOVE:   0    0.10 INCH OR MORE:   3
MIN 32 OR BELOW:   7    0.50 INCH OR MORE:   2
MIN  0 OR BELOW:   0    1.00 INCH OR MORE:   1

[HDD (BASE 65) ]
TOTAL THIS MO.   529    CLEAR  (SCALE 0-3)   3
DPTR FM NORMAL  -116    PTCLDY (SCALE 4-7)  11
TOTAL FM JUL 1  1235    CLOUDY (SCALE 8-10) 12
DPTR FM NORMAL   -24

[CDD (BASE 65) ]
TOTAL THIS MO.     0
DPTR FM NORMAL     0    [PRESSURE DATA]
TOTAL FM JAN 1  1760    HIGHEST SLP M ON M
DPTR FM NORMAL   -85    LOWEST  SLP 29.49 ON 22

[REMARKS]
