000
CXUS53 KMPX 011000
CF6MKT
PRELIMINARY LOCAL CLIMATOLOGICAL DATA (WS FORM: F-6)

                                          STATION:   MANKATO MN
                                          MONTH:     APRIL
                                          YEAR:      2016
                                          LATITUDE:   44 13 N
                                          LONGITUDE:  93 55 W

  TEMPERATURE IN F:       :PCPN:    SNOW:  WIND      :SUNSHINE: SKY     :PK WND
================================================================================
1   2   3   4   5  6A  6B    7    8   9   10  11  12  13   14  15   16   17  18
                                     12Z  AVG MX 2MIN
DY MAX MIN AVG DEP HDD CDD  WTR  SNW DPTH SPD SPD DIR MIN PSBL S-S WX    SPD DR
================================================================================

 1  39  30  35  -4  30   0    M    M    M 16.0 27 290   M    M   4        35 310
 2  37  28  33  -7  32   0    M    M    M 21.0 36 300   M    M   4        44 300
 3  73  28  51  11  14   0    M    M    M 16.2 25 320   M    M   2        37 310
 4  43  25  34  -7  31   0    M    M    M  8.0 14 340   M    M   4        17 340
 5  41  28  35  -6  30   0    M    M    M 17.4 28 150   M    M   6        37 150
 6  50  36  43   1  22   0    M    M    M 13.4 22 320   M    M   7        30 300
 7  43  34  39  -3  26   0    M    M    M 10.1 22 310   M    M  10        30 310
 8  36  21  29 -14  36   0    M    M    M 19.9 29 330   M    M   6        38 300
 9  46  19  33 -10  32   0    M    M    M 13.0 25 160   M    M   0        33 160
10  59  36  48   4  17   0    M999.0    M 16.5 23 150   M    M   0        35 150
11  43  28  36  -8  29   0    M    M    M 17.0 27 330   M    M   1        43 300
12  55  25  40  -5  25   0    M    M    M 10.4 18 160   M    M   5        24 160
13  75  45  60  15   5   0    M    M    M 12.0 18 200   M    M   2        25 200
14  77  52  65  19   0   0    M    M    M 17.7 23 190   M    M   2        35 190
15  77  48  63  17   2   0    M    M    M 17.3 25 170   M    M   1        38 170
16  79  57  68  21   0   3    M    M    M 15.3 22 170   M    M   4        31 180
17  79  55  67  20   0   2    M    M    M 12.2 21 150   M    M   6        28 150
18  79  55  67  19   0   2    M    M    M  9.6 18 150   M    M   6        22 150
19  61  54  58  10   7   0    M    M    M 10.7 15 110   M    M  10        20  90
20  63  52  58  10   7   0    M    M    M 10.6 15 100   M    M  10         M  M
21  64  45  55   6  10   0    M    M    M  7.3 16 340   M    M   6        21 280
22  57  46  52   3  13   0    M    M    M  9.7 16  20   M    M   5        21  20
23  73  43  58   8   7   0    M    M    M 13.4 20 160   M    M   1        28 150
24  72  55  64  14   1   0    M    M    M 16.6 22 130   M    M   7 3      30 160
25  70  52  61  10   4   0    M    M    M 10.0 16  20   M    M   8        17 280
26  52  45  49  -2  16   0    M    M    M 12.4 17  80   M    M  10        23  90
27  46  41  44  -8  21   0    M    M    M 19.0 28  70   M    M   8 3      37  70
28  41  37  39 -13  26   0    M    M    M 12.3 16  70   M    M  10        22  60
29  55  37  46  -6  19   0    M    M    M  7.3 13  10   M    M   6        18  40
30  52  43  48  -5  17   0    M    M    M 13.3 22  70   M    M   5        31  80
================================================================================
SM 1737 1200       479   7    M    999.0 405.6          M      156
================================================================================
AV 57.9 40.0                              13.5 FASTST   M    M   5    MAX(MPH)
                                 MISC ---->    36   M                 44    M
================================================================================
NOTES:
# LAST OF SEVERAL OCCURRENCES

COLUMN 17 PEAK WIND IN M.P.H.

PRELIMINARY LOCAL CLIMATOLOGICAL DATA (WS FORM: F-6) , PAGE 2

                                          STATION:  MANKATO MN
                                          MONTH:    APRIL
                                          YEAR:     2016
                                          LATITUDE:   44 13 N
                                          LONGITUDE:  93 55 W

[TEMPERATURE DATA]      [PRECIPITATION DATA]       SYMBOLS USED IN COLUMN 16

AVERAGE MONTHLY: 49.0   TOTAL FOR MONTH:      M    1 = FOG OR MIST
DPTR FM NORMAL:   2.8   DPTR FM NORMAL:       M    2 = FOG REDUCING VISIBILITY
HIGHEST:    79 ON 18,17 GRTST 24HR    M  ON   M        TO 1/4 MILE OR LESS
LOWEST:     19 ON  9                               3 = THUNDER
                        SNOW, ICE PELLETS, HAIL    4 = ICE PELLETS
                        TOTAL MONTH: 999.0 INCHES  5 = HAIL
                        GRTST 24HR 999.0 ON 10-10  6 = FREEZING RAIN OR DRIZZLE
                        GRTST DEPTH:  M  ON   M    7 = DUSTSTORM OR SANDSTORM:
                                                       VSBY 1/2 MILE OR LESS
                                                   8 = SMOKE OR HAZE
[NO. OF DAYS WITH]      [WEATHER - DAYS WITH]      9 = BLOWING SNOW
                                                   X = TORNADO
MAX 32 OR BELOW:   0    0.01 INCH OR MORE:   0
MAX 90 OR ABOVE:   0    0.10 INCH OR MORE:   0
MIN 32 OR BELOW:   9    0.50 INCH OR MORE:   0
MIN  0 OR BELOW:   0    1.00 INCH OR MORE:   0

[HDD (BASE 65) ]
TOTAL THIS MO.   479    CLEAR  (SCALE 0-3)   8
DPTR FM NORMAL   -88    PTCLDY (SCALE 4-7)  17
TOTAL FM JUL 1  6234    CLOUDY (SCALE 8-10)  5
DPTR FM NORMAL -1287

[CDD (BASE 65) ]
TOTAL THIS MO.     7
DPTR FM NORMAL     2    [PRESSURE DATA]
TOTAL FM JAN 1     7    HIGHEST SLP M ON M
DPTR FM NORMAL     2    LOWEST  SLP M ON M

[REMARKS]
#FINAL-04-16#
