000
CXUS52 KMLB 011258
CF6MLB
PRELIMINARY LOCAL CLIMATOLOGICAL DATA (WS FORM: F-6)

                                          STATION:   MELBOURNE
                                          MONTH:     JUNE
                                          YEAR:      2015
                                          LATITUDE:   28  6 N
                                          LONGITUDE:  80 39 W

  TEMPERATURE IN F:       :PCPN:    SNOW:  WIND      :SUNSHINE: SKY     :PK WND
================================================================================
1   2   3   4   5  6A  6B    7    8   9   10  11  12  13   14  15   16   17  18
                                     12Z  AVG MX 2MIN
DY MAX MIN AVG DEP HDD CDD  WTR  SNW DPTH SPD SPD DIR MIN PSBL S-S WX    SPD DR
================================================================================

 1  86  70  78  -1   0  13 0.00  0.0    0  7.1 16 120   M    M   3 3      22 100
 2  82  69  76  -3   0  11 0.51  0.0    0  4.5 17 310   M    M   4 13     20 310
 3  84  69  77  -2   0  12 1.68  0.0    0  7.6 16 250   M    M   6 13     22 120
 4  86  68  77  -3   0  12 0.00  0.0    0  8.6 17  40   M    M   3        24  70
 5  88  69  79  -1   0  14 0.00  0.0    0  5.6 15  60   M    M   1        19  50
 6  88  70  79  -1   0  14 0.00  0.0    0  6.8 15  60   M    M   2        19  50
 7  87  70  79  -1   0  14 0.00  0.0    0  8.4 17  70   M    M   2        22 100
 8  87  70  79  -1   0  14 0.00  0.0    0  8.1 16 110   M    M   3        22 100
 9  91  72  82   2   0  17 0.41  0.0    0  8.2 20 150   M    M   3 13     26 130
10  87  70  79  -1   0  14 1.50  0.0    0  6.6 21 190   M    M   3 13     27 200
11  86  71  79  -1   0  14 0.00  0.0    0  8.7 18 130   M    M   1        23 140
12  88  72  80   0   0  15 0.00  0.0    0  8.7 18 110   M    M   2        22 120
13  87  80  84   4   0  19 0.00  0.0    0 10.6 16 100   M    M   4        21 110
14  88  80  84   4   0  19 0.00  0.0    0 10.7 16 100   M    M   3        20  90
15  87  79  83   3   0  18 0.00  0.0    0  9.3 16 110   M    M   1        20 110
16  88  73  81   0   0  16 0.00  0.0    0  6.9 14 120   M    M   1        21 100
17  89  74  82   1   0  17 0.00  0.0    0  7.7 16 110   M    M   1        21 100
18  91  76  84   3   0  19 0.00  0.0    0  8.5 17 140   M    M   1        22 160
19  93  72  83   2   0  18 0.06  0.0    0  7.1 26 340   M    M   2 138    44 340
20  92  72  82   1   0  17 0.00  0.0    0  6.1 16 220   M    M   1 3      20 220
21  92  71  82   1   0  17 0.00  0.0    0  6.9 15 110   M    M   1 3      19 140
22  92  75  84   3   0  19 0.00  0.0    0  8.5 17 110   M    M   1        23 120
23  90  77  84   3   0  19 0.01  0.0    0  6.7 17 120   M    M   2 3      24 110
24  91  73  82   1   0  17    T  0.0    0  7.4 18 130   M    M   3 13     24 120
25  93  73  83   2   0  18 0.89  0.0    0  5.8 22 310   M    M   4 13     30 190
26  90  73  82   1   0  17 1.03  0.0    0  6.1 20  30   M    M   2 13     24  30
27  94  74  84   3   0  19 0.00  0.0    0  7.3 18 140   M    M   4 3      25 140
28  95  74  85   4   0  20 0.00  0.0    0  7.9 20 240   M    M   1        23 230
29  94  72  83   2   0  18 0.16  0.0    0  8.3 29 310   M    M   2 138    38 330
30  95  72  84   3   0  19 0.00  0.0    0  8.5 15 190   M    M   1        20 250
================================================================================
SM 2681 2180         0 490  6.25     0.0 229.2          M       68
================================================================================
AV 89.4 72.7                               7.6 FASTST   M    M   2    MAX(MPH)
                                 MISC ---->  # 29 310               # 44  340
================================================================================
NOTES:
# LAST OF SEVERAL OCCURRENCES

COLUMN 17 PEAK WIND IN M.P.H.

PRELIMINARY LOCAL CLIMATOLOGICAL DATA (WS FORM: F-6) , PAGE 2

                                          STATION:  MELBOURNE
                                          MONTH:    JUNE
                                          YEAR:     2015
                                          LATITUDE:   28  6 N
                                          LONGITUDE:  80 39 W

[TEMPERATURE DATA]      [PRECIPITATION DATA]       SYMBOLS USED IN COLUMN 16

AVERAGE MONTHLY: 81.0   TOTAL FOR MONTH:   6.25    1 = FOG OR MIST
DPTR FM NORMAL:   0.6   DPTR FM NORMAL:   -0.46    2 = FOG REDUCING VISIBILITY
HIGHEST:    95 ON 30,28 GRTST 24HR  2.19 ON  2- 3      TO 1/4 MILE OR LESS
LOWEST:     68 ON  4                               3 = THUNDER
                        SNOW, ICE PELLETS, HAIL    4 = ICE PELLETS
                        TOTAL MONTH:   0.0 INCH    5 = HAIL
                        GRTST 24HR     0.0         6 = FREEZING RAIN OR DRIZZLE
                        GRTST DEPTH:   0           7 = DUSTSTORM OR SANDSTORM:
                                                       VSBY 1/2 MILE OR LESS
                                                   8 = SMOKE OR HAZE
[NO. OF DAYS WITH]      [WEATHER - DAYS WITH]      9 = BLOWING SNOW
                                                   X = TORNADO
MAX 32 OR BELOW:   0    0.01 INCH OR MORE:   9
MAX 90 OR ABOVE:  14    0.10 INCH OR MORE:   7
MIN 32 OR BELOW:   0    0.50 INCH OR MORE:   5
MIN  0 OR BELOW:   0    1.00 INCH OR MORE:   3

[HDD (BASE 65) ]
TOTAL THIS MO.     0    CLEAR  (SCALE 0-3)  24
DPTR FM NORMAL     0    PTCLDY (SCALE 4-7)   6
TOTAL FM JUL 1   424    CLOUDY (SCALE 8-10)  0
DPTR FM NORMAL  -153

[CDD (BASE 65) ]
TOTAL THIS MO.   490
DPTR FM NORMAL    28    [PRESSURE DATA]
TOTAL FM JAN 1  1602    HIGHEST SLP 30.17 ON 24
DPTR FM NORMAL   414    LOWEST  SLP 29.88 ON  6

[REMARKS]
#FINAL-06-15#
