000
CXUS52 KMLB 270723
CF6MLB
PRELIMINARY LOCAL CLIMATOLOGICAL DATA (WS FORM: F-6)

                                          STATION:   MELBOURNE
                                          MONTH:     MAY
                                          YEAR:      2017
                                          LATITUDE:   28  6 N
                                          LONGITUDE:  80 39 W

  TEMPERATURE IN F:       :PCPN:    SNOW:  WIND      :SUNSHINE: SKY     :PK WND
================================================================================
1   2   3   4   5  6A  6B    7    8   9   10  11  12  13   14  15   16   17  18
                                     12Z  AVG MX 2MIN
DY MAX MIN AVG DEP HDD CDD  WTR  SNW DPTH SPD SPD DIR MIN PSBL S-S WX    SPD DR
================================================================================

 1  87  74  81   8   0  16 0.19  0.0    0 13.6 29 130   M    M   6 13     38 140
 2  87  73  80   6   0  15 0.89  0.0    0  7.9 20 240   M    M   4 138    27 230
 3  86  69  78   4   0  13 0.00  0.0    0  9.2 20 100   M    M   2        26 100
 4  87  71  79   5   0  14 0.75  0.0    0 11.9 25 140   M    M   2 13     30 140
 5  84  66  75   1   0  10 0.02  0.0    0 12.9 26 260   M    M   5 1      35 270
 6  84  60  72  -2   0   7 0.00  0.0    0 15.5 30 280   M    M   0 8      37 290
 7  84  54  69  -5   0   4 0.00  0.0    0  7.8 16  90   M    M   0        19  90
 8  86  59  73  -2   0   8 0.00  0.0    0  6.8 15  60   M    M   0        19  70
 9  84  65  75   0   0  10 0.00  0.0    0  6.7 15  70   M    M   0        18  60
10  87  64  76   1   0  11 0.00  0.0    0  6.2 14 130   M    M   0        18 110
11  90  66  78   3   0  13 0.00  0.0    0  7.3 17  50   M    M   0        20  40
12  95  67  81   5   0  16 0.00  0.0    0  9.0 20 120   M    M   0        24 120
13  91  70  81   5   0  16    T  0.0    0  9.2 24 310   M    M   4 1      28 310
14  86  69  78   2   0  13 0.00  0.0    0  8.5 18  40   M    M   3        22  30
15  86  67  77   1   0  12 0.00  0.0    0  9.3 18  40   M    M   3        23  50
16  87  76  82   6   0  17 0.00  0.0    0 12.4 18 100   M    M   2        23  90
17  88  78  83   6   0  18 0.02  0.0    0 14.6 22 100   M    M   3 8      29 100
18  87  77  82   5   0  17 0.01  0.0    0 15.0 20 100   M    M   3        25  90
19  88  78  83   6   0  18    T  0.0    0 13.8 23 110   M    M   5        28 100
20  88  78  83   6   0  18 0.00  0.0    0 11.5 20 110   M    M   3        26 100
21  88  73  81   4   0  16 0.00  0.0    0  8.9 18 110   M    M   2        23 110
22  89  74  82   4   0  17 0.00  0.0    0  9.4 23 130   M    M   3        27 120
23  95  76  86   8   0  21    T  0.0    0 11.0 21 160   M    M   4 3      28 150
24  96  73  85   7   0  20 0.40  0.0    0 14.8 38 180   M    M   4 138    46 180
25  88  68  78   0   0  13 0.01  0.0    0 12.2 23 290   M    M   4        28 300
26  84  62  73  -5   0   8 0.00  0.0    0  6.9 14  90   M    M   0        17  80
================================================================================
SM 2282 1807         0 361  2.29     0.0 272.3          M       62
================================================================================
AV 87.8 69.5                              10.5 FASTST   M    M   2    MAX(MPH)
                                 MISC ---->  # 38 180               # 46  180
================================================================================
NOTES:
# LAST OF SEVERAL OCCURRENCES

COLUMN 17 PEAK WIND IN M.P.H.

PRELIMINARY LOCAL CLIMATOLOGICAL DATA (WS FORM: F-6) , PAGE 2

                                          STATION:  MELBOURNE
                                          MONTH:    MAY
                                          YEAR:     2017
                                          LATITUDE:   28  6 N
                                          LONGITUDE:  80 39 W

[TEMPERATURE DATA]      [PRECIPITATION DATA]       SYMBOLS USED IN COLUMN 16

AVERAGE MONTHLY: 78.6   TOTAL FOR MONTH:   2.29    1 = FOG OR MIST
DPTR FM NORMAL:   2.8   DPTR FM NORMAL:   -0.22    2 = FOG REDUCING VISIBILITY
HIGHEST:    96 ON 24    GRTST 24HR  0.89 ON  2- 2      TO 1/4 MILE OR LESS
LOWEST:     54 ON  7                               3 = THUNDER
                        SNOW, ICE PELLETS, HAIL    4 = ICE PELLETS
                        TOTAL MONTH:   0.0 INCH    5 = HAIL
                        GRTST 24HR     0.0         6 = FREEZING RAIN OR DRIZZLE
                        GRTST DEPTH:   0           7 = DUSTSTORM OR SANDSTORM:
                                                       VSBY 1/2 MILE OR LESS
                                                   8 = SMOKE OR HAZE
[NO. OF DAYS WITH]      [WEATHER - DAYS WITH]      9 = BLOWING SNOW
                                                   X = TORNADO
MAX 32 OR BELOW:   0    0.01 INCH OR MORE:   8
MAX 90 OR ABOVE:   5    0.10 INCH OR MORE:   4
MIN 32 OR BELOW:   0    0.50 INCH OR MORE:   2
MIN  0 OR BELOW:   0    1.00 INCH OR MORE:   0

[HDD (BASE 65) ]
TOTAL THIS MO.     0    CLEAR  (SCALE 0-3)  16
DPTR FM NORMAL     0    PTCLDY (SCALE 4-7)  10
TOTAL FM JUL 1   220    CLOUDY (SCALE 8-10)  0
DPTR FM NORMAL  -356

[CDD (BASE 65) ]
TOTAL THIS MO.   361
DPTR FM NORMAL    78    [PRESSURE DATA]
TOTAL FM JAN 1  1063    HIGHEST SLP M ON M
DPTR FM NORMAL   405    LOWEST  SLP 29.64 ON 24

[REMARKS]
