000
CXUS54 KTSA 010840
CF6MLC
PRELIMINARY LOCAL CLIMATOLOGICAL DATA (WS FORM: F-6)

                                          STATION:   MCALESTER OKLAHOMA
                                          MONTH:     SEPTEMBER
                                          YEAR:      2014
                                          LATITUDE:   34 52 N
                                          LONGITUDE:  95 47 W

  TEMPERATURE IN F:       :PCPN:    SNOW:  WIND      :SUNSHINE: SKY     :PK WND
================================================================================
1   2   3   4   5  6A  6B    7    8   9   10  11  12  13   14  15   16   17  18
                                     12Z  AVG MX 2MIN
DY MAX MIN AVG DEP HDD CDD  WTR  SNW DPTH SPD SPD DIR MIN PSBL S-S WX    SPD DR
================================================================================

 1  92  76  84   5   0  19 0.00  0.0    0 10.0 18 170   M    M   2        27 210
 2  85  69  77  -2   0  12    T  0.0    0  7.2 21  40   M    M   2 13     32  70
 3  93  72  83   4   0  18 0.00  0.0    0  6.1 15 210   M    M   1        22 200
 4  95  77  86   8   0  21 0.00  0.0    0  8.1 20 220   M    M   0 8      24 220
 5  95  73  84   6   0  19 0.00  0.0    0  5.8 15 240   M    M   0        19 240
 6  79  69  74  -4   0   9 0.03  0.0    0  9.8 16 360   M    M   6 1      21  20
 7  83  67  75  -2   0  10 0.54  0.0    0  2.7  8  20   M    M   9 13     12  30
 8  89  67  78   1   0  13 0.00  0.0    0  4.8 12 220   M    M   4 12     16 200
 9  94  76  85   9   0  20 0.00  0.0    0  9.0 16 200   M    M   2        27 210
10  97  74  86  10   0  21 0.10  0.0    0 10.9 24 220   M    M   4 13     32 190
11  74  67  71  -5   0   6 0.05  0.0    0 10.7 20  10   M    M  10 13     31  10
12  69  56  63 -12   2   0 0.58  0.0    0 13.1 22  10   M    M  10 1      28  10
13  65  54  60 -15   5   0 0.00  0.0    0  6.0 16 360   M    M   9        22 360
14  78  58  68  -6   0   3 0.00  0.0    0  1.9  6 190   M    M   6        10 160
15  80  67  74   0   0   9 0.02  0.0    0  3.0  9 200   M    M   5 1      13 180
16  89  65  77   3   0  12 0.00  0.0    0  1.6  8 210   M    M   3 12     12  60
17  89  67  78   5   0  13    T  0.0    0  5.2 16  70   M    M   2 13     24  70
18  88  64  76   3   0  11    T  0.0    0  3.8 12  20   M    M   3        21  70
19  88  69  79   7   0  14    T  0.0    0  3.6  9 160   M    M   6 1      13 180
20  89  69  79   7   0  14 0.00  0.0    0  3.7 13 210   M    M   3 1      18 150
21  88  61  75   3   0  10    T  0.0    0  4.4 16  10   M    M   4 1      21  10
22  80  53  67  -4   0   2 0.00  0.0    0  4.7 10  20   M    M   1        16  10
23  81  52  67  -4   0   2 0.00  0.0    0  4.8  9 100   M    M   2        14 100
24  83  50  67  -3   0   2 0.00  0.0    0  4.1 12 160   M    M   2        16 150
25  85  55  70   0   0   5 0.00  0.0    0  3.5 12 210   M    M   1        16 150
26  85  59  72   2   0   7 0.00  0.0    0  3.7 12 190   M    M   3        16 190
27  86  58  72   3   0   7 0.00  0.0    0  3.6 10  90   M    M   3 1      16  50
28  88  59  74   5   0   9 0.00  0.0    0  3.3  9  80   M    M   2 1      14  40
29  88  58  73   5   0   8 0.00  0.0    0  2.6  9  80   M    M   2 1      14  50
30  87  62  75   7   0  10 0.00  0.0    0  4.7 13 200   M    M   4        19 200
================================================================================
SM 2562 1923         7 306  1.32     0.0 166.4          M      111
================================================================================
AV 85.4 64.1                               5.5 FASTST   M    M   4    MAX(MPH)
                                 MISC ---->  # 24 220               # 32   70
================================================================================
NOTES:
# LAST OF SEVERAL OCCURRENCES

COLUMN 17 PEAK WIND IN M.P.H.

PRELIMINARY LOCAL CLIMATOLOGICAL DATA (WS FORM: F-6) , PAGE 2

                                          STATION:  MCALESTER OKLAHOMA
                                          MONTH:    SEPTEMBER
                                          YEAR:     2014
                                          LATITUDE:   34 52 N
                                          LONGITUDE:  95 47 W

[TEMPERATURE DATA]      [PRECIPITATION DATA]       SYMBOLS USED IN COLUMN 16

AVERAGE MONTHLY: 74.8   TOTAL FOR MONTH:   1.32    1 = FOG OR MIST
DPTR FM NORMAL:   1.1   DPTR FM NORMAL:   -2.65    2 = FOG REDUCING VISIBILITY
HIGHEST:    97 ON 10    GRTST 24HR  0.58 ON 11-12      TO 1/4 MILE OR LESS
LOWEST:     50 ON 24                               3 = THUNDER
                        SNOW, ICE PELLETS, HAIL    4 = ICE PELLETS
                        TOTAL MONTH:   0.0 INCH    5 = HAIL
                        GRTST 24HR     0.0         6 = FREEZING RAIN OR DRIZZLE
                        GRTST DEPTH:   0           7 = DUSTSTORM OR SANDSTORM:
                                                       VSBY 1/2 MILE OR LESS
                                                   8 = SMOKE OR HAZE
[NO. OF DAYS WITH]      [WEATHER - DAYS WITH]      9 = BLOWING SNOW
                                                   X = TORNADO
MAX 32 OR BELOW:   0    0.01 INCH OR MORE:   6
MAX 90 OR ABOVE:   6    0.10 INCH OR MORE:   3
MIN 32 OR BELOW:   0    0.50 INCH OR MORE:   2
MIN  0 OR BELOW:   0    1.00 INCH OR MORE:   0

[HDD (BASE 65) ]
TOTAL THIS MO.     7    CLEAR  (SCALE 0-3)  18
DPTR FM NORMAL   -14    PTCLDY (SCALE 4-7)   8
TOTAL FM JUL 1     7    CLOUDY (SCALE 8-10)  4
DPTR FM NORMAL   -14

[CDD (BASE 65) ]
TOTAL THIS MO.   306
DPTR FM NORMAL    22    [PRESSURE DATA]
TOTAL FM JAN 1  1930    HIGHEST SLP 30.33 ON 13
DPTR FM NORMAL   -29    LOWEST  SLP 29.71 ON 10

[REMARKS]
#FINAL-09-14#
