000
CXUS56 KSTO 012044
CF6MOD
PRELIMINARY LOCAL CLIMATOLOGICAL DATA (WS FORM: F-6)

                                          STATION:   MODESTO CA
                                          MONTH:     FEBRUARY
                                          YEAR:      2015
                                          LATITUDE:   37 37 N
                                          LONGITUDE: 120 57 W

  TEMPERATURE IN F:       :PCPN:    SNOW:  WIND      :SUNSHINE: SKY     :PK WND
================================================================================
1   2   3   4   5  6A  6B    7    8   9   10  11  12  13   14  15   16   17  18
                                     12Z  AVG MX 2MIN
DY MAX MIN AVG DEP HDD CDD  WTR  SNW DPTH SPD SPD DIR MIN PSBL S-S WX    SPD DR
================================================================================

 1  66  38  52   2  13   0 0.00  0.0    0  3.5 10 170   M    M   4 128    13 170
 2  69  40  55   5  10   0 0.00  0.0    0  1.8  8 280   M    M   0 18     13  10
 3  70  43  57   6   8   0 0.00  0.0    0  2.4 10 120   M    M   1 128    13 130
 4  71  43  57   6   8   0 0.00  0.0    0  5.0 10 160   M    M   1 128    14 150
 5  65  43  54   3  11   0 0.00  0.0    0  3.0 12 140   M    M   2 128    25 200
 6  70  52  61  10   4   0 0.10  0.0    0 12.5 22 140   M    M   5 18     31 170
 7  70  57  64  13   1   0 0.36  0.0    0  7.6 20 120   M    M   7 18     34 110
 8  69  58  64  12   1   0 0.93  0.0    0 11.4 25 130   M    M   8 1238   36 140
 9  71  53  62  10   3   0 0.00  0.0    0  8.3 16 310   M    M   2        21 310
10  64  47  56   4   9   0 0.00  0.0    0  7.7 16 330   M    M   0        28 290
11  70  42  56   4   9   0 0.00  0.0    0  1.7  8 110   M    M   0 1       9 110
12  73  45  59   7   6   0 0.00  0.0    0  0.7  7  60   M    M   0 18      8  60
13  76  43  60   7   5   0 0.00  0.0    0  2.7  9 300   M    M   1 128    11  10
14  74  46  60   7   5   0 0.00  0.0    0  2.8 10 330   M    M   0 128    13 330
15  74  42  58   5   7   0 0.00  0.0    0  1.5  7 220   M    M   0 18      9 250
16  72  44  58   5   7   0 0.00  0.0    0  3.3 12 310   M    M   2 128    14 280
17  68  45  57   3   8   0 0.00  0.0    0  5.5 14 320   M    M   3 128    17 320
18  68  47  58   4   7   0 0.00  0.0    0  4.7 12 350   M    M   0 128    14 360
19  60  46  53  -1  12   0 0.00  0.0    0  2.2 12 320   M    M   8 128    33 100
20  61  47  54   0  11   0 0.00  0.0    0  5.6 10 350   M    M   7 18     19  50
21  63  46  55   1  10   0 0.00  0.0    0  3.7  9 100   M    M   6 18     13 130
22  61  44  53  -2  12   0 0.37    M    0  5.8 15 290   M    M   6 18     17 300
23  62  40  51  -4  14   0 0.00  0.0    0  4.6 14 320   M    M   2        16 310
24  66  37  52  -3  13   0 0.00  0.0    0  3.6 12 280   M    M   0        14 290
25  67  36  52  -3  13   0 0.00  0.0    0  3.1 10 330   M    M   0 1      15 290
26  72  42  57   2   8   0 0.00  0.0    0  5.4 21 310   M    M   0 18     27 320
27  69  43  56   0   9   0 0.00  0.0    0  9.3 23 290   M    M   1 18     31 300
28  62  45  54  -2  11   0    T    M    0  4.2 13 150   M    M   8        18 160
================================================================================
SM 1903 1254       235   0  1.76     0.0 133.6          M       74
================================================================================
AV 68.0 44.8                               4.8 FASTST   M    M   3    MAX(MPH)
                                 MISC ---->  # 25 130               # 36  140
================================================================================
NOTES:
# LAST OF SEVERAL OCCURRENCES

COLUMN 17 PEAK WIND IN M.P.H.

PRELIMINARY LOCAL CLIMATOLOGICAL DATA (WS FORM: F-6) , PAGE 2

                                          STATION:  MODESTO CA
                                          MONTH:    FEBRUARY
                                          YEAR:     2015
                                          LATITUDE:   37 37 N
                                          LONGITUDE: 120 57 W

[TEMPERATURE DATA]      [PRECIPITATION DATA]       SYMBOLS USED IN COLUMN 16

AVERAGE MONTHLY: 56.4   TOTAL FOR MONTH:   1.76    1 = FOG OR MIST
DPTR FM NORMAL:   3.4   DPTR FM NORMAL:   -0.62    2 = FOG REDUCING VISIBILITY
HIGHEST:    76 ON 13    GRTST 24HR  0.93 ON  8- 8      TO 1/4 MILE OR LESS
LOWEST:     36 ON 25                               3 = THUNDER
                        SNOW, ICE PELLETS, HAIL    4 = ICE PELLETS
                        TOTAL MONTH:   0.0 INCH    5 = HAIL
                        GRTST 24HR     0.0         6 = FREEZING RAIN OR DRIZZLE
                        GRTST DEPTH:   0           7 = DUSTSTORM OR SANDSTORM:
                                                       VSBY 1/2 MILE OR LESS
                                                   8 = SMOKE OR HAZE
[NO. OF DAYS WITH]      [WEATHER - DAYS WITH]      9 = BLOWING SNOW
                                                   X = TORNADO
MAX 32 OR BELOW:   0    0.01 INCH OR MORE:   4
MAX 90 OR ABOVE:   0    0.10 INCH OR MORE:   4
MIN 32 OR BELOW:   0    0.50 INCH OR MORE:   1
MIN  0 OR BELOW:   0    1.00 INCH OR MORE:   0

[HDD (BASE 65) ]
TOTAL THIS MO.   235    CLEAR  (SCALE 0-3)  19
DPTR FM NORMAL  -101    PTCLDY (SCALE 4-7)   7
TOTAL FM JUL 1  1412    CLOUDY (SCALE 8-10)  2
DPTR FM NORMAL  -356

[CDD (BASE 65) ]
TOTAL THIS MO.     0
DPTR FM NORMAL     0    [PRESSURE DATA]
TOTAL FM JAN 1     0    HIGHEST SLP 30.36 ON 24
DPTR FM NORMAL     0    LOWEST  SLP 29.70 ON 27

[REMARKS]
#FINAL-02-15#
