000
CXUS53 KBIS 160745
CF6MOT
PRELIMINARY LOCAL CLIMATOLOGICAL DATA (WS FORM: F-6)

                                          STATION:   MINOT ND
                                          MONTH:     JANUARY
                                          YEAR:      2017
                                          LATITUDE:   48 15 N
                                          LONGITUDE: 101 16 W

  TEMPERATURE IN F:       :PCPN:    SNOW:  WIND      :SUNSHINE: SKY     :PK WND
================================================================================
1   2   3   4   5  6A  6B    7    8   9   10  11  12  13   14  15   16   17  18
                                     12Z  AVG MX 2MIN
DY MAX MIN AVG DEP HDD CDD  WTR  SNW DPTH SPD SPD DIR MIN PSBL S-S WX    SPD DR
================================================================================

 1  22   9  16   4  49   0    T    M    M  9.7 23 310   M    M  10 18     27 310
 2   9   2   6  -6  59   0    M    M    M 16.9 30 340   M    M  10 128    33 340
 3   2  -9  -3 -15  68   0    T    M    M 19.7 28 280   M    M   3 18     31 280
 4  -1 -12  -6 -18  71   0    T    M    M 11.8 17 300   M    M   7 8      21 270
 5   5 -13  -4 -16  69   0    T    M    M 12.8 18 280   M    M   7 8      23 280
 6   1  -9  -4 -16  69   0    T    M    M  9.5 21 290   M    M   3 18     26 280
 7   2 -15  -6 -18  71   0 0.00    M    M  7.2 17 280   M    M   0        20 280
 8   2 -11  -4 -16  69   0 0.00    M    M 11.7 28 290   M    M   1 8      31 290
 9   8  -6   1 -11  64   0 0.01    M    M  9.8 22 110   M    M   7 18     25 120
10   9  -3   3  -9  62   0    T    M    M 18.6 30 290   M    M   7 8      36 290
11   0 -17  -8 -20  73   0 0.01    M    M 14.5 31 220   M    M   0 89     38 220
12   7 -24  -8 -20  73   0 0.03    M    M 16.8 38 280   M    M   4 18     53 290
13   9 -23  -7 -19  72   0    T    M    M 12.6 28 200   M    M   0 8      35 170
14  17   2  10  -2  55   0 0.00    M    M 12.4 18 210   M    M   0        22 220
15  25   9  17   5  48   0 0.00    M    M 15.5 26 230   M    M   0        29 230
================================================================================
SM  117 -120       972   0  0.05    M    199.5          M       59
================================================================================
AV  7.8 -8.0                              13.3 FASTST   M    M   4    MAX(MPH)
                                 MISC ---->  # 38 280               # 53  290
================================================================================
NOTES:
# LAST OF SEVERAL OCCURRENCES

COLUMN 17 PEAK WIND IN M.P.H.

PRELIMINARY LOCAL CLIMATOLOGICAL DATA (WS FORM: F-6) , PAGE 2

                                          STATION:  MINOT ND
                                          MONTH:    JANUARY
                                          YEAR:     2017
                                          LATITUDE:   48 15 N
                                          LONGITUDE: 101 16 W

[TEMPERATURE DATA]      [PRECIPITATION DATA]       SYMBOLS USED IN COLUMN 16

AVERAGE MONTHLY: -0.1   TOTAL FOR MONTH:   0.05    1 = FOG OR MIST
DPTR FM NORMAL: -12.1   DPTR FM NORMAL:   -0.22    2 = FOG REDUCING VISIBILITY
HIGHEST:    25 ON 15    GRTST 24HR  0.04 ON 11-12      TO 1/4 MILE OR LESS
LOWEST:    -24 ON 12                               3 = THUNDER
                        SNOW, ICE PELLETS, HAIL    4 = ICE PELLETS
                        TOTAL MONTH:    M          5 = HAIL
                        GRTST 24HR    M  ON   M    6 = FREEZING RAIN OR DRIZZLE
                        GRTST DEPTH:  M  ON   M    7 = DUSTSTORM OR SANDSTORM:
                                                       VSBY 1/2 MILE OR LESS
                                                   8 = SMOKE OR HAZE
[NO. OF DAYS WITH]      [WEATHER - DAYS WITH]      9 = BLOWING SNOW
                                                   X = TORNADO
MAX 32 OR BELOW:  15    0.01 INCH OR MORE:   3
MAX 90 OR ABOVE:   0    0.10 INCH OR MORE:   0
MIN 32 OR BELOW:  15    0.50 INCH OR MORE:   0
MIN  0 OR BELOW:  11    1.00 INCH OR MORE:   0

[HDD (BASE 65) ]
TOTAL THIS MO.   972    CLEAR  (SCALE 0-3)   7
DPTR FM NORMAL   177    PTCLDY (SCALE 4-7)   6
TOTAL FM JUL 1  4131    CLOUDY (SCALE 8-10)  2
DPTR FM NORMAL  -259

[CDD (BASE 65) ]
TOTAL THIS MO.     0
DPTR FM NORMAL     0    [PRESSURE DATA]
TOTAL FM JAN 1     0    HIGHEST SLP M ON M
DPTR FM NORMAL     0    LOWEST  SLP 29.80 ON  1

[REMARKS]
