000
CXUS51 KPHI 190800
CF6MPO
PRELIMINARY LOCAL CLIMATOLOGICAL DATA (WS FORM: F-6)

                                          STATION:   MOUNT POCONO PA
                                          MONTH:     OCTOBER
                                          YEAR:      2017
                                          LATITUDE:   41  8 N
                                          LONGITUDE:  75 24 W

  TEMPERATURE IN F:       :PCPN:    SNOW:  WIND      :SUNSHINE: SKY     :PK WND
================================================================================
1   2   3   4   5  6A  6B    7    8   9   10  11  12  13   14  15   16   17  18
                                     12Z  AVG MX 2MIN
DY MAX MIN AVG DEP HDD CDD  WTR  SNW DPTH SPD SPD DIR MIN PSBL S-S WX    SPD DR
================================================================================

 1  63  33  48  -5  17   0 0.00    M    M  4.0 13  40   M    M   0 1      15  40
 2  67  34  51  -1  14   0 0.00    M    M  4.2 10  30   M    M   0 12     14 120
 3  65  35  50  -2  15   0 0.00    M    M  5.6 14 150   M    M   1        19 140
 4  74  50  62  10   3   0 0.00    M    M 10.3 16 270   M    M   3 1      22 250
 5  74  59  67  16   0   2    T    M    M 12.2 20 290   M    M   2        26 270
 6  75  53  64  13   1   0 0.00    M    M  4.2 15 270   M    M   6 12     20 250
 7  77  56  67  16   0   2 0.00    M    M  7.9 21 190   M    M   4 1      29 190
 8  75  66  71  21   0   6 0.84    M    M  8.9 21 270   M    M   7 13     27 270
 9  71  63  67  17   0   2 1.63    M    M 11.3 26 150   M    M  10 1      37 180
10  74  55  65  15   0   0 0.00    M    M  6.9 13 280   M    M   5        18 330
11  63  53  58   8   7   0 0.26    M    M  9.0 20 100   M    M   7 12     26 100
12  54  47  51   2  14   0 0.17    M    M 10.9 20 110   M    M  10 1      29 100
13  53  43  48  -1  17   0 0.00    M    M  7.1 12 140   M    M  10 1      17 100
14  65  53  59  10   6   0 0.00    M    M  2.7  9 120   M    M   8 12     12 120
15  63  54  59  11   6   0 0.16    M    M  9.8 24 280   M    M  10 1      32 290
16  58  34  46  -2  19   0 0.02    M    M 13.0 26 330   M    M   4        38 310
17  55  32  44  -4  21   0 0.00    M    M  7.7 15 320   M    M   0        21 320
18  66  39  53   5  12   0 0.00    M    M  6.6 13 280   M    M   0        19 280
================================================================================
SM 1192  859       152  12  3.08    M    142.3          M       87
================================================================================
AV 66.2 47.7                               7.9 FASTST   M    M   5    MAX(MPH)
                                 MISC ---->  # 26 150               # 38  310
================================================================================
NOTES:
# LAST OF SEVERAL OCCURRENCES

COLUMN 17 PEAK WIND IN M.P.H.

PRELIMINARY LOCAL CLIMATOLOGICAL DATA (WS FORM: F-6) , PAGE 2

                                          STATION:  MOUNT POCONO PA
                                          MONTH:    OCTOBER
                                          YEAR:     2017
                                          LATITUDE:   41  8 N
                                          LONGITUDE:  75 24 W

[TEMPERATURE DATA]      [PRECIPITATION DATA]       SYMBOLS USED IN COLUMN 16

AVERAGE MONTHLY: 57.0   TOTAL FOR MONTH:   3.08    1 = FOG OR MIST
DPTR FM NORMAL:   6.9   DPTR FM NORMAL:    0.50    2 = FOG REDUCING VISIBILITY
HIGHEST:    77 ON  7    GRTST 24HR  1.63 ON  9- 9      TO 1/4 MILE OR LESS
LOWEST:     32 ON 17                               3 = THUNDER
                        SNOW, ICE PELLETS, HAIL    4 = ICE PELLETS
                        TOTAL MONTH:    M          5 = HAIL
                        GRTST 24HR    M  ON   M    6 = FREEZING RAIN OR DRIZZLE
                        GRTST DEPTH:  M  ON   M    7 = DUSTSTORM OR SANDSTORM:
                                                       VSBY 1/2 MILE OR LESS
                                                   8 = SMOKE OR HAZE
[NO. OF DAYS WITH]      [WEATHER - DAYS WITH]      9 = BLOWING SNOW
                                                   X = TORNADO
MAX 32 OR BELOW:   0    0.01 INCH OR MORE:   6
MAX 90 OR ABOVE:   0    0.10 INCH OR MORE:   5
MIN 32 OR BELOW:   1    0.50 INCH OR MORE:   2
MIN  0 OR BELOW:   0    1.00 INCH OR MORE:   1

[HDD (BASE 65) ]
TOTAL THIS MO.   152    CLEAR  (SCALE 0-3)   6
DPTR FM NORMAL  -118    PTCLDY (SCALE 4-7)   8
TOTAL FM JUL 1   402    CLOUDY (SCALE 8-10)  4
DPTR FM NORMAL  -136

[CDD (BASE 65) ]
TOTAL THIS MO.    12
DPTR FM NORMAL    12    [PRESSURE DATA]
TOTAL FM JAN 1   287    HIGHEST SLP M ON M
DPTR FM NORMAL   -26    LOWEST  SLP 29.84 ON M

[REMARKS]
