173
CXUS51 KBTV 170700
CF6MPV
PRELIMINARY LOCAL CLIMATOLOGICAL DATA (WS FORM: F-6)

                                          STATION:   MONTPELIER VT
                                          MONTH:     NOVEMBER
                                          YEAR:      2017
                                          LATITUDE:   44 12 N
                                          LONGITUDE:  72 34 W

  TEMPERATURE IN F:       :PCPN:    SNOW:  WIND      :SUNSHINE: SKY     :PK WND
================================================================================
1   2   3   4   5  6A  6B    7    8   9   10  11  12  13   14  15   16   17  18
                                     12Z  AVG MX 2MIN
DY MAX MIN AVG DEP HDD CDD  WTR  SNW DPTH SPD SPD DIR MIN PSBL S-S WX    SPD DR
================================================================================

 1  46  35  41   1  24   0 0.19    M    0  7.3 17 170   M    M   8 1      22 170
 2  58  41  50  10  15   0 0.39    M    M  9.5 17 180   M    M   7 1      25 170
 3  62  37  50  10  15   0 0.19    M    0 10.4 22 300   M    M   8 1      28 330
 4  43  31  37  -3  28   0 0.00  0.0    0  3.1 16 320   M    M   5        20 320
 5  53  35  44   5  21   0 0.26    M    0 13.8 25 170   M    M   8 1      34 170
 6  61  33  47   8  18   0 0.11    M    0 10.0 20 300   M    M   9 1      28 310
 7  36  24  30  -9  35   0 0.00  0.0    0  4.8 10 300   M    M   7        14 310
 8  40  18  29  -9  36   0 0.00  0.0    0  1.3  7 360   M    M   2 12     10 360
 9  41  17  29  -9  36   0    T    M    0  7.1 22 180   M    M   4 12     31 180
10  42  16  29  -9  36   0 0.06    M    0 15.4 29 310   M    M   7 18     41 320
11  27  12  20 -17  45   0    T    M    0  7.0 17 310   M    M   3 1      25 310
12  36  19  28  -9  37   0 0.00  0.0    0  2.6 10 180   M    M   4        14 190
13  31  20  26 -10  39   0 0.04    M    0  0.6  5  50   M    M   9 1       6  40
14  33  29  31  -5  34   0    T    M    0  0.0  3 170   M    M  10         4  80
15  40  25  33  -3  32   0 0.00  0.0    0  3.8 14 170   M    M   7 12     17 170
16  39  33  36   1  29   0 0.15    M    0  7.1 18 290   M    M   9 1      27 280
================================================================================
SM  688  425       480   0  1.39     0.0 103.8          M      107
================================================================================
AV 43.0 26.6                               6.5 FASTST   M    M   7    MAX(MPH)
                                 MISC ---->  # 29 310               # 41  320
================================================================================
NOTES:
# LAST OF SEVERAL OCCURRENCES

COLUMN 17 PEAK WIND IN M.P.H.

PRELIMINARY LOCAL CLIMATOLOGICAL DATA (WS FORM: F-6) , PAGE 2

                                          STATION:  MONTPELIER VT
                                          MONTH:    NOVEMBER
                                          YEAR:     2017
                                          LATITUDE:   44 12 N
                                          LONGITUDE:  72 34 W

[TEMPERATURE DATA]      [PRECIPITATION DATA]       SYMBOLS USED IN COLUMN 16

AVERAGE MONTHLY: 34.8   TOTAL FOR MONTH:   1.39    1 = FOG OR MIST
DPTR FM NORMAL:  -3.2   DPTR FM NORMAL:   -0.31    2 = FOG REDUCING VISIBILITY
HIGHEST:    62 ON  3    GRTST 24HR  0.39 ON  2- 2      TO 1/4 MILE OR LESS
LOWEST:     12 ON 11                               3 = THUNDER
                        SNOW, ICE PELLETS, HAIL    4 = ICE PELLETS
                        TOTAL MONTH:   0.0 INCH    5 = HAIL
                        GRTST 24HR     0.0         6 = FREEZING RAIN OR DRIZZLE
                        GRTST DEPTH:   0           7 = DUSTSTORM OR SANDSTORM:
                                                       VSBY 1/2 MILE OR LESS
                                                   8 = SMOKE OR HAZE
[NO. OF DAYS WITH]      [WEATHER - DAYS WITH]      9 = BLOWING SNOW
                                                   X = TORNADO
MAX 32 OR BELOW:   2    0.01 INCH OR MORE:   8
MAX 90 OR ABOVE:   0    0.10 INCH OR MORE:   6
MIN 32 OR BELOW:  10    0.50 INCH OR MORE:   0
MIN  0 OR BELOW:   0    1.00 INCH OR MORE:   0

[HDD (BASE 65) ]
TOTAL THIS MO.   480    CLEAR  (SCALE 0-3)   2
DPTR FM NORMAL    48    PTCLDY (SCALE 4-7)   9
TOTAL FM JUL 1  1135    CLOUDY (SCALE 8-10)  5
DPTR FM NORMAL  -253

[CDD (BASE 65) ]
TOTAL THIS MO.     0
DPTR FM NORMAL     0    [PRESSURE DATA]
TOTAL FM JAN 1   243    HIGHEST SLP M ON M
DPTR FM NORMAL   -21    LOWEST  SLP 29.73 ON 16

[REMARKS]
