000
CXUS53 KMPX 291000
CF6MPX
PRELIMINARY LOCAL CLIMATOLOGICAL DATA (WS FORM: F-6)

                                          STATION:   CHANHASSEN MN
                                          MONTH:     JUNE
                                          YEAR:      2015
                                          LATITUDE:   44 50 N
                                          LONGITUDE:  93 34 W

  TEMPERATURE IN F:       :PCPN:    SNOW:  WIND      :SUNSHINE: SKY     :PK WND
================================================================================
1   2   3   4   5  6A  6B    7    8   9   10  11  12  13   14  15   16   17  18
                                     12Z  AVG MX 2MIN
DY MAX MIN AVG DEP HDD CDD  WTR  SNW DPTH SPD SPD DIR MIN PSBL S-S WX    SPD DR
================================================================================

 1  69  47  58  -5   7   0 0.00  0.0    0   M   M   M   M    M   M         M  M
 2  74  54  64   1   1   0 0.00  0.0    0   M   M   M   M    M   M         M  M
 3  66  60  63  -1   2   0 0.45  0.0    0   M   M   M   M    M   M         M  M
 4  70  58  64   0   1   0 0.00  0.0    0   M   M   M   M    M   M         M  M
 5  75  60  68   4   0   3 0.00  0.0    0   M   M   M   M    M   M         M  M
 6  76  58  67   2   0   2 0.15  0.0    0   M   M   M   M    M   M         M  M
 7  81  61  71   6   0   6 0.03  0.0    0   M   M   M   M    M   M         M  M
 8  79  58  69   4   0   4 0.00  0.0    0   M   M   M   M    M   M         M  M
 9  91  57  74   8   0   9 0.01  0.0    0   M   M   M   M    M   M         M  M
10  76  61  69   3   0   4    T  0.0    0   M   M   M   M    M   M         M  M
11  65  57  61  -5   4   0 0.32  0.0    0   M   M   M   M    M   M         M  M
12  78  52  65  -2   0   0 0.00  0.0    0   M   M   M   M    M   M         M  M
13  70  60  65  -2   0   0 0.02  0.0    0   M   M   M   M    M   M         M  M
14  83  59  71   4   0   6 0.00  0.0    0   M   M   M   M    M   M         M  M
15  76  62  69   1   0   4 0.00  0.0    0   M   M   M   M    M   M         M  M
16  69  55  62  -6   3   0 0.01  0.0    0   M   M   M   M    M   M         M  M
17  75  58  67  -1   0   2 0.10  0.0    0   M   M   M   M    M   M         M  M
18  77  60  69   0   0   4 0.00  0.0    0   M   M   M   M    M   M         M  M
19  78  57  68  -1   0   3 0.00  0.0    0   M   M   M   M    M   M         M  M
20  80  62  71   2   0   6 0.33  0.0    0   M   M   M   M    M   M         M  M
21  85  60  73   4   0   8 0.00  0.0    0   M   M   M   M    M   M         M  M
22  80  62  71   1   0   6 1.17  0.0    0   M   M   M   M    M   M         M  M
23  78  58  68  -2   0   3 0.00  0.0    0   M   M   M   M    M   M         M  M
24  76  56  66  -4   0   1 0.00  0.0    0   M   M   M   M    M   M         M  M
25  80  59  70   0   0   5 0.00  0.0    0   M   M   M   M    M   M         M  M
26  80  59  70  -1   0   5    T  0.0    0   M   M   M   M    M   M         M  M
27  81  56  69  -2   0   4 0.04  0.0    0   M   M   M   M    M   M         M  M
28  80  62  71   0   0   6 0.53  0.0    0   M   M   M   M    M   M         M  M
================================================================================
SM 2148 1628        18  91  3.16     0.0     M          M        M
================================================================================
AV 76.7 58.1                                 M FASTST   M    M   3    MAX(MPH)
                                 MISC ---->     M   M                  M    M
================================================================================
NOTES:
# LAST OF SEVERAL OCCURRENCES

COLUMN 17 PEAK WIND IN M.P.H.

PRELIMINARY LOCAL CLIMATOLOGICAL DATA (WS FORM: F-6) , PAGE 2

                                          STATION:  CHANHASSEN MN
                                          MONTH:    JUNE
                                          YEAR:     2015
                                          LATITUDE:   44 50 N
                                          LONGITUDE:  93 34 W

[TEMPERATURE DATA]      [PRECIPITATION DATA]       SYMBOLS USED IN COLUMN 16

AVERAGE MONTHLY: 67.4   TOTAL FOR MONTH:   3.16    1 = FOG OR MIST
DPTR FM NORMAL:   0.1   DPTR FM NORMAL:   -0.60    2 = FOG REDUCING VISIBILITY
HIGHEST:    91 ON  9    GRTST 24HR  1.17 ON 22-22      TO 1/4 MILE OR LESS
LOWEST:     47 ON  1                               3 = THUNDER
                        SNOW, ICE PELLETS, HAIL    4 = ICE PELLETS
                        TOTAL MONTH:   0.0 INCH    5 = HAIL
                        GRTST 24HR     0.0         6 = FREEZING RAIN OR DRIZZLE
                        GRTST DEPTH:   0           7 = DUSTSTORM OR SANDSTORM:
                                                       VSBY 1/2 MILE OR LESS
                                                   8 = SMOKE OR HAZE
[NO. OF DAYS WITH]      [WEATHER - DAYS WITH]      9 = BLOWING SNOW
                                                   X = TORNADO
MAX 32 OR BELOW:   0    0.01 INCH OR MORE:  12
MAX 90 OR ABOVE:   1    0.10 INCH OR MORE:   7
MIN 32 OR BELOW:   0    0.50 INCH OR MORE:   2
MIN  0 OR BELOW:   0    1.00 INCH OR MORE:   1

[HDD (BASE 65) ]
TOTAL THIS MO.    18    CLEAR  (SCALE 0-3)   0
DPTR FM NORMAL   -32    PTCLDY (SCALE 4-7)   0
TOTAL FM JUL 1  8007    CLOUDY (SCALE 8-10)  0
DPTR FM NORMAL    92

[CDD (BASE 65) ]
TOTAL THIS MO.    91
DPTR FM NORMAL   -22    [PRESSURE DATA]
TOTAL FM JAN 1    99    HIGHEST SLP M ON M
DPTR FM NORMAL   -47    LOWEST  SLP M ON M

[REMARKS]
