000
CXUS51 KLWX 260620
CF6MRB
PRELIMINARY LOCAL CLIMATOLOGICAL DATA (WS FORM: F-6)

                                          STATION:   MARTINSBURG WV
                                          MONTH:     SEPTEMBER
                                          YEAR:      2016
                                          LATITUDE:   39 24 N
                                          LONGITUDE:  77 59 W

  TEMPERATURE IN F:       :PCPN:    SNOW:  WIND      :SUNSHINE: SKY     :PK WND
================================================================================
1   2   3   4   5  6A  6B    7    8   9   10  11  12  13   14  15   16   17  18
                                     12Z  AVG MX 2MIN
DY MAX MIN AVG DEP HDD CDD  WTR  SNW DPTH SPD SPD DIR MIN PSBL S-S WX    SPD DR
================================================================================

 1  84  67  76   6   0  11 0.26    M    M  5.7 17 360   M    M   5 1      22  10
 2  80  60  70   0   0   5 0.00    M    M  6.5 15  10   M    M   1        19  10
 3  82  61  72   2   0   7 0.00    M    M  7.4 17  30   M    M   1        24  20
 4  84  58  71   1   0   6 0.00    M    M  2.4 13 360   M    M   0        17  20
 5  87  52  70   1   0   5 0.00    M    M  2.6 10 310   M    M   0 1      14 280
 6  93  59  76   7   0  11 0.00    M    M  7.4 21 310   M    M   1        28 330
 7  92  68  80  11   0  15 0.36    M    M  4.6 32 330   M    M   6 1      42 310
 8  93  69  81  13   0  16 0.00    M    M  5.2 16 250   M    M   1 1      21 240
 9  93  72  83  15   0  18 0.24    M    M  4.6 18 330   M    M   3 1      24 320
10  92  71  82  14   0  17 0.00    M    M  5.3 14 170   M    M   5 12     20 180
11  82  60  71   4   0   6 0.00    M    M  9.1 21 340   M    M   1        28 360
12  81  52  67   0   0   2 0.00    M    M  2.4  9  90   M    M   0        14  90
13  88  58  73   7   0   8 0.00    M    M  2.9 13 170   M    M   1        17 150
14  92  59  76  10   0  11 0.00    M    M  3.5 15  20   M    M   1 1      19  20
15  75  61  68   2   0   3    T    M    M  4.3 15  30   M    M  10        19 360
16  75  64  70   5   0   5 0.00    M    M  4.5 12 150   M    M  10        15 180
17  82  60  71   6   0   6 0.00    M    M  6.5 14 150   M    M   6        20 140
18  85  67  76  12   0  11    T    M    M  3.2 13 150   M    M   4 1      17 160
19  76  64  70   6   0   5 0.16    M    M  2.3  8 360   M    M   4 1      11 340
20  84  61  73   9   0   8 0.00    M    M  3.4  9  70   M    M   4 128    16  10
21  86  59  73  10   0   8 0.00    M    M  3.2 13  10   M    M   2 12     17  10
22  86  57  72   9   0   7 0.00    M    M  2.0  8  90   M    M   0 1      12 100
23  91  52  72  10   0   7 0.00    M    M  2.1 12 310   M    M   0 1      15 320
24  77  55  66   4   0   1 0.00    M    M  6.1 17  30   M    M   4        22  10
25  74  51  63   1   2   0 0.00    M    M  3.6 10  80   M    M   1        13 130
================================================================================
SM 2114 1517         2 199  1.02    M    110.8          M       71
================================================================================
AV 84.6 60.7                               4.4 FASTST   M    M   3    MAX(MPH)
                                 MISC ---->  # 32 330               # 42  310
================================================================================
NOTES:
# LAST OF SEVERAL OCCURRENCES

COLUMN 17 PEAK WIND IN M.P.H.

PRELIMINARY LOCAL CLIMATOLOGICAL DATA (WS FORM: F-6) , PAGE 2

                                          STATION:  MARTINSBURG WV
                                          MONTH:    SEPTEMBER
                                          YEAR:     2016
                                          LATITUDE:   39 24 N
                                          LONGITUDE:  77 59 W

[TEMPERATURE DATA]      [PRECIPITATION DATA]       SYMBOLS USED IN COLUMN 16

AVERAGE MONTHLY: 72.6   TOTAL FOR MONTH:   1.02    1 = FOG OR MIST
DPTR FM NORMAL:   6.3   DPTR FM NORMAL:   -1.95    2 = FOG REDUCING VISIBILITY
HIGHEST:    93 ON  9, 8 GRTST 24HR  0.36 ON  7- 7      TO 1/4 MILE OR LESS
LOWEST:     51 ON 25                               3 = THUNDER
                        SNOW, ICE PELLETS, HAIL    4 = ICE PELLETS
                        TOTAL MONTH:    M          5 = HAIL
                        GRTST 24HR    M  ON   M    6 = FREEZING RAIN OR DRIZZLE
                        GRTST DEPTH:  M  ON   M    7 = DUSTSTORM OR SANDSTORM:
                                                       VSBY 1/2 MILE OR LESS
                                                   8 = SMOKE OR HAZE
[NO. OF DAYS WITH]      [WEATHER - DAYS WITH]      9 = BLOWING SNOW
                                                   X = TORNADO
MAX 32 OR BELOW:   0    0.01 INCH OR MORE:   4
MAX 90 OR ABOVE:   7    0.10 INCH OR MORE:   4
MIN 32 OR BELOW:   0    0.50 INCH OR MORE:   0
MIN  0 OR BELOW:   0    1.00 INCH OR MORE:   0

[HDD (BASE 65) ]
TOTAL THIS MO.     2    CLEAR  (SCALE 0-3)  15
DPTR FM NORMAL   -55    PTCLDY (SCALE 4-7)   8
TOTAL FM JUL 1     2    CLOUDY (SCALE 8-10)  2
DPTR FM NORMAL   -62

[CDD (BASE 65) ]
TOTAL THIS MO.   199
DPTR FM NORMAL   111    [PRESSURE DATA]
TOTAL FM JAN 1  1271    HIGHEST SLP M ON M
DPTR FM NORMAL   391    LOWEST  SLP 29.83 ON  1

[REMARKS]
