000
CXUS51 KBTV 270700
CF6MSS
PRELIMINARY LOCAL CLIMATOLOGICAL DATA (WS FORM: F-6)

                                          STATION:   MASSENA NY
                                          MONTH:     FEBRUARY
                                          YEAR:      2017
                                          LATITUDE:   44 55 N
                                          LONGITUDE:  74 51 W

  TEMPERATURE IN F:       :PCPN:    SNOW:  WIND      :SUNSHINE: SKY     :PK WND
================================================================================
1   2   3   4   5  6A  6B    7    8   9   10  11  12  13   14  15   16   17  18
                                     12Z  AVG MX 2MIN
DY MAX MIN AVG DEP HDD CDD  WTR  SNW DPTH SPD SPD DIR MIN PSBL S-S WX    SPD DR
================================================================================

 1  28  13  21   6  44   0 0.01    M    0  5.3 14 220   M    M   9 18     17 230
 2  28  13  21   6  44   0    T    M    0  9.4 22 300   M    M   7 1      30 300
 3  25  19  22   7  43   0    T    M    0  9.8 20 260   M    M   9 1      24 250
 4  28  10  19   4  46   0    T    M    0 12.9 23 220   M    M   7        30 230
 5  33  20  27  11  38   0    T    M    0 13.5 29 290   M    M  10 18     42 240
 6  20  10  15  -1  50   0 0.02    M    0  6.4 18 300   M    M   5 1      31 300
 7  33  15  24   8  41   0 0.39    M    0 17.7 29  70   M    M  10 1689   35  60
 8  48  17  33  17  32   0 0.19    M    0 12.4 29 270   M    M   9 16     37 260
 9  17   6  12  -4  53   0 0.00  0.0    0  8.1 15 300   M    M   3        19 320
10  11   5   8  -8  57   0    T    M    0 10.5 20 290   M    M   4 1      27 290
11  16   9  13  -4  52   0    T    M    0 10.8 17  60   M    M  10 18     21  70
12  27  12  20   3  45   0 0.50    M    0  9.6 17  60   M    M  10 12     21  70
13  27  11  19   2  46   0 0.02    M    0  9.1 18 270   M    M   9 1      25 290
14  32   3  18   1  47   0 0.01    M    0  4.0 15  50   M    M   8 1      18  50
15  29  24  27   9  38   0 0.16    M    0  4.8 10  50   M    M  10 1      11  50
16  27  19  23   5  42   0    T    M    0 11.7 17 270   M    M  10 1      24 250
17  29  16  23   5  42   0    T    M    0  9.6 16 220   M    M   5 1      21 300
18  53  17  35  17  30   0 0.00  0.0    0 10.1 29 230   M    M   2        39 230
19  48  33  41  22  24   0 0.00  0.0    0 11.5 22 270   M    M   4        28 290
20  35  16  26   7  39   0 0.00  0.0    0  4.9 16 310   M    M   0        22 320
21  36  13  25   6  40   0    T    M    0  3.4 13  70   M    M   3        14  80
22  47  33  40  20  25   0 0.00  0.0    0  3.0  9  30   M    M   7         M  M
23  62  37  50  30  15   0    T    M    0  9.3 26 220   M    M   6        33 200
24  42  34  38  18  27   0 0.05    M    0  9.5 22  50   M    M  10 1      28  40
25  50  33  42  22  23   0 0.51    M    0 11.1 24 220   M    M  10 123    30 210
26  35  24  30   9  35   0    T    M    0 16.0 25 260   M    M   4 1      38 240
================================================================================
SM  866  462      1018   0  1.86     0.0 244.4          M      181
================================================================================
AV 33.3 17.8                               9.4 FASTST   M    M   7    MAX(MPH)
                                 MISC ---->  # 29 290               # 42  240
================================================================================
NOTES:
# LAST OF SEVERAL OCCURRENCES

COLUMN 17 PEAK WIND IN M.P.H.

PRELIMINARY LOCAL CLIMATOLOGICAL DATA (WS FORM: F-6) , PAGE 2

                                          STATION:  MASSENA NY
                                          MONTH:    FEBRUARY
                                          YEAR:     2017
                                          LATITUDE:   44 55 N
                                          LONGITUDE:  74 51 W

[TEMPERATURE DATA]      [PRECIPITATION DATA]       SYMBOLS USED IN COLUMN 16

AVERAGE MONTHLY: 25.5   TOTAL FOR MONTH:   1.86    1 = FOG OR MIST
DPTR FM NORMAL:   8.1   DPTR FM NORMAL:    0.23    2 = FOG REDUCING VISIBILITY
HIGHEST:    62 ON 23    GRTST 24HR  0.58 ON  7- 8      TO 1/4 MILE OR LESS
LOWEST:      3 ON 14                               3 = THUNDER
                        SNOW, ICE PELLETS, HAIL    4 = ICE PELLETS
                        TOTAL MONTH:   0.0 INCH    5 = HAIL
                        GRTST 24HR     0.0         6 = FREEZING RAIN OR DRIZZLE
                        GRTST DEPTH:   0           7 = DUSTSTORM OR SANDSTORM:
                                                       VSBY 1/2 MILE OR LESS
                                                   8 = SMOKE OR HAZE
[NO. OF DAYS WITH]      [WEATHER - DAYS WITH]      9 = BLOWING SNOW
                                                   X = TORNADO
MAX 32 OR BELOW:  14    0.01 INCH OR MORE:  10
MAX 90 OR ABOVE:   0    0.10 INCH OR MORE:   5
MIN 32 OR BELOW:  21    0.50 INCH OR MORE:   2
MIN  0 OR BELOW:   0    1.00 INCH OR MORE:   0

[HDD (BASE 65) ]
TOTAL THIS MO.  1018    CLEAR  (SCALE 0-3)   4
DPTR FM NORMAL  -219    PTCLDY (SCALE 4-7)   9
TOTAL FM JUL 1  4867    CLOUDY (SCALE 8-10) 13
DPTR FM NORMAL -1033

[CDD (BASE 65) ]
TOTAL THIS MO.     0
DPTR FM NORMAL     0    [PRESSURE DATA]
TOTAL FM JAN 1     0    HIGHEST SLP M ON M
DPTR FM NORMAL     0    LOWEST  SLP 29.32 ON M

[REMARKS]
