176
CXUS52 KKEY 250545
CF6MTH
PRELIMINARY LOCAL CLIMATOLOGICAL DATA (WS FORM: F-6)

                                          STATION:   MARATHON
                                          MONTH:     MARCH
                                          YEAR:      2017
                                          LATITUDE:   24 43 N
                                          LONGITUDE:  81  5 W

  TEMPERATURE IN F:       :PCPN:    SNOW:  WIND      :SUNSHINE: SKY     :PK WND
================================================================================
1   2   3   4   5  6A  6B    7    8   9   10  11  12  13   14  15   16   17  18
                                     12Z  AVG MX 2MIN
DY MAX MIN AVG DEP HDD CDD  WTR  SNW DPTH SPD SPD DIR MIN PSBL S-S WX    SPD DR
================================================================================

 1  86  76  81   9   0  16 0.00  0.0    0  7.9 15  80   M    M   2        21  80
 2  87  76  82  10   0  17 0.00  0.0    0  6.6 12 130   M    M   5        17 130
 3  84  72  78   5   0  13 0.04  0.0    0 12.9 26  50   M    M   6 1      34  50
 4  80  72  76   3   0  11 0.00  0.0    0 21.4 28  60   M    M   2        36  50
 5  77  72  75   2   0  10 0.00  0.0    0 18.6 28  60   M    M   4        37  70
 6  79  71  75   2   0  10    T  0.0    0 14.2 23  70   M    M   8        31  70
 7  81  73  77   4   0  12 0.00  0.0    0 11.8 16  90   M    M   5        24  90
 8  83  72  78   5   0  13    T  0.0    0  8.7 15  90   M    M   4        22  80
 9  84  73  79   6   0  14 0.00  0.0    0  7.5 13  80   M    M   1        18 100
10  83  70  77   4   0  12 0.00  0.0    0  5.9 14  30   M    M   1        16  40
11  82  70  76   3   0  11 0.00  0.0    0  6.8 14  30   M    M   0        19  10
12  84  71  78   5   0  13 0.08  0.0    0  3.2 13 150   M    M   3 1      19 150
13  85  70  78   4   0  13 0.00  0.0    0  6.6 13 220   M    M   1        21 220
14  80  70  75   1   0  10 0.05  0.0    0 11.3 18 320   M    M   4        26 270
15  73  63  68  -6   0   3 0.00  0.0    0 13.0 17 330   M    M   2 8      28 330
16  74  58  66  -8   0   1 0.00  0.0    0 11.4 18  20   M    M   0        26 360
17  77  62  70  -4   0   5 0.00  0.0    0 13.4 20  50   M    M   1        25 100
18  79  65  72  -2   0   7 0.00  0.0    0  9.4 15  30   M    M   2        22  10
19  77  66  72  -2   0   7 0.00  0.0    0 11.1 16 330   M    M   0        23 300
20  79  67  73  -1   0   8 0.00  0.0    0 10.7 17  40   M    M   0        24  20
21  80  65  73  -1   0   8 0.00  0.0    0  6.9 14  50   M    M   0        18  40
22  80  64  72  -3   0   7 0.00  0.0    0  6.9 13 320   M    M   0        19  40
23  83  67  75   0   0  10 0.17  0.0    0  8.8 22  30   M    M   1 138    32  50
24  81  70  76   1   0  11 0.04  0.0    0 14.1 22  60   M    M   3 13     30  90
================================================================================
SM 1938 1655         0 242  0.38     0.0 249.1          M       55
================================================================================
AV 80.8 69.0                              10.4 FASTST   M    M   2    MAX(MPH)
                                 MISC ---->  # 28  60               # 37   70
================================================================================
NOTES:
# LAST OF SEVERAL OCCURRENCES

COLUMN 17 PEAK WIND IN M.P.H.

PRELIMINARY LOCAL CLIMATOLOGICAL DATA (WS FORM: F-6) , PAGE 2

                                          STATION:  MARATHON
                                          MONTH:    MARCH
                                          YEAR:     2017
                                          LATITUDE:   24 43 N
                                          LONGITUDE:  81  5 W

[TEMPERATURE DATA]      [PRECIPITATION DATA]       SYMBOLS USED IN COLUMN 16

AVERAGE MONTHLY: 74.9   TOTAL FOR MONTH:   0.38    1 = FOG OR MIST
DPTR FM NORMAL:   1.3   DPTR FM NORMAL:   -1.42    2 = FOG REDUCING VISIBILITY
HIGHEST:    87 ON  2    GRTST 24HR  0.17 ON 23-23      TO 1/4 MILE OR LESS
LOWEST:     58 ON 16                               3 = THUNDER
                        SNOW, ICE PELLETS, HAIL    4 = ICE PELLETS
                        TOTAL MONTH:   0.0 INCH    5 = HAIL
                        GRTST 24HR     0.0         6 = FREEZING RAIN OR DRIZZLE
                        GRTST DEPTH:   0           7 = DUSTSTORM OR SANDSTORM:
                                                       VSBY 1/2 MILE OR LESS
                                                   8 = SMOKE OR HAZE
[NO. OF DAYS WITH]      [WEATHER - DAYS WITH]      9 = BLOWING SNOW
                                                   X = TORNADO
MAX 32 OR BELOW:   0    0.01 INCH OR MORE:   5
MAX 90 OR ABOVE:   0    0.10 INCH OR MORE:   1
MIN 32 OR BELOW:   0    0.50 INCH OR MORE:   0
MIN  0 OR BELOW:   0    1.00 INCH OR MORE:   0

[HDD (BASE 65) ]
TOTAL THIS MO.     0    CLEAR  (SCALE 0-3)  17
DPTR FM NORMAL     0    PTCLDY (SCALE 4-7)   6
TOTAL FM JUL 1     3    CLOUDY (SCALE 8-10)  1
DPTR FM NORMAL   -72

[CDD (BASE 65) ]
TOTAL THIS MO.   242
DPTR FM NORMAL    32    [PRESSURE DATA]
TOTAL FM JAN 1   878    HIGHEST SLP M ON M
DPTR FM NORMAL   286    LOWEST  SLP 29.87 ON 13

[REMARKS]
