000
CXUS52 KEYW 210800
CF6MTH
PRELIMINARY LOCAL CLIMATOLOGICAL DATA (WS FORM: F-6)

                                          STATION:   MARATHON
                                          MONTH:     OCTOBER
                                          YEAR:      2014
                                          LATITUDE:   24 43 N
                                          LONGITUDE:  81  5 W

  TEMPERATURE IN F:       :PCPN:    SNOW:  WIND      :SUNSHINE: SKY     :PK WND
================================================================================
1   2   3   4   5  6A  6B    7    8   9   10  11  12  13   14  15   16   17  18
                                     12Z  AVG MX 2MIN
DY MAX MIN AVG DEP HDD CDD  WTR  SNW DPTH SPD SPD DIR MIN PSBL S-S WX    SPD DR
================================================================================

 1  92  80  86   3   0  21 0.00  0.0    0  3.4 10 280   M    M   2 3      14 280
 2  91  79  85   2   0  20 0.01  0.0    0  2.7 10 290   M    M   2 3      13 290
 3  90  79  85   2   0  20 0.00  0.0    0  4.9 10 290   M    M   1        14 290
 4  91  80  86   3   0  21 0.00  0.0    0  8.2 17 330   M    M   2        26 280
 5  83  74  79  -3   0  14 0.02  0.0    0  7.3 14  10   M    M   1        20  20
 6  88  69  79  -3   0  14 0.00  0.0    0  6.1 14  90   M    M   1        19 120
 7  90  81  86   4   0  21 0.00  0.0    0  6.5 20  60   M    M   1 3      24  50
 8  88  80  84   2   0  19    T  0.0    0  9.6 15  60   M    M   1        18  50
 9  88  79  84   2   0  19    T  0.0    0 11.9 20  50   M    M   2 3      25  30
10  89  79  84   2   0  19    T  0.0    0 12.3 18  60   M    M   2        24  80
11  89  81  85   3   0  20 0.00  0.0    0  9.6 15  80   M    M   1        20  80
12  90  81  86   4   0  21    T  0.0    0  8.1 13 130   M    M   2        22 120
13  87  75  81   0   0  16 0.64  0.0    0  9.2 17 160   M    M   2 123    31 150
14  89  81  85   4   0  20 0.00  0.0    0  7.6 12 120   M    M   1 8      20 120
15  91  81  86   5   0  21 0.05  0.0    0  4.6 10 280   M    M   2 13     14 260
16  83  77  80  -1   0  15 0.00  0.0    0  9.2 15 320   M    M   1        21 330
17  81  73  77  -4   0  12 0.00  0.0    0  7.1 13 320   M    M   1        17 350
18  83  68  76  -4   0  11 0.00  0.0    0  1.4  8 330   M    M   0        11 340
19  84  69  77  -3   0  12 0.00  0.0    0  4.0 12  80   M    M   2        16  70
20  86  71  79  -1   0  14 4.33  0.0    0  5.8 16 130   M    M   5 138    23 110
================================================================================
SM 1753 1537         0 350  5.05     0.0 139.5          M       32
================================================================================
AV 87.7 76.8                               7.0 FASTST   M    M   2    MAX(MPH)
                                 MISC ---->  # 20  60               # 31  150
================================================================================
NOTES:
# LAST OF SEVERAL OCCURRENCES

COLUMN 17 PEAK WIND IN M.P.H.

PRELIMINARY LOCAL CLIMATOLOGICAL DATA (WS FORM: F-6) , PAGE 2

                                          STATION:  MARATHON
                                          MONTH:    OCTOBER
                                          YEAR:     2014
                                          LATITUDE:   24 43 N
                                          LONGITUDE:  81  5 W

[TEMPERATURE DATA]      [PRECIPITATION DATA]       SYMBOLS USED IN COLUMN 16

AVERAGE MONTHLY: 82.2   TOTAL FOR MONTH:   5.05    1 = FOG OR MIST
DPTR FM NORMAL:   0.6   DPTR FM NORMAL:    1.84    2 = FOG REDUCING VISIBILITY
HIGHEST:    92 ON  1    GRTST 24HR  4.33 ON 20-20      TO 1/4 MILE OR LESS
LOWEST:     68 ON 18                               3 = THUNDER
                        SNOW, ICE PELLETS, HAIL    4 = ICE PELLETS
                        TOTAL MONTH:   0.0 INCH    5 = HAIL
                        GRTST 24HR     0.0         6 = FREEZING RAIN OR DRIZZLE
                        GRTST DEPTH:   0           7 = DUSTSTORM OR SANDSTORM:
                                                       VSBY 1/2 MILE OR LESS
                                                   8 = SMOKE OR HAZE
[NO. OF DAYS WITH]      [WEATHER - DAYS WITH]      9 = BLOWING SNOW
                                                   X = TORNADO
MAX 32 OR BELOW:   0    0.01 INCH OR MORE:   5
MAX 90 OR ABOVE:   7    0.10 INCH OR MORE:   2
MIN 32 OR BELOW:   0    0.50 INCH OR MORE:   2
MIN  0 OR BELOW:   0    1.00 INCH OR MORE:   1

[HDD (BASE 65) ]
TOTAL THIS MO.     0    CLEAR  (SCALE 0-3)  19
DPTR FM NORMAL     0    PTCLDY (SCALE 4-7)   1
TOTAL FM JUL 1     0    CLOUDY (SCALE 8-10)  0
DPTR FM NORMAL     0

[CDD (BASE 65) ]
TOTAL THIS MO.   350
DPTR FM NORMAL    17    [PRESSURE DATA]
TOTAL FM JAN 1  4594    HIGHEST SLP M ON M
DPTR FM NORMAL   307    LOWEST  SLP 29.86 ON  4

[REMARKS]
