000
CXUS55 KGJT 281000
CF6MTJ
PRELIMINARY LOCAL CLIMATOLOGICAL DATA (WS FORM: F-6)

                                          STATION:   MONTROSE CO
                                          MONTH:     AUGUST
                                          YEAR:      2016
                                          LATITUDE:   38 30 N
                                          LONGITUDE: 107 53 W

  TEMPERATURE IN F:       :PCPN:    SNOW:  WIND      :SUNSHINE: SKY     :PK WND
================================================================================
1   2   3   4   5  6A  6B    7    8   9   10  11  12  13   14  15   16   17  18
                                     12Z  AVG MX 2MIN
DY MAX MIN AVG DEP HDD CDD  WTR  SNW DPTH SPD SPD DIR MIN PSBL S-S WX    SPD DR
================================================================================

 1  91  58  75   2   0  10 0.00    M    M  6.9 20 290   M    M   0        21 300
 2  90  64  77   4   0  12 0.00    M    M  8.0 20 250   M    M   1        25 240
 3  92  62  77   4   0  12 0.20    M    M  7.5 24 110   M    M   2 13     32 110
 4  73  63  68  -5   0   3 0.09    M    M  3.9  9 280   M    M   9        13 290
 5  67  62  65  -8   0   0 0.87    M    M  4.7 15 300   M    M   7 13     17 310
 6  79  60  70  -3   0   5 0.03    M    M  6.8 20 150   M    M   6 3      23 160
 7  86  55  71  -1   0   6 0.00    M    M  8.0 29 150   M    M   0 3      35 160
 8  86  57  72   0   0   7 0.41    M    M  6.4 25 320   M    M   1 13     30 320
 9  88  60  74   2   0   9 0.00    M    M  8.4 17 110   M    M   3        22 110
10  86  64  75   3   0  10 0.07    M    M  8.3 18 260   M    M   2        24 260
11  86  58  72   0   0   7 0.00    M    M  5.5 15 250   M    M   1        22 230
12  85  54  70  -2   0   5 0.00    M    M  7.6 20 330   M    M   0        24 310
13  87  51  69  -3   0   4 0.00    M    M  6.4 14 130   M    M   0        17 140
14  88  51  70  -1   0   5 0.00    M    M  6.6 15 130   M    M   0        17 130
15  90  56  73   2   0   8 0.00    M    M  7.2 18 340   M    M   0        24 320
16  86  59  73   2   0   8 0.00    M    M 10.8 31 150   M    M   0        37 150
17  85  56  71   0   0   6    T    M    M  6.3 29 130   M    M   1        35 130
18  78  54  66  -4   0   1 0.00    M    M  8.0 22 160   M    M   2        26 170
19  82  52  67  -3   0   2 0.00    M    M  5.0 14 130   M    M   1        17 130
20  85  53  69  -1   0   4 0.00    M    M  7.4 15 340   M    M   1        19 340
21  87  50  69  -1   0   4    T    M    M  6.2 15 210   M    M   0        18 220
22  80  55  68  -2   0   3 0.00    M    M  9.2 32 150   M    M   1 38     37 150
23  73  52  63  -7   2   0 0.04    M    M  7.2 20 130   M    M   5 1      23 130
24  78  53  66  -3   0   1    T    M    M  4.8 25 330   M    M   3 8      31 330
25  80  49  65  -4   0   0 0.11    M    M  8.9 26 300   M    M   3 38     34 310
26  77  47  62  -7   3   0    T    M    M  5.2 17 300   M    M   0        22 300
27  74  50  62  -6   3   0    T    M    M  7.8 30 150   M    M   3 8      36 150
================================================================================
SM 2239 1505         8 132  1.82    M    189.0          M       52
================================================================================
AV 82.9 55.7                               7.0 FASTST   M    M   2    MAX(MPH)
                                 MISC ---->  # 32 150               # 37  150
================================================================================
NOTES:
# LAST OF SEVERAL OCCURRENCES

COLUMN 17 PEAK WIND IN M.P.H.

PRELIMINARY LOCAL CLIMATOLOGICAL DATA (WS FORM: F-6) , PAGE 2

                                          STATION:  MONTROSE CO
                                          MONTH:    AUGUST
                                          YEAR:     2016
                                          LATITUDE:   38 30 N
                                          LONGITUDE: 107 53 W

[TEMPERATURE DATA]      [PRECIPITATION DATA]       SYMBOLS USED IN COLUMN 16

AVERAGE MONTHLY: 69.3   TOTAL FOR MONTH:   1.82    1 = FOG OR MIST
DPTR FM NORMAL:  -1.8   DPTR FM NORMAL:    0.74    2 = FOG REDUCING VISIBILITY
HIGHEST:    92 ON  3    GRTST 24HR  0.91 ON  4- 5      TO 1/4 MILE OR LESS
LOWEST:     47 ON 26                               3 = THUNDER
                        SNOW, ICE PELLETS, HAIL    4 = ICE PELLETS
                        TOTAL MONTH:    M          5 = HAIL
                        GRTST 24HR    M  ON   M    6 = FREEZING RAIN OR DRIZZLE
                        GRTST DEPTH:  M  ON   M    7 = DUSTSTORM OR SANDSTORM:
                                                       VSBY 1/2 MILE OR LESS
                                                   8 = SMOKE OR HAZE
[NO. OF DAYS WITH]      [WEATHER - DAYS WITH]      9 = BLOWING SNOW
                                                   X = TORNADO
MAX 32 OR BELOW:   0    0.01 INCH OR MORE:   8
MAX 90 OR ABOVE:   4    0.10 INCH OR MORE:   4
MIN 32 OR BELOW:   0    0.50 INCH OR MORE:   1
MIN  0 OR BELOW:   0    1.00 INCH OR MORE:   0

[HDD (BASE 65) ]
TOTAL THIS MO.     8    CLEAR  (SCALE 0-3)  21
DPTR FM NORMAL     8    PTCLDY (SCALE 4-7)   5
TOTAL FM JUL 1     9    CLOUDY (SCALE 8-10)  1
DPTR FM NORMAL     9

[CDD (BASE 65) ]
TOTAL THIS MO.   132
DPTR FM NORMAL   -37    [PRESSURE DATA]
TOTAL FM JAN 1   674    HIGHEST SLP M ON M
DPTR FM NORMAL    83    LOWEST  SLP 29.75 ON 22

[REMARKS]
