000
CXUS55 KBOI 291002
CF6MUO
PRELIMINARY LOCAL CLIMATOLOGICAL DATA (WS FORM: F-6)

                                          STATION:   MOUNTAIN HOME AFB
                                          MONTH:     MAY
                                          YEAR:      2017
                                          LATITUDE:   43  2 N
                                          LONGITUDE: 115 52 W

  TEMPERATURE IN F:       :PCPN:    SNOW:  WIND      :SUNSHINE: SKY     :PK WND
================================================================================
1   2   3   4   5  6A  6B    7    8   9   10  11  12  13   14  15   16   17  18
                                     12Z  AVG MX 2MIN
DY MAX MIN AVG DEP HDD CDD  WTR  SNW DPTH SPD SPD DIR MIN PSBL S-S WX    SPD DR
================================================================================

 1  62  38  50  -4  15   0    T    M    M 14.0 21 290   M    M   1        27 350
 2  66  43  55   1  10   0    T    M    M 13.3 24 330   M    M   3        32 340
 3  74  41  58   4   7   0 0.00    M    M  7.5 12 310   M    M   0        17 320
 4  85  44  65  10   0   0 0.00    M    M 11.5 20 100   M    M   0        28 100
 5   M   M   M   M   M   M 0.11    M    M 10.9 21 110   M    M   5 3      32 250
 6  62  44  53  -2  12   0 0.02    M    M 16.2 29 310   M    M   5        40 300
 7  63  40  52  -4  13   0 0.00    M    M 15.9 23 310   M    M   2        28 310
 8  67  37  52  -4  13   0 0.00    M    M  9.2 17 280   M    M   0         M  M
 9  75  38  57   1   8   0 0.00    M    M  9.7 23 320   M    M   0        29 310
10  81  38  60   3   5   0 0.00    M    M  4.5  9  70   M    M   0         M  M
11  86  50  68  11   0   3    T    M    M  9.6 15 110   M    M   3 3      35 130
12  67  42  55  -2  10   0    T    M    M 12.8 38 320   M    M   4        48 320
13  56  30  43 -14  22   0    T    M    M 10.1 20 300   M    M   1        33 250
14  62  29  46 -12  19   0 0.00    M    M  8.7 18 330   M    M   1         M  M
15  65  36  51  -7  14   0 0.00    M    M 10.9 17 340   M    M   0        27 300
16  56  36  46 -12  19   0 0.30    M    M  9.3 24 290   M    M   7 1      38 290
17  49  33  41 -18  24   0 0.02    M    M 15.4 27 310   M    M   6        36 310
18  65  35  50  -9  15   0 0.00    M    M  6.8 15 330   M    M   1        24 330
19  73  41  57  -2   8   0 0.00    M    M  6.4 14 330   M    M   0        20 320
20  77  43  60   0   5   0    T    M    M  8.7 39 310   M    M   3 3      50 310
21  76  44  60   0   5   0    T    M    M  4.7 10 340   M    M   0         M  M
22  83  46  65   5   0   0 0.00    M    M  6.5 17 330   M    M   0        20 310
23  87  47  67   6   0   2 0.00    M    M  6.7 18 130   M    M   0        20 120
24  76  50  63   2   2   0 0.00    M    M 19.4 32 330   M    M   0        40 320
25  68  42  55  -6  10   0 0.00    M    M 11.8 18 320   M    M   1        23 310
26  73  47  60  -1   5   0 0.02    M    M 10.4 18 300   M    M   4 3      39  60
27  78  41  60  -2   5   0 0.00    M    M  5.3 12  70   M    M   0         M  M
28  84  46  65   3   0   0 0.00    M    M  6.0 13 110   M    M   0         M  M
================================================================================
SM 1916 1101       246   5  0.47    M    282.2          M       47
================================================================================
AV 71.0 40.8                              10.1 FASTST   M    M   2    MAX(MPH)
                                 MISC ---->  # 39 310               # 50  310
================================================================================
NOTES:
# LAST OF SEVERAL OCCURRENCES

COLUMN 17 PEAK WIND IN M.P.H.

PRELIMINARY LOCAL CLIMATOLOGICAL DATA (WS FORM: F-6) , PAGE 2

                                          STATION:  MOUNTAIN HOME AFB
                                          MONTH:    MAY
                                          YEAR:     2017
                                          LATITUDE:   43  2 N
                                          LONGITUDE: 115 52 W

[TEMPERATURE DATA]      [PRECIPITATION DATA]       SYMBOLS USED IN COLUMN 16

AVERAGE MONTHLY: 55.9   TOTAL FOR MONTH:   0.47    1 = FOG OR MIST
DPTR FM NORMAL:  -2.0   DPTR FM NORMAL:   -0.70    2 = FOG REDUCING VISIBILITY
HIGHEST:    87 ON 23    GRTST 24HR  0.30 ON 16-16      TO 1/4 MILE OR LESS
LOWEST:     29 ON 14                               3 = THUNDER
                        SNOW, ICE PELLETS, HAIL    4 = ICE PELLETS
                        TOTAL MONTH:    M          5 = HAIL
                        GRTST 24HR    M  ON   M    6 = FREEZING RAIN OR DRIZZLE
                        GRTST DEPTH:  M  ON   M    7 = DUSTSTORM OR SANDSTORM:
                                                       VSBY 1/2 MILE OR LESS
                                                   8 = SMOKE OR HAZE
[NO. OF DAYS WITH]      [WEATHER - DAYS WITH]      9 = BLOWING SNOW
                                                   X = TORNADO
MAX 32 OR BELOW:   0    0.01 INCH OR MORE:   5
MAX 90 OR ABOVE:   0    0.10 INCH OR MORE:   2
MIN 32 OR BELOW:   2    0.50 INCH OR MORE:   0
MIN  0 OR BELOW:   0    1.00 INCH OR MORE:   0

[HDD (BASE 65) ]
TOTAL THIS MO.   246    CLEAR  (SCALE 0-3)  20
DPTR FM NORMAL     8    PTCLDY (SCALE 4-7)   8
TOTAL FM JUL 1  5680    CLOUDY (SCALE 8-10)  0
DPTR FM NORMAL   -68

[CDD (BASE 65) ]
TOTAL THIS MO.     5
DPTR FM NORMAL   -25    [PRESSURE DATA]
TOTAL FM JAN 1     5    HIGHEST SLP M ON M
DPTR FM NORMAL   -25    LOWEST  SLP M ON M

[REMARKS]
