000
CXUS51 KBTV 290700
CF6MVL
PRELIMINARY LOCAL CLIMATOLOGICAL DATA (WS FORM: F-6)

                                          STATION:   MORRISVILLE VT
                                          MONTH:     SEPTEMBER
                                          YEAR:      2016
                                          LATITUDE:   44 31 N
                                          LONGITUDE:  72 37 W

  TEMPERATURE IN F:       :PCPN:    SNOW:  WIND      :SUNSHINE: SKY     :PK WND
================================================================================
1   2   3   4   5  6A  6B    7    8   9   10  11  12  13   14  15   16   17  18
                                     12Z  AVG MX 2MIN
DY MAX MIN AVG DEP HDD CDD  WTR  SNW DPTH SPD SPD DIR MIN PSBL S-S WX    SPD DR
================================================================================

 1  74  51  63   0   2   0 0.02  0.0    0  4.6 15  10   M    M   4 12     20  10
 2  71  46  59  -3   6   0 0.00  0.0    0  3.5 14 340   M    M   5 12     18 350
 3  74  45  60  -2   5   0 0.00  0.0    0  1.2  9  20   M    M   4 12     14  20
 4  79  47  63   1   2   0 0.00  0.0    0  1.8  8 200   M    M   4 12     10 160
 5  83  50  67   5   0   2 0.00  0.0    0  1.5  8  20   M    M   4 128    11  20
 6  85  46  66   5   0   1 0.00  0.0    0  1.5  7 190   M    M   4 12     10 180
 7  84  59  72  11   0   7 0.00  0.0    0  4.1 14 140   M    M   0        17 160
 8   M   M   M   M   M   M 0.08    M    0  4.7  9 210   M    M   6 1       M  M
 9  82  58  70  10   0   5 0.00  0.0    0  3.0 14 350   M    M   5 1      19 320
10  81  58  70  10   0   5 0.00  0.0    0  5.2 21 190   M    M   6 128    30 170
11  72  46  59  -1   6   0 0.33    M    0  6.2 20 320   M    M   5 1      28 320
12  72  41  57  -2   8   0 0.00  0.0    0  2.6 13 210   M    M   2 12     15 210
13  79  46  63   4   2   0 0.00  0.0    0  3.7 17 200   M    M   3 12     25 210
14  67  46  57  -2   8   0 0.17    M    0  3.3 20 320   M    M   8 1      27 320
15  65  39  52  -6  13   0 0.00  0.0    0  2.7 14  20   M    M   3 12     16 360
16  72  40  56  -2   9   0 0.00  0.0    0  2.0  9 200   M    M   4 12     17 180
17  75  40  58   1   7   0 0.02  0.0    0  6.5 16 160   M    M   3 1      26 170
18  79  64  72  15   0   7    M  0.0    0  4.9 15 210   M    M   5 1      22 210
19  76  58  67  11   0   2    T  0.0    0  2.2  9 210   M    M   5 12     13 200
20  81  59  70  14   0   5 0.00  0.0    0  4.2 14 300   M    M   5 12     21 300
21  78  48  63   7   2   0 0.00  0.0    0  3.5 13 220   M    M   0        17 280
22  81  48  65  10   0   0    T    M    0  2.1  8 180   M    M   2        11 230
23  63  45  54  -1  11   0 0.27    M    0  4.6 13  10   M    M  10 12     17 340
24  60  35  48  -6  17   0 0.00  0.0    0  3.1 15 330   M    M   6 12     21 340
25  57  31  44 -10  21   0 0.00  0.0    0  4.2 16 360   M    M   1 1      21  10
26  65  33  49  -5  16   0 0.00  0.0    0  2.6 12 160   M    M   4 12     15 150
27  71  44  58   5   7   0    T    M    0  2.0 13 200   M    M   5 12     17 200
28  71  42  57   4   8   0 0.00  0.0    0  2.6 13  30   M    M   7 1      16 160
================================================================================
SM 1997 1265       150  34  0.89     0.0  94.1          M      120
================================================================================
AV 74.0 46.9                               3.4 FASTST   M    M   4    MAX(MPH)
                                 MISC ---->  # 21 190               # 30  170
================================================================================
NOTES:
# LAST OF SEVERAL OCCURRENCES

COLUMN 17 PEAK WIND IN M.P.H.

PRELIMINARY LOCAL CLIMATOLOGICAL DATA (WS FORM: F-6) , PAGE 2

                                          STATION:  MORRISVILLE VT
                                          MONTH:    SEPTEMBER
                                          YEAR:     2016
                                          LATITUDE:   44 31 N
                                          LONGITUDE:  72 37 W

[TEMPERATURE DATA]      [PRECIPITATION DATA]       SYMBOLS USED IN COLUMN 16

AVERAGE MONTHLY: 60.4   TOTAL FOR MONTH:   0.89    1 = FOG OR MIST
DPTR FM NORMAL:   2.3   DPTR FM NORMAL:   -2.26    2 = FOG REDUCING VISIBILITY
HIGHEST:    85 ON  6    GRTST 24HR  0.33 ON 11-11      TO 1/4 MILE OR LESS
LOWEST:     31 ON 25                               3 = THUNDER
                        SNOW, ICE PELLETS, HAIL    4 = ICE PELLETS
                        TOTAL MONTH:   0.0 INCH    5 = HAIL
                        GRTST 24HR     0.0         6 = FREEZING RAIN OR DRIZZLE
                        GRTST DEPTH:   0           7 = DUSTSTORM OR SANDSTORM:
                                                       VSBY 1/2 MILE OR LESS
                                                   8 = SMOKE OR HAZE
[NO. OF DAYS WITH]      [WEATHER - DAYS WITH]      9 = BLOWING SNOW
                                                   X = TORNADO
MAX 32 OR BELOW:   0    0.01 INCH OR MORE:   6
MAX 90 OR ABOVE:   0    0.10 INCH OR MORE:   3
MIN 32 OR BELOW:   1    0.50 INCH OR MORE:   0
MIN  0 OR BELOW:   0    1.00 INCH OR MORE:   0

[HDD (BASE 65) ]
TOTAL THIS MO.   150    CLEAR  (SCALE 0-3)   5
DPTR FM NORMAL   -62    PTCLDY (SCALE 4-7)  22
TOTAL FM JUL 1   209    CLOUDY (SCALE 8-10)  1
DPTR FM NORMAL   -98

[CDD (BASE 65) ]
TOTAL THIS MO.    34
DPTR FM NORMAL    21    [PRESSURE DATA]
TOTAL FM JAN 1   322    HIGHEST SLP M ON M
DPTR FM NORMAL    62    LOWEST  SLP 29.74 ON 11

[REMARKS]
