716
CXUS54 KFWD 190730
CF6MWL
PRELIMINARY LOCAL CLIMATOLOGICAL DATA (WS FORM: F-6)

                                          STATION:   MINERAL WELLS
                                          MONTH:     OCTOBER
                                          YEAR:      2017
                                          LATITUDE:   32 46 N
                                          LONGITUDE:  98  4 W

  TEMPERATURE IN F:       :PCPN:    SNOW:  WIND      :SUNSHINE: SKY     :PK WND
================================================================================
1   2   3   4   5  6A  6B    7    8   9   10  11  12  13   14  15   16   17  18
                                     12Z  AVG MX 2MIN
DY MAX MIN AVG DEP HDD CDD  WTR  SNW DPTH SPD SPD DIR MIN PSBL S-S WX    SPD DR
================================================================================

 1  87  60  74   4   0   9 0.00  0.0    0  7.1 16 140   M    M   1        20 140
 2  89  64  77   7   0  12 0.00  0.0    0 10.6 22 150   M    M   1        27 130
 3  90  72  81  11   0  16 0.01  0.0    0 10.2 22 110   M    M   8        25 120
 4  87  70  79  10   0  14    T  0.0    0  8.2 16 160   M    M   5 1      21 160
 5  89  66  78   9   0  13 0.00  0.0    0  7.1 14 150   M    M   1        22 220
 6  88  65  77   8   0  12 0.00  0.0    0  9.1 18 160   M    M   1        24 160
 7  87  57  72   4   0   7 0.00  0.0    0  8.0 20 340   M    M   2 8      26 330
 8  90  46  68   0   0   3 0.00  0.0    0  6.1 15 200   M    M   0 18     21 200
 9  95  60  78  10   0  13 0.01  0.0    0 12.1 22 340   M    M   2 3      27 340
10  69  48  59  -9   6   0    T  0.0    0 13.6 25 340   M    M   3 38     32 330
11  77  43  60  -7   5   0 0.00  0.0    0  4.4 12 130   M    M   0 18     14 150
12  89  53  71   4   0   6 0.00  0.0    0  8.5 18 160   M    M   0        26 140
13  92  64  78  11   0  13 0.00  0.0    0 10.6 21 200   M    M   0        24 190
14  93  65  79  13   0  14 0.00  0.0    0 11.8 21 170   M    M   0        27 190
15  77  50  64  -2   1   0 0.12  0.0    0 14.0 31 350   M    M   2 138    38 350
16  74  40  57  -9   8   0 0.00  0.0    0  3.8 13  60   M    M   0        17  60
17  79  39  59  -6   6   0 0.00  0.0    0  6.0 14 130   M    M   0 18     18 140
18  86  48  67   2   0   2 0.00  0.0    0 11.2 17 160   M    M   0        27 180
================================================================================
SM 1538 1010        26 134  0.14     0.0 162.4          M       26
================================================================================
AV 85.4 56.1                               9.0 FASTST   M    M   1    MAX(MPH)
                                 MISC ---->  # 31 350               # 38  350
================================================================================
NOTES:
# LAST OF SEVERAL OCCURRENCES

COLUMN 17 PEAK WIND IN M.P.H.

PRELIMINARY LOCAL CLIMATOLOGICAL DATA (WS FORM: F-6) , PAGE 2

                                          STATION:  MINERAL WELLS
                                          MONTH:    OCTOBER
                                          YEAR:     2017
                                          LATITUDE:   32 46 N
                                          LONGITUDE:  98  4 W

[TEMPERATURE DATA]      [PRECIPITATION DATA]       SYMBOLS USED IN COLUMN 16

AVERAGE MONTHLY: 70.8   TOTAL FOR MONTH:   0.14    1 = FOG OR MIST
DPTR FM NORMAL:   3.1   DPTR FM NORMAL:   -1.86    2 = FOG REDUCING VISIBILITY
HIGHEST:    95 ON  9    GRTST 24HR  0.12 ON 14-15      TO 1/4 MILE OR LESS
LOWEST:     39 ON 17                               3 = THUNDER
                        SNOW, ICE PELLETS, HAIL    4 = ICE PELLETS
                        TOTAL MONTH:   0.0 INCH    5 = HAIL
                        GRTST 24HR     0.0         6 = FREEZING RAIN OR DRIZZLE
                        GRTST DEPTH:   0           7 = DUSTSTORM OR SANDSTORM:
                                                       VSBY 1/2 MILE OR LESS
                                                   8 = SMOKE OR HAZE
[NO. OF DAYS WITH]      [WEATHER - DAYS WITH]      9 = BLOWING SNOW
                                                   X = TORNADO
MAX 32 OR BELOW:   0    0.01 INCH OR MORE:   3
MAX 90 OR ABOVE:   5    0.10 INCH OR MORE:   1
MIN 32 OR BELOW:   0    0.50 INCH OR MORE:   0
MIN  0 OR BELOW:   0    1.00 INCH OR MORE:   0

[HDD (BASE 65) ]
TOTAL THIS MO.    26    CLEAR  (SCALE 0-3)  16
DPTR FM NORMAL    -7    PTCLDY (SCALE 4-7)   2
TOTAL FM JUL 1    26    CLOUDY (SCALE 8-10)  0
DPTR FM NORMAL   -17

[CDD (BASE 65) ]
TOTAL THIS MO.   134
DPTR FM NORMAL    53    [PRESSURE DATA]
TOTAL FM JAN 1  2509    HIGHEST SLP M ON M
DPTR FM NORMAL   201    LOWEST  SLP 29.58 ON  8

[REMARKS]
