000
CXUS53 KBIS 210830
CF6N60
PRELIMINARY LOCAL CLIMATOLOGICAL DATA (WS FORM: F-6)

                                          STATION:   GARRISON (AMOS) ND
                                          MONTH:     AUGUST
                                          YEAR:      2017
                                          LATITUDE:   47 39 N
                                          LONGITUDE: 101 23 W

  TEMPERATURE IN F:       :PCPN:    SNOW:  WIND      :SUNSHINE: SKY     :PK WND
================================================================================
1   2   3   4   5  6A  6B    7    8   9   10  11  12  13   14  15   16   17  18
                                     12Z  AVG MX 2MIN
DY MAX MIN AVG DEP HDD CDD  WTR  SNW DPTH SPD SPD DIR MIN PSBL S-S WX    SPD DR
================================================================================

 1  82  54  68   M   0   3 0.00    M    M  7.3 14  30   M    M   0        20  20
 2  66  54  60   M   5   0 0.93    M    M  8.2 28 330   M    M   0        38 330
 3  75  50  63   M   2   0 0.00    M    M  7.5 21  20   M    M   0        27  30
 4  76  49  63   M   2   0 0.00    M    M  4.3 10  90   M    M   0        15 200
 5  69  57  63   M   2   0 0.40    M    M  3.7 14  30   M    M   0        18  60
 6  75  53  64   M   1   0 0.04    M    M  6.1 14  90   M    M   0        20  70
 7  79  48  64   M   1   0 0.00    M    M  4.5 15 210   M    M   0        20 220
 8  81  54  68   M   0   3 0.00    M    M  5.3 14 150   M    M   0        17 150
 9  70  54  62   M   3   0 0.18    M    M  7.9 21 320   M    M   0        25 330
10  76  51  64   M   1   0 0.00    M    M  5.6 12  30   M    M   0        15  30
11  78  50  64   M   1   0 0.00    M    M  6.2 13 120   M    M   0        16 160
12  72  57  65   M   0   0 0.44    M    M  9.1 21 120   M    M   0        26 110
13  75  53  64   M   1   0 0.00    M    M  7.5 16 130   M    M   0        24  90
14  76  48  62   M   3   0 0.00    M    M  8.0 17 110   M    M   0        22 100
15  64  56  60   M   5   0 0.45    M    M  6.4 13 110   M    M   0        16 100
16  79  55  67   M   0   2 0.00    M    M  4.9 15 320   M    M   0        26 330
17  81  55  68   M   0   3 0.00    M    M  7.4 39 330   M    M   M        50 330
18  81  51  66   M   0   1 0.00    M    M  6.4 25  30   M    M   0        37  30
19  88  53  71   M   0   6 0.00    M    M 10.1 26 300   M    M   0        38 310
20  74  47  61   M   4   0 0.00    M    M  6.7 13 160   M    M   0        16 170
================================================================================
SM 1517 1049        31  18  2.44    M    133.1          M        0
================================================================================
AV 75.9 52.5                               6.7 FASTST   M    M   0    MAX(MPH)
                                 MISC ---->  # 39 330               # 50  330
================================================================================
NOTES:
# LAST OF SEVERAL OCCURRENCES

COLUMN 17 PEAK WIND IN M.P.H.

PRELIMINARY LOCAL CLIMATOLOGICAL DATA (WS FORM: F-6) , PAGE 2

                                          STATION:  GARRISON (AMOS) ND
                                          MONTH:    AUGUST
                                          YEAR:     2017
                                          LATITUDE:   47 39 N
                                          LONGITUDE: 101 23 W

[TEMPERATURE DATA]      [PRECIPITATION DATA]       SYMBOLS USED IN COLUMN 16

AVERAGE MONTHLY: 64.2   TOTAL FOR MONTH:   2.44    1 = FOG OR MIST
DPTR FM NORMAL:     M   DPTR FM NORMAL:       M    2 = FOG REDUCING VISIBILITY
HIGHEST:    88 ON 19    GRTST 24HR  0.93 ON  2- 2      TO 1/4 MILE OR LESS
LOWEST:     47 ON 20                               3 = THUNDER
                        SNOW, ICE PELLETS, HAIL    4 = ICE PELLETS
                        TOTAL MONTH:    M          5 = HAIL
                        GRTST 24HR    M  ON   M    6 = FREEZING RAIN OR DRIZZLE
                        GRTST DEPTH:  M  ON   M    7 = DUSTSTORM OR SANDSTORM:
                                                       VSBY 1/2 MILE OR LESS
                                                   8 = SMOKE OR HAZE
[NO. OF DAYS WITH]      [WEATHER - DAYS WITH]      9 = BLOWING SNOW
                                                   X = TORNADO
MAX 32 OR BELOW:   0    0.01 INCH OR MORE:   6
MAX 90 OR ABOVE:   0    0.10 INCH OR MORE:   5
MIN 32 OR BELOW:   0    0.50 INCH OR MORE:   1
MIN  0 OR BELOW:   0    1.00 INCH OR MORE:   0

[HDD (BASE 65) ]
TOTAL THIS MO.    31    CLEAR  (SCALE 0-3)  19
DPTR FM NORMAL     M    PTCLDY (SCALE 4-7)   0
TOTAL FM JUL 1    35    CLOUDY (SCALE 8-10)  0
DPTR FM NORMAL     M

[CDD (BASE 65) ]
TOTAL THIS MO.    18
DPTR FM NORMAL     M    [PRESSURE DATA]
TOTAL FM JAN 1   319    HIGHEST SLP M ON M
DPTR FM NORMAL     M    LOWEST  SLP 29.71 ON 19

[REMARKS]
