000
CXUS53 KBIS 270723
CF6N60
PRELIMINARY LOCAL CLIMATOLOGICAL DATA (WS FORM: F-6)

                                          STATION:   GARRISON (AMOS) ND
                                          MONTH:     AUGUST
                                          YEAR:      2014
                                          LATITUDE:   47 39 N
                                          LONGITUDE: 101 23 W

  TEMPERATURE IN F:       :PCPN:    SNOW:  WIND      :SUNSHINE: SKY     :PK WND
================================================================================
1   2   3   4   5  6A  6B    7    8   9   10  11  12  13   14  15   16   17  18
                                     12Z  AVG MX 2MIN
DY MAX MIN AVG DEP HDD CDD  WTR  SNW DPTH SPD SPD DIR MIN PSBL S-S WX    SPD DR
================================================================================

 1  83  56  70   M   0   5 0.00    M    M  4.1 12  90   M    M   M        15  90
 2  84  56  70   M   0   5 0.00    M    M  4.5 12  30   M    M   M        16  30
 3  76  61  69   M   0   4 0.00    M    M  8.0 16 130   M    M   0        20 130
 4  75  58  67   M   0   2 0.01    M    M  6.8 15 140   M    M   0        20 180
 5  75  52  64   M   1   0 0.00    M    M  4.3 13 140   M    M   0        16 140
 6  74  61  68   M   0   3 0.02    M    M  8.0 16 160   M    M   0        22 150
 7  80  62  71   M   0   6 0.00    M    M  7.1 13 170   M    M   M        16 160
 8  83  58  71   M   0   6 0.00    M    M  6.5 15 180   M    M   0        20 170
 9  83  63  73   M   0   8 0.01    M    M  5.8 15 340   M    M   0        22 330
10  76  52  64   M   1   0 0.00    M    M  8.3 18 350   M    M   0        25 340
11  77  49  63   M   2   0 0.00    M    M  4.1  9 190   M    M   0        13 280
12  86  55  71   M   0   6 0.00    M    M  4.9 10 140   M    M   0        14 120
13  88  65  77   M   0  12 0.00    M    M 10.4 21 150   M    M   M        27 160
14  87  68  78   M   0  13 0.00    M    M  9.3 16 130   M    M   0        22 130
15  79  65  72   M   0   7 0.00    M    M  3.7  9 220   M    M   0        12 220
16  72  65  69   M   0   4 4.23    M    M  5.8 13  40   M    M   0        18 230
17  84  63  74   M   0   9 0.02    M    M  7.0 22 230   M    M   0        28 240
18  81  62  72   M   0   7 0.24    M    M  9.0 20 330   M    M   0        26 350
19  84  56  70   M   0   5 0.00    M    M  4.1 10 110   M    M   0        15 130
20  78  63  71   M   0   6 0.62    M    M  6.1 13 160   M    M   0        18 150
21  79  62  71   M   0   6 0.00    M    M  8.9 17 330   M    M   0        23 320
22  68  61  65   M   0   0 0.07    M    M  8.3 14  70   M    M   0        20  50
23  66  57  62   M   3   0 2.17    M    M 12.4 20  50   M    M   0        29  40
24  67  54  61   M   4   0 0.11    M    M 12.0 22 260   M    M   0        29 250
25  61  49  55   M  10   0 0.00    M    M 14.3 25 270   M    M   0        35 280
26  67  44  56   M   9   0 0.00    M    M  4.2 10 170   M    M   0        13 150
================================================================================
SM 2013 1517        30 114  7.50    M    187.9          M        0
================================================================================
AV 77.4 58.3                               7.2 FASTST   M    M   0    MAX(MPH)
                                 MISC ---->  # 25 270               # 35  280
================================================================================
NOTES:
# LAST OF SEVERAL OCCURRENCES

COLUMN 17 PEAK WIND IN M.P.H.

PRELIMINARY LOCAL CLIMATOLOGICAL DATA (WS FORM: F-6) , PAGE 2

                                          STATION:  GARRISON (AMOS) ND
                                          MONTH:    AUGUST
                                          YEAR:     2014
                                          LATITUDE:   47 39 N
                                          LONGITUDE: 101 23 W

[TEMPERATURE DATA]      [PRECIPITATION DATA]       SYMBOLS USED IN COLUMN 16

AVERAGE MONTHLY: 67.9   TOTAL FOR MONTH:   7.50    1 = FOG OR MIST
DPTR FM NORMAL:     M   DPTR FM NORMAL:       M    2 = FOG REDUCING VISIBILITY
HIGHEST:    88 ON 13    GRTST 24HR  4.23 ON 16-16      TO 1/4 MILE OR LESS
LOWEST:     44 ON 26                               3 = THUNDER
                        SNOW, ICE PELLETS, HAIL    4 = ICE PELLETS
                        TOTAL MONTH:    M          5 = HAIL
                        GRTST 24HR    M  ON   M    6 = FREEZING RAIN OR DRIZZLE
                        GRTST DEPTH:  M  ON   M    7 = DUSTSTORM OR SANDSTORM:
                                                       VSBY 1/2 MILE OR LESS
                                                   8 = SMOKE OR HAZE
[NO. OF DAYS WITH]      [WEATHER - DAYS WITH]      9 = BLOWING SNOW
                                                   X = TORNADO
MAX 32 OR BELOW:   0    0.01 INCH OR MORE:  10
MAX 90 OR ABOVE:   0    0.10 INCH OR MORE:   5
MIN 32 OR BELOW:   0    0.50 INCH OR MORE:   3
MIN  0 OR BELOW:   0    1.00 INCH OR MORE:   2

[HDD (BASE 65) ]
TOTAL THIS MO.    30    CLEAR  (SCALE 0-3)  22
DPTR FM NORMAL     M    PTCLDY (SCALE 4-7)   0
TOTAL FM JUL 1    75    CLOUDY (SCALE 8-10)  0
DPTR FM NORMAL     M

[CDD (BASE 65) ]
TOTAL THIS MO.   114
DPTR FM NORMAL     M    [PRESSURE DATA]
TOTAL FM JAN 1   271    HIGHEST SLP M ON M
DPTR FM NORMAL     M    LOWEST  SLP 29.63 ON 24

[REMARKS]
