000
CXUS51 KOKX 010703
CF6NYC
PRELIMINARY LOCAL CLIMATOLOGICAL DATA (WS FORM: F-6)

                                          STATION:   CENTRAL PARK NY
                                          MONTH:     AUGUST
                                          YEAR:      2015
                                          LATITUDE:   40 46 N
                                          LONGITUDE:  73 58 W

  TEMPERATURE IN F:       :PCPN:    SNOW:  WIND      :SUNSHINE: SKY     :PK WND
================================================================================
1   2   3   4   5  6A  6B    7    8   9   10  11  12  13   14  15   16   17  18
                                     12Z  AVG MX 2MIN
DY MAX MIN AVG DEP HDD CDD  WTR  SNW DPTH SPD SPD DIR MIN PSBL S-S WX    SPD DR
================================================================================

 1  89  75  82   6   0  17 0.00  0.0    0  4.4 14 290   M    M   2        22 270
 2  89  71  80   4   0  15 0.00  0.0    0  2.0 12 260   M    M   1        17 250
 3  90  75  83   7   0  18 0.00  0.0    0  5.0 12 250   M    M   1        21 250
 4  89  69  79   3   0  14 0.43  0.0    0  5.3 23 290   M    M   0 1      36 290
 5  87  72  80   4   0  15 0.00  0.0    0  2.8 12 300   M    M   2        21 270
 6  83  67  75  -1   0  10 0.00  0.0    0  2.4  9 290   M    M   0        14 280
 7  84  69  77   1   0  12 0.00  0.0    0  5.3 13 130   M    M   0        18  50
 8  82  68  75  -1   0  10 0.00  0.0    0  3.9 12  60   M    M   1        15  70
 9  85  68  77   1   0  12 0.00  0.0    0  3.9 10  80   M    M   2        17 160
10  84  70  77   1   0  12 0.00  0.0    0  4.4 13 160   M    M   6        20 160
11  81  71  76   0   0  11 1.17  0.0    0  4.2 12 250   M    M   8 1      21 160
12  85  71  78   2   0  13 0.00  0.0    0  4.6 12 280   M    M   2        19 300
13  83  67  75  -1   0  10 0.00  0.0    0  3.2 10 330   M    M   2        15 290
14  88  67  78   2   0  13 0.00  0.0    0  3.0  9 250   M    M   0        18 180
15  92  73  83   7   0  18 0.00  0.0    0  3.4  8 250   M    M   0        16 180
16  93  76  85  10   0  20 0.00  0.0    0  1.6  9 140   M    M   2        17 120
17  95  78  87  12   0  22 0.00  0.0    0  3.3 10 260   M    M   2        15 240
18  90  73  82   7   0  17 0.29  0.0    0  4.0 14 250   M    M   1 18     25 240
19  87  77  82   7   0  17 0.00  0.0    0  4.0 12 140   M    M   5        22 180
20  86  77  82   7   0  17 0.01  0.0    0  5.6 16 170   M    M   6        25 170
21  87  71  79   4   0  14 0.32  0.0    0  4.2 12 340   M    M   4 1      16 240
22  86  69  78   3   0  13 0.00  0.0    0  4.4 10  60   M    M   0 8      16  50
23  85  70  78   4   0  13 0.00  0.0    0  4.0 10 120   M    M   5        14 120
24  87  73  80   6   0  15 0.00  0.0    0  2.5  9 200   M    M   3        18 200
25  90  73  82   8   0  17 0.00  0.0    0  3.9 10 290   M    M   3        18 250
26  85  67  76   2   0  11 0.00  0.0    0  3.9 12 250   M    M   1        19 240
27  82  67  75   1   0  10 0.00  0.0    0  3.1 10 290   M    M   2        17 300
28  82  63  73  -1   0   8 0.00  0.0    0  2.4  8 290   M    M   0        14  30
29  87  67  77   4   0  12 0.00  0.0    0  1.9 12 230   M    M   1        20 240
30  90  72  81   8   0  16 0.13  0.0    0  4.0 12 240   M    M   1 18     19 240
31  91  76  84  11   0  19 0.00  0.0    0  4.4 13 250   M    M   1        21 250
================================================================================
SM 2694 2202         0 441  2.35     0.0 115.0          M       64
================================================================================
AV 86.9 71.0                               3.7 FASTST   M    M   2    MAX(MPH)
                                 MISC ---->  # 23 290               # 36  290
================================================================================
NOTES:
# LAST OF SEVERAL OCCURRENCES

COLUMN 17 PEAK WIND IN M.P.H.

PRELIMINARY LOCAL CLIMATOLOGICAL DATA (WS FORM: F-6) , PAGE 2

                                          STATION:  CENTRAL PARK NY
                                          MONTH:    AUGUST
                                          YEAR:     2015
                                          LATITUDE:   40 46 N
                                          LONGITUDE:  73 58 W

[TEMPERATURE DATA]      [PRECIPITATION DATA]       SYMBOLS USED IN COLUMN 16

AVERAGE MONTHLY: 79.0   TOTAL FOR MONTH:   2.35    1 = FOG OR MIST
DPTR FM NORMAL:   3.8   DPTR FM NORMAL:   -2.09    2 = FOG REDUCING VISIBILITY
HIGHEST:    95 ON 17    GRTST 24HR  1.17 ON 11-11      TO 1/4 MILE OR LESS
LOWEST:     63 ON 28                               3 = THUNDER
                        SNOW, ICE PELLETS, HAIL    4 = ICE PELLETS
                        TOTAL MONTH:   0.0 INCH    5 = HAIL
                        GRTST 24HR     0.0         6 = FREEZING RAIN OR DRIZZLE
                        GRTST DEPTH:   0           7 = DUSTSTORM OR SANDSTORM:
                                                       VSBY 1/2 MILE OR LESS
                                                   8 = SMOKE OR HAZE
[NO. OF DAYS WITH]      [WEATHER - DAYS WITH]      9 = BLOWING SNOW
                                                   X = TORNADO
MAX 32 OR BELOW:   0    0.01 INCH OR MORE:   6
MAX 90 OR ABOVE:   8    0.10 INCH OR MORE:   5
MIN 32 OR BELOW:   0    0.50 INCH OR MORE:   1
MIN  0 OR BELOW:   0    1.00 INCH OR MORE:   1

[HDD (BASE 65) ]
TOTAL THIS MO.     0    CLEAR  (SCALE 0-3)  23
DPTR FM NORMAL    -2    PTCLDY (SCALE 4-7)   8
TOTAL FM JUL 1     0    CLOUDY (SCALE 8-10)  0
DPTR FM NORMAL    -2

[CDD (BASE 65) ]
TOTAL THIS MO.   441
DPTR FM NORMAL   123    [PRESSURE DATA]
TOTAL FM JAN 1  1265    HIGHEST SLP M ON M
DPTR FM NORMAL   311    LOWEST  SLP 29.71 ON 11

[REMARKS]
#FINAL-08-15#
